{"id":766889,"date":"2025-08-28T12:29:13","date_gmt":"2025-08-28T09:29:13","guid":{"rendered":"https:\/\/roveyayinevi.com.tr\/index.php\/urun\/istiklal-mahkemeleri-1920-1927\/"},"modified":"2026-04-15T03:32:41","modified_gmt":"2026-04-15T00:32:41","slug":"istiklal-mahkemeleri-1920-1927","status":"publish","type":"product","link":"https:\/\/roveyayinevi.com.tr\/index.php\/urun\/istiklal-mahkemeleri-1920-1927\/","title":{"rendered":"\u0130stiklal Mahkemeleri 1920-1927"},"content":{"rendered":"<p>\u0130stiklal Mahkemelerinin kurulu\u015f kanununda da belirtildi\u011fi \u00fczere ilk amac\u0131, i\u015fgal d\u00f6neminde T\u00fcrk ordusunun d\u00fczenli bir duruma getirilmesi ve ya\u015famas\u0131 i\u00e7in asker ka\u00e7aklar\u0131, d\u00fc\u015fmanla i\u015fbirli\u011fi yapan casus ve bozguncular ile vatana ihanet su\u00e7lar\u0131n\u0131 yarg\u0131lamak ve i\u00e7 g\u00fcvenli\u011fi sa\u011flamakt\u0131. Kurtulu\u015f Sava\u015f\u0131\u2019n\u0131n kazan\u0131lmas\u0131 sonras\u0131nda ise halk\u0131n egemenli\u011finin sa\u011flanmas\u0131 ve yap\u0131lan devrimler ile \u00e7a\u011fda\u015f bir uygarl\u0131k d\u00fczeyine ula\u015fmak hedeflenmi\u015fti. \u0130stiklal Mahkemeleri ola\u011fan\u00fcst\u00fc d\u00f6nemin mahkemeleriydi, i\u015fgal alt\u0131nda ve tehlikede olan bir \u00fclkede, olu\u015fmu\u015f yasama organ\u0131n\u0131n i\u00e7inden se\u00e7ilen \u00fcyelerden kurulu, ola\u011fan\u00fcst\u00fc yetkilere sahip mahkemelerdi Frans\u0131z Devrimi\u2019nden \u00f6rnek al\u0131nan \u0130stiklal Mahkemeleriyle, \u00f6nce vatan\u0131n kurtulu\u015fu ve milletin \u00f6zg\u00fcrl\u00fc\u011f\u00fcn\u00fc sa\u011flamak, daha sonra da bir ki\u015finin egemenli\u011fini kald\u0131r\u0131p milletin egemenli\u011fini ba\u015farmak ama\u00e7lanm\u0131\u015ft\u0131. B\u00f6ylelikle hem d\u00fczenli orduyu olu\u015fturmak ve bu sayede d\u00fc\u015fman i\u015fgalinden kurtulmak ama\u00e7lanarak Kurtulu\u015f Sava\u015f\u0131 kazan\u0131lm\u0131\u015f hem de feodal bir toplumdan uygar bir topluma ula\u015fmay\u0131 ana erek olarak saptayan T\u00fcrk Devrimi ger\u00e7ekle\u015ftirilmi\u015fti. Prof. Dr. Erg\u00fcn Aybars\u2019\u0131n kaleme ald\u0131\u011f\u0131 ve alanlar\u0131nda en geni\u015f \u00e7apl\u0131 \u00f6zg\u00fcn ara\u015ft\u0131rma olma niteli\u011fini koruyan \u0130stiklal Mahkemeleri 1920-1927, Kurtulu\u015f Sava\u015f\u0131 s\u0131ras\u0131nda ve Cumhuriyet\u2019in ilk y\u0131llar\u0131nda etkinlik g\u00f6steren \u0130stiklal Mahkemeleri konusunda temel bir eser\u2026Cumhuriyet Kitaplar\u0131 olarak bu \u00f6nemli eserin g\u00f6zden ge\u00e7irilmi\u015f yeni bask\u0131s\u0131n\u0131 T\u00fcrk okuruna ula\u015ft\u0131rman\u0131n k\u0131vanc\u0131n\u0131 ya\u015f\u0131yoruz. <\/p>\n","protected":false},"excerpt":{"rendered":"<p>\u0130stiklal Mahkemelerinin kurulu\u015f kanununda da belirtildi\u011fi \u00fczere ilk amac\u0131, i\u015fgal d\u00f6neminde T\u00fcrk ordusunun d\u00fczenli bir duruma getirilmesi ve ya\u015famas\u0131 i\u00e7in asker ka\u00e7aklar\u0131, d\u00fc\u015fmanla i\u015fbirli\u011fi yapan casus<span class=\"excerpt-hellip\"> [\u2026]<\/span><\/p>\n","protected":false},"featured_media":0,"template":"","meta":{"_monsterinsights_skip_tracking":false,"_monsterinsights_sitenote_active":false,"_monsterinsights_sitenote_note":"","_monsterinsights_sitenote_category":0},"product_brand":[],"product_cat":[12304,13650],"product_tag":[],"class_list":{"0":"post-766889","1":"product","2":"type-product","3":"status-publish","5":"product_cat-tarih","6":"product_cat-turk-tarihi-arastirmalari","7":"pa_cilt-ciltsiz","8":"pa_tur-kitap","9":"pa_yayinevi-cumhuriyet-kitaplari","10":"pa_yazar-ergun-aybars","12":"first","13":"instock","14":"sale","15":"shipping-taxable","16":"purchasable","17":"product-type-simple"},"_links":{"self":[{"href":"https:\/\/roveyayinevi.com.tr\/index.php\/wp-json\/wp\/v2\/product\/766889","targetHints":{"allow":["GET"]}}],"collection":[{"href":"https:\/\/roveyayinevi.com.tr\/index.php\/wp-json\/wp\/v2\/product"}],"about":[{"href":"https:\/\/roveyayinevi.com.tr\/index.php\/wp-json\/wp\/v2\/types\/product"}],"wp:attachment":[{"href":"https:\/\/roveyayinevi.com.tr\/index.php\/wp-json\/wp\/v2\/media?parent=766889"}],"wp:term":[{"taxonomy":"product_brand","embeddable":true,"href":"https:\/\/roveyayinevi.com.tr\/index.php\/wp-json\/wp\/v2\/product_brand?post=766889"},{"taxonomy":"product_cat","embeddable":true,"href":"https:\/\/roveyayinevi.com.tr\/index.php\/wp-json\/wp\/v2\/product_cat?post=766889"},{"taxonomy":"product_tag","embeddable":true,"href":"https:\/\/roveyayinevi.com.tr\/index.php\/wp-json\/wp\/v2\/product_tag?post=766889"}],"curies":[{"name":"wp","href":"https:\/\/api.w.org\/{rel}","templated":true}]}}