{"id":766870,"date":"2025-08-28T12:28:37","date_gmt":"2025-08-28T09:28:37","guid":{"rendered":"https:\/\/roveyayinevi.com.tr\/index.php\/urun\/gorunmez-zaman\/"},"modified":"2026-04-15T03:32:40","modified_gmt":"2026-04-15T00:32:40","slug":"gorunmez-zaman","status":"publish","type":"product","link":"https:\/\/roveyayinevi.com.tr\/index.php\/urun\/gorunmez-zaman\/","title":{"rendered":"G\u00f6r\u00fcnmez Zaman"},"content":{"rendered":"<p>\u201cNew York Times \u00e7ok satan roman\u0131 G\u00f6r\u00fcnmez Zaman, kitaplar\u0131n ebed\u00ee sihrine bir \u00f6vg\u00fc. Sevgiye ve b\u00fcy\u00fcmeye dair harika bir hik\u00e2ye.\u201d -Stephen King   \u201cB\u00fcy\u00fcl\u00fc ger\u00e7ek\u00e7ili\u011fin krali\u00e7esi Alice Hoffman, okuman\u0131n g\u00fcc\u00fcn\u00fc y\u00fccelterek okurlar\u0131, imk\u00e2ns\u0131za inanmaya te\u015fvik eden ruhani bir yolculu\u011fa \u00e7\u0131kar\u0131yor.\u201d -Kristin Hannah     Hamileli\u011fi sebebiyle ailesi taraf\u0131ndan d\u0131\u015flanan Ivy, kendini son derece yaln\u0131z hisseder ve evden ka\u00e7arak Topluluk olarak bilinen bir olu\u015fumun karizmatik lideri Joel Davis\u2019in yan\u0131na s\u0131\u011f\u0131n\u0131r. Joel onlara kat\u0131lanlara, ayr\u0131m yap\u0131lmaks\u0131z\u0131n herkesin kabul g\u00f6rd\u00fc\u011f\u00fc, sade, huzurlu bir hayat vadetmektedir. Oysa hi\u00e7bir \u015fey g\u00f6r\u00fcnd\u00fc\u011f\u00fc gibi de\u011fildir. Kitaplar\u0131n, ailenin, ki\u015fisel m\u00fclkiyetin yasak oldu\u011fu Topluluk\u2019ta bir\u00e7ok kural ve bu kurallar\u0131 \u00e7i\u011fnemenin ciddi bedelleri vard\u0131r.   Ivy\u2019nin k\u0131z\u0131 Mia ise sadece i\u00e7inde do\u011fdu\u011fu Topluluk\u2019un d\u0131\u015fa kapal\u0131 hayat\u0131n\u0131 bilir. Ama bir g\u00fcn merak duygusuna yenik d\u00fc\u015ferek gizlice bir su\u00e7 i\u015fler: Kitap okur. Mia\u2019n\u0131n okur okumaz \u00e2\u015f\u0131k oldu\u011fu bu roman, Nathaniel Hawthorne taraf\u0131ndan yakla\u015f\u0131k iki y\u00fcz y\u0131l \u00f6nce kaleme al\u0131nm\u0131\u015f olan K\u0131z\u0131l Damga\u2019d\u0131r ve onun hayat\u0131n\u0131 t\u00fcmden de\u011fi\u015ftirecektir. Nathaniel Hawthorne, K\u0131z\u0131l Damga\u2019da \u015funu yazm\u0131\u015ft\u0131r: \u201cTek bir r\u00fcya, bin ger\u00e7ekten daha g\u00fc\u00e7l\u00fcd\u00fcr.\u201d \u0130\u015fte elinizde tuttu\u011funuz bu kitap, G\u00f6r\u00fcnmez Zaman, bir kad\u0131n\u0131n bir s\u00fcreli\u011fine ger\u00e7e\u011fe d\u00f6n\u00fc\u015fen r\u00fcyas\u0131n\u0131n hik\u00e2yesidir. <\/p>\n","protected":false},"excerpt":{"rendered":"<p>\u201cNew York Times \u00e7ok satan roman\u0131 G\u00f6r\u00fcnmez Zaman, kitaplar\u0131n ebed\u00ee sihrine bir \u00f6vg\u00fc. Sevgiye ve b\u00fcy\u00fcmeye dair harika bir hik\u00e2ye.\u201d -Stephen King \u201cB\u00fcy\u00fcl\u00fc ger\u00e7ek\u00e7ili\u011fin krali\u00e7esi Alice<span class=\"excerpt-hellip\"> [\u2026]<\/span><\/p>\n","protected":false},"featured_media":0,"template":"","meta":{"_monsterinsights_skip_tracking":false,"_monsterinsights_sitenote_active":false,"_monsterinsights_sitenote_note":"","_monsterinsights_sitenote_category":0},"product_brand":[],"product_cat":[12291,12711],"product_tag":[],"class_list":{"0":"post-766870","1":"product","2":"type-product","3":"status-publish","5":"product_cat-edebiyat","6":"product_cat-roman-oyku","7":"pa_cilt-ciltsiz","8":"pa_tur-kitap","9":"pa_yayinevi-yan-pasaj-yayinevi","10":"pa_yazar-alice-hoffman","12":"first","13":"instock","14":"sale","15":"shipping-taxable","16":"purchasable","17":"product-type-simple"},"_links":{"self":[{"href":"https:\/\/roveyayinevi.com.tr\/index.php\/wp-json\/wp\/v2\/product\/766870","targetHints":{"allow":["GET"]}}],"collection":[{"href":"https:\/\/roveyayinevi.com.tr\/index.php\/wp-json\/wp\/v2\/product"}],"about":[{"href":"https:\/\/roveyayinevi.com.tr\/index.php\/wp-json\/wp\/v2\/types\/product"}],"wp:attachment":[{"href":"https:\/\/roveyayinevi.com.tr\/index.php\/wp-json\/wp\/v2\/media?parent=766870"}],"wp:term":[{"taxonomy":"product_brand","embeddable":true,"href":"https:\/\/roveyayinevi.com.tr\/index.php\/wp-json\/wp\/v2\/product_brand?post=766870"},{"taxonomy":"product_cat","embeddable":true,"href":"https:\/\/roveyayinevi.com.tr\/index.php\/wp-json\/wp\/v2\/product_cat?post=766870"},{"taxonomy":"product_tag","embeddable":true,"href":"https:\/\/roveyayinevi.com.tr\/index.php\/wp-json\/wp\/v2\/product_tag?post=766870"}],"curies":[{"name":"wp","href":"https:\/\/api.w.org\/{rel}","templated":true}]}}