{"id":766858,"date":"2025-08-28T12:28:15","date_gmt":"2025-08-28T09:28:15","guid":{"rendered":"https:\/\/roveyayinevi.com.tr\/index.php\/urun\/komorebi\/"},"modified":"2026-04-15T03:32:40","modified_gmt":"2026-04-15T00:32:40","slug":"komorebi","status":"publish","type":"product","link":"https:\/\/roveyayinevi.com.tr\/index.php\/urun\/komorebi\/","title":{"rendered":"Komorebi"},"content":{"rendered":"<p>D\u00fc\u015flerin ger\u00e7ek olma ihtimali \u00fczerine g\u00f6r\u00fclm\u00fc\u015f s\u0131\u011f bir r\u00fcyan\u0131n sonucu ortaya \u00e7\u0131kan bu dizeler silsilesi asl\u0131nda yeni bir \u015fiir ya da farkl\u0131 bir sesten olu\u015fmuyor. Aksine zaten sizde var olan \u015feylere temas edip etki b\u0131rakmaya geldiler. <\/p>\n","protected":false},"excerpt":{"rendered":"<p>D\u00fc\u015flerin ger\u00e7ek olma ihtimali \u00fczerine g\u00f6r\u00fclm\u00fc\u015f s\u0131\u011f bir r\u00fcyan\u0131n sonucu ortaya \u00e7\u0131kan bu dizeler silsilesi asl\u0131nda yeni bir \u015fiir ya da farkl\u0131 bir sesten olu\u015fmuyor. Aksine<span class=\"excerpt-hellip\"> [\u2026]<\/span><\/p>\n","protected":false},"featured_media":0,"template":"","meta":{"_monsterinsights_skip_tracking":false,"_monsterinsights_sitenote_active":false,"_monsterinsights_sitenote_note":"","_monsterinsights_sitenote_category":0},"product_brand":[],"product_cat":[12291,12509],"product_tag":[],"class_list":{"0":"post-766858","1":"product","2":"type-product","3":"status-publish","5":"product_cat-edebiyat","6":"product_cat-siir","7":"pa_cilt-ciltsiz","8":"pa_tur-kitap","9":"pa_yayinevi-kmd-yayinlari","10":"pa_yazar-mesut-kaya","12":"first","13":"instock","14":"sale","15":"shipping-taxable","16":"purchasable","17":"product-type-simple"},"_links":{"self":[{"href":"https:\/\/roveyayinevi.com.tr\/index.php\/wp-json\/wp\/v2\/product\/766858","targetHints":{"allow":["GET"]}}],"collection":[{"href":"https:\/\/roveyayinevi.com.tr\/index.php\/wp-json\/wp\/v2\/product"}],"about":[{"href":"https:\/\/roveyayinevi.com.tr\/index.php\/wp-json\/wp\/v2\/types\/product"}],"wp:attachment":[{"href":"https:\/\/roveyayinevi.com.tr\/index.php\/wp-json\/wp\/v2\/media?parent=766858"}],"wp:term":[{"taxonomy":"product_brand","embeddable":true,"href":"https:\/\/roveyayinevi.com.tr\/index.php\/wp-json\/wp\/v2\/product_brand?post=766858"},{"taxonomy":"product_cat","embeddable":true,"href":"https:\/\/roveyayinevi.com.tr\/index.php\/wp-json\/wp\/v2\/product_cat?post=766858"},{"taxonomy":"product_tag","embeddable":true,"href":"https:\/\/roveyayinevi.com.tr\/index.php\/wp-json\/wp\/v2\/product_tag?post=766858"}],"curies":[{"name":"wp","href":"https:\/\/api.w.org\/{rel}","templated":true}]}}