{"id":766849,"date":"2025-08-28T12:27:56","date_gmt":"2025-08-28T09:27:56","guid":{"rendered":"https:\/\/roveyayinevi.com.tr\/index.php\/urun\/kod-adi-uzman\/"},"modified":"2026-04-15T03:32:40","modified_gmt":"2026-04-15T00:32:40","slug":"kod-adi-uzman","status":"publish","type":"product","link":"https:\/\/roveyayinevi.com.tr\/index.php\/urun\/kod-adi-uzman\/","title":{"rendered":"Kod Ad\u0131 Uzman"},"content":{"rendered":"<p>Ekranda, Ortado\u011fu \u00fclkelerinin siber g\u00fcvenlik sistemleriyle ilgili detayl\u0131 veriler belirdi. \u0130simler, IP adresleri, yaz\u0131l\u0131m protokolleri. Listeler ve grafikler aras\u0131nda h\u0131zla gezinen Ayaz, \u00fclkelerin siber zafiyetlerini g\u00f6steren kodlarla kar\u015f\u0131la\u015ft\u0131. Ortado\u011fu \u00fclkelerinin neredeyse tamam\u0131n\u0131n savunma sistemlerinin d\u0131\u015f m\u00fcdahalelere tamamen a\u00e7\u0131k oldu\u011funu fark etti. Tehdit d\u00fc\u015f\u00fcnd\u00fc\u011f\u00fcnden daha ba\u015fkayd\u0131. Sonraki sayfalarda yer alan bilgiler \u00e7ok daha tehlikeliydi, \u00fclkenin hava savunma sistemlerinin etki alanlar\u0131, radarlar\u0131n\u0131n eri\u015fim b\u00f6lgeleri ve askeri hedeflere y\u00f6nelik haritalar. Ayaz, di\u015flerini s\u0131karak okumaya ba\u015flad\u0131. Kendi kendine bir karar verdi, ald\u0131\u011f\u0131 emirleri yerine getirecek, hatta daha fazlas\u0131n\u0131 yapacakt\u0131. Hedefi, yaln\u0131zca siber yaz\u0131l\u0131mlar\u0131 devre d\u0131\u015f\u0131 b\u0131rakmak de\u011fil, d\u00fc\u015fman\u0131 kendi silah\u0131yla vurmak olmal\u0131yd\u0131. Ayaz, sisteme s\u00fcratle yeni komutlar girmeye ba\u015flad\u0131. \u0130lk olarak, Ortado\u011fu \u00fclkelerini tehdit eden t\u00fcm zararl\u0131 yaz\u0131l\u0131mlar\u0131 sildi. Bununla yetinmeyerek, yaz\u0131l\u0131m kodlar\u0131n\u0131 de\u011fi\u015ftirdi ve sald\u0131r\u0131lar\u0131n geri d\u00f6n\u00fc\u015f\u00fc olmayan \u015fekilde engellendi\u011finden emin oldu. Sonra, hava savunma sisteminin kontrol paneline ge\u00e7ti. Birka\u00e7 t\u0131klama ile radarlar\u0131n y\u00f6nlerini de\u011fi\u015ftirdi, etki alanlar\u0131n\u0131 yeniden yap\u0131land\u0131rd\u0131. D\u00fc\u015fman g\u00fc\u00e7lere ait oldu\u011fu anla\u015f\u0131lan baz\u0131 noktalar, bir anda hedef tahtas\u0131na d\u00f6n\u00fc\u015fm\u00fc\u015ft\u00fc. \u00dclke kendi silahlar\u0131 ile vurulmaya haz\u0131rd\u0131 ve kendisini savunacak t\u00fcm hava savunma sistemleri devre d\u0131\u015f\u0131 kalm\u0131\u015ft\u0131. Bir dizi h\u0131zl\u0131 komut daha yazarak, sistemleri aktif hale getirdi. Alarm protokollerini sessiz modda \u00e7al\u0131\u015ft\u0131rarak harekete ge\u00e7irdi. Art\u0131k \u00fclkenin \u00f6nemli askeri noktalar\u0131 kendi hava savunma sistemlerinin hedefiydi ve dakikalar i\u00e7inde \u00fclke ate\u015f \u00e7emberi haline gelecekti. Ayaz\u2019\u0131n g\u00f6zleri, tarifi zor bir mutlulukla parl\u0131yordu. G\u00f6revini yerine getirmi\u015f olman\u0131n verdi\u011fi huzuru iliklerine kadar hissetti. G\u00f6zlerini ekrandan ay\u0131rmadan s\u00f6ylendi: -\u015eimdi d\u00fcnya d\u00fc\u015f\u00fcns\u00fcn! <\/p>\n","protected":false},"excerpt":{"rendered":"<p>Ekranda, Ortado\u011fu \u00fclkelerinin siber g\u00fcvenlik sistemleriyle ilgili detayl\u0131 veriler belirdi. \u0130simler, IP adresleri, yaz\u0131l\u0131m protokolleri. Listeler ve grafikler aras\u0131nda h\u0131zla gezinen Ayaz, \u00fclkelerin siber zafiyetlerini g\u00f6steren<span class=\"excerpt-hellip\"> [\u2026]<\/span><\/p>\n","protected":false},"featured_media":0,"template":"","meta":{"_monsterinsights_skip_tracking":false,"_monsterinsights_sitenote_active":false,"_monsterinsights_sitenote_note":"","_monsterinsights_sitenote_category":0},"product_brand":[],"product_cat":[12291,12711],"product_tag":[],"class_list":{"0":"post-766849","1":"product","2":"type-product","3":"status-publish","5":"product_cat-edebiyat","6":"product_cat-roman-oyku","7":"pa_cilt-ciltsiz","8":"pa_tur-kitap","9":"pa_yayinevi-soncag","10":"pa_yazar-hasan-murat","12":"first","13":"instock","14":"sale","15":"shipping-taxable","16":"purchasable","17":"product-type-simple"},"_links":{"self":[{"href":"https:\/\/roveyayinevi.com.tr\/index.php\/wp-json\/wp\/v2\/product\/766849","targetHints":{"allow":["GET"]}}],"collection":[{"href":"https:\/\/roveyayinevi.com.tr\/index.php\/wp-json\/wp\/v2\/product"}],"about":[{"href":"https:\/\/roveyayinevi.com.tr\/index.php\/wp-json\/wp\/v2\/types\/product"}],"wp:attachment":[{"href":"https:\/\/roveyayinevi.com.tr\/index.php\/wp-json\/wp\/v2\/media?parent=766849"}],"wp:term":[{"taxonomy":"product_brand","embeddable":true,"href":"https:\/\/roveyayinevi.com.tr\/index.php\/wp-json\/wp\/v2\/product_brand?post=766849"},{"taxonomy":"product_cat","embeddable":true,"href":"https:\/\/roveyayinevi.com.tr\/index.php\/wp-json\/wp\/v2\/product_cat?post=766849"},{"taxonomy":"product_tag","embeddable":true,"href":"https:\/\/roveyayinevi.com.tr\/index.php\/wp-json\/wp\/v2\/product_tag?post=766849"}],"curies":[{"name":"wp","href":"https:\/\/api.w.org\/{rel}","templated":true}]}}