{"id":766847,"date":"2025-08-28T12:27:50","date_gmt":"2025-08-28T09:27:50","guid":{"rendered":"https:\/\/roveyayinevi.com.tr\/index.php\/urun\/kulken-gunlukleri\/"},"modified":"2026-04-15T03:32:40","modified_gmt":"2026-04-15T00:32:40","slug":"kulken-gunlukleri","status":"publish","type":"product","link":"https:\/\/roveyayinevi.com.tr\/index.php\/urun\/kulken-gunlukleri\/","title":{"rendered":"Kulken G\u00fcnl\u00fckleri"},"content":{"rendered":"<p>Ariana, \u2018Y\u0131ld\u0131zlara \u015eark\u0131 S\u00f6yleyen Kad\u0131n diye and\u0131\u011f\u0131 b\u00fcy\u00fckannesinin kayb\u0131yla sars\u0131l\u0131r, fakat kararl\u0131l\u0131kla miras\u0131na sahip \u00e7\u0131kar. \u015eehir hayat\u0131ndan uzakla\u015f\u0131p do\u011fdu\u011fu Kulken\u2019e d\u00f6nerek bir zamanlar ailesinin ekti\u011fi m\u0131s\u0131r tarlalar\u0131n\u0131 canland\u0131rmaya karar verir. Ancak, b\u00fcy\u00fckannesinin b\u0131rakt\u0131\u011f\u0131 defterdeki maden oca\u011f\u0131n\u0131n s\u0131rlar\u0131n\u0131 ke\u015ffetti\u011finde hayat\u0131 bir anda de\u011fi\u015fir. M\u00fccevherat \u015eirketinin sahibi Elman, eski bir mektubundan b\u00fcy\u00fck b\u00fcy\u00fckbabas\u0131n\u0131n Kulken\u2019e yapt\u0131\u011f\u0131 yolculukta de\u011ferli z\u00fcmr\u00fctlerle d\u00f6nd\u00fc\u011f\u00fcn\u00fc \u00f6\u011frenir. Gazeteci Ariana\u2019n\u0131n makalesi Elman\u2019\u0131n dikkatini \u00e7eker ve bulmak i\u00e7in onun pe\u015fine d\u00fc\u015fer. Bir araya geldiklerinde, defter ve ara\u015ft\u0131rmalar \u0131\u015f\u0131\u011f\u0131nda madende birlikte \u00e7al\u0131\u015fmaya karar verirler. Ancak bu yolculuk, Nazilere kadar uzanan karanl\u0131k bir ge\u00e7mi\u015fle doludur; ikili kendini, \u00f6l\u00fcmc\u00fcl m\u00fccadeleler, zorlu pazarl\u0131klar i\u00e7inde bulur.   Kulken G\u00fcnl\u00fckleri, kay\u0131plar, a\u015fk ve tarihi gizemlerle dolu bir ser\u00fcven. Ge\u00e7mi\u015fin izlerini s\u00fcrerken, ger\u00e7ek hazineyi bulman\u0131n ne anlama geldi\u011fini ke\u015ffetmeye haz\u0131r m\u0131s\u0131n\u0131z? <\/p>\n","protected":false},"excerpt":{"rendered":"<p>Ariana, \u2018Y\u0131ld\u0131zlara \u015eark\u0131 S\u00f6yleyen Kad\u0131n diye and\u0131\u011f\u0131 b\u00fcy\u00fckannesinin kayb\u0131yla sars\u0131l\u0131r, fakat kararl\u0131l\u0131kla miras\u0131na sahip \u00e7\u0131kar. \u015eehir hayat\u0131ndan uzakla\u015f\u0131p do\u011fdu\u011fu Kulken\u2019e d\u00f6nerek bir zamanlar ailesinin ekti\u011fi m\u0131s\u0131r<span class=\"excerpt-hellip\"> [\u2026]<\/span><\/p>\n","protected":false},"featured_media":0,"template":"","meta":{"_monsterinsights_skip_tracking":false,"_monsterinsights_sitenote_active":false,"_monsterinsights_sitenote_note":"","_monsterinsights_sitenote_category":0},"product_brand":[],"product_cat":[12291,12711],"product_tag":[],"class_list":{"0":"post-766847","1":"product","2":"type-product","3":"status-publish","5":"product_cat-edebiyat","6":"product_cat-roman-oyku","7":"pa_cilt-ciltsiz","8":"pa_tur-kitap","9":"pa_yayinevi-servet-yayinevi","10":"pa_yazar-m-ali-targac","12":"first","13":"instock","14":"sale","15":"shipping-taxable","16":"purchasable","17":"product-type-simple"},"_links":{"self":[{"href":"https:\/\/roveyayinevi.com.tr\/index.php\/wp-json\/wp\/v2\/product\/766847","targetHints":{"allow":["GET"]}}],"collection":[{"href":"https:\/\/roveyayinevi.com.tr\/index.php\/wp-json\/wp\/v2\/product"}],"about":[{"href":"https:\/\/roveyayinevi.com.tr\/index.php\/wp-json\/wp\/v2\/types\/product"}],"wp:attachment":[{"href":"https:\/\/roveyayinevi.com.tr\/index.php\/wp-json\/wp\/v2\/media?parent=766847"}],"wp:term":[{"taxonomy":"product_brand","embeddable":true,"href":"https:\/\/roveyayinevi.com.tr\/index.php\/wp-json\/wp\/v2\/product_brand?post=766847"},{"taxonomy":"product_cat","embeddable":true,"href":"https:\/\/roveyayinevi.com.tr\/index.php\/wp-json\/wp\/v2\/product_cat?post=766847"},{"taxonomy":"product_tag","embeddable":true,"href":"https:\/\/roveyayinevi.com.tr\/index.php\/wp-json\/wp\/v2\/product_tag?post=766847"}],"curies":[{"name":"wp","href":"https:\/\/api.w.org\/{rel}","templated":true}]}}