{"id":766832,"date":"2025-08-28T12:27:20","date_gmt":"2025-08-28T09:27:20","guid":{"rendered":"https:\/\/roveyayinevi.com.tr\/index.php\/urun\/benjamin-ciltli\/"},"modified":"2026-04-15T03:32:39","modified_gmt":"2026-04-15T00:32:39","slug":"benjamin-ciltli","status":"publish","type":"product","link":"https:\/\/roveyayinevi.com.tr\/index.php\/urun\/benjamin-ciltli\/","title":{"rendered":"Benjamin (Ciltli)"},"content":{"rendered":"<p>20. y\u00fczy\u0131l\u0131n en \u00f6nemli ve en gizemli ayd\u0131nlar\u0131ndan Walter Benjamin\u2019in (1892-1940) yap\u0131tlar\u0131 \u015fa\u015f\u0131rt\u0131c\u0131 bir derinli\u011fe ve \u00e7e\u015fitlili\u011fe sahiptir. Benjamin, felsefe, edebiyat ele\u015ftirisi, toplumun Marksist analizi ve bir t\u00fcr teolojik senkretizmin i\u00e7 i\u00e7e ge\u00e7ti\u011fi, s\u0131n\u0131fland\u0131rmas\u0131 zor bir k\u00fclliyat geride b\u0131rakm\u0131\u015ft\u0131r; \u201conu okumak zihinsel oldu\u011fu kadar duyusal bir deneyimdir\u201d.   Howard Eiland ve Michael W. Jennings, Benjamin\u2019e dair anekdotlar\u0131, belgeleri ve tan\u0131kl\u0131klar\u0131 titizlikle bir araya getirir ve Benjamin\u2019in yaz\u0131lar\u0131n\u0131n yan\u0131 s\u0131ra hayat\u0131na, g\u00fcnl\u00fck u\u011fra\u015flar\u0131na, al\u0131\u015fkanl\u0131klar\u0131na, kayg\u0131lar\u0131na, projelerine, umutlar\u0131na ve korkular\u0131na dair detayl\u0131 ve kapsaml\u0131 bir anlat\u0131 ortaya koyar. D\u00fc\u015f\u00fcn\u00fcr\u00fcn \u201cbin dokuz y\u00fczlerin ba\u015f\u0131nda Berlin\u2019de \u00e7ocukluk\u201d g\u00fcnlerinden \u00fcniversite y\u0131llar\u0131na, yazarl\u0131k kariyerinin ba\u015flar\u0131ndan Weimar Almanyas\u0131\u2019n\u0131n en \u00f6nemli edebiyat ve k\u00fclt\u00fcr ele\u015ftirmeni olarak ortaya \u00e7\u0131kmas\u0131na, s\u00fcrg\u00fcn y\u0131llar\u0131na ve nihayetinde 1940\u2019ta Port Bou\u2019daki intihar\u0131na dek hayat\u0131n\u0131n izini s\u00fcren Eiland ve Jennings, Benjamin\u2019in yaz\u0131lar\u0131 ile hayat\u0131ndaki olaylar aras\u0131ndaki karma\u015f\u0131k ili\u015fkilerin izini s\u00fcrer.   Benjamin\u2019in yaz\u0131lar\u0131n\u0131n g\u00fcncelli\u011fini korudu\u011funu bir kez daha g\u00f6steren biyografi, b\u00fcy\u00fck d\u00fc\u015f\u00fcn\u00fcr\u00fc yak\u0131ndan tan\u0131mak isteyenlerin yan\u0131 s\u0131ra d\u00f6nemin entelekt\u00fcel d\u00fcnyas\u0131na ve siyasi \u00e7alkant\u0131lar\u0131na merakl\u0131 okur i\u00e7in de\u011ferli bir kaynak.<\/p>\n","protected":false},"excerpt":{"rendered":"<p>20. y\u00fczy\u0131l\u0131n en \u00f6nemli ve en gizemli ayd\u0131nlar\u0131ndan Walter Benjamin\u2019in (1892-1940) yap\u0131tlar\u0131 \u015fa\u015f\u0131rt\u0131c\u0131 bir derinli\u011fe ve \u00e7e\u015fitlili\u011fe sahiptir. Benjamin, felsefe, edebiyat ele\u015ftirisi, toplumun Marksist analizi ve<span class=\"excerpt-hellip\"> [\u2026]<\/span><\/p>\n","protected":false},"featured_media":0,"template":"","meta":{"_monsterinsights_skip_tracking":false,"_monsterinsights_sitenote_active":false,"_monsterinsights_sitenote_note":"","_monsterinsights_sitenote_category":0},"product_brand":[],"product_cat":[14009,12291],"product_tag":[],"class_list":{"0":"post-766832","1":"product","2":"type-product","3":"status-publish","5":"product_cat-biyografi-otobiyografi-edebiyat","6":"product_cat-edebiyat","7":"pa_cilt-ciltli","8":"pa_tur-kitap","9":"pa_yayinevi-everest-yayinlari","10":"pa_yazar-howard-eiland-michael-w-jennings","12":"first","13":"instock","14":"sale","15":"shipping-taxable","16":"purchasable","17":"product-type-simple"},"_links":{"self":[{"href":"https:\/\/roveyayinevi.com.tr\/index.php\/wp-json\/wp\/v2\/product\/766832","targetHints":{"allow":["GET"]}}],"collection":[{"href":"https:\/\/roveyayinevi.com.tr\/index.php\/wp-json\/wp\/v2\/product"}],"about":[{"href":"https:\/\/roveyayinevi.com.tr\/index.php\/wp-json\/wp\/v2\/types\/product"}],"wp:attachment":[{"href":"https:\/\/roveyayinevi.com.tr\/index.php\/wp-json\/wp\/v2\/media?parent=766832"}],"wp:term":[{"taxonomy":"product_brand","embeddable":true,"href":"https:\/\/roveyayinevi.com.tr\/index.php\/wp-json\/wp\/v2\/product_brand?post=766832"},{"taxonomy":"product_cat","embeddable":true,"href":"https:\/\/roveyayinevi.com.tr\/index.php\/wp-json\/wp\/v2\/product_cat?post=766832"},{"taxonomy":"product_tag","embeddable":true,"href":"https:\/\/roveyayinevi.com.tr\/index.php\/wp-json\/wp\/v2\/product_tag?post=766832"}],"curies":[{"name":"wp","href":"https:\/\/api.w.org\/{rel}","templated":true}]}}