{"id":766824,"date":"2025-08-28T12:26:30","date_gmt":"2025-08-28T09:26:30","guid":{"rendered":"https:\/\/roveyayinevi.com.tr\/index.php\/urun\/fikriye-hanim\/"},"modified":"2026-01-30T04:02:43","modified_gmt":"2026-01-30T01:02:43","slug":"fikriye-hanim","status":"publish","type":"product","link":"https:\/\/roveyayinevi.com.tr\/index.php\/urun\/fikriye-hanim\/","title":{"rendered":"Fikriye Han\u0131m"},"content":{"rendered":"<p>G\u00f6zlerini a\u00e7m\u0131\u015ft\u0131 bir g\u00fcz g\u00fcn\u00fc, ah\u015fap bir evde Babas\u0131n\u0131n dut fidesi dikti\u011fi o mesut g\u00fcnde O b\u00fcy\u00fcd\u00fck\u00e7e o da b\u00fcy\u00fcs\u00fcn demi\u015fti, aylardan Kas\u0131m Bir fide ile birlikte b\u00fcy\u00fcd\u00fc Fikriye Han\u0131m   Mevsimler devir daim etti, ya\u011fmurlar \u0131slatt\u0131 ya topra\u011f\u0131 G\u00f6r\u00fcnd\u00fc a\u011fac\u0131n ye\u015fil yapraklar\u0131, ilk meyvenin tomurcuklar\u0131 Bah\u00e7ede minik ad\u0131mlarla ko\u015fturuyor, ne\u015feli bir Han\u0131m Bir fide ile birlikte b\u00fcy\u00fcyor Fikriye Han\u0131m   Bir g\u00f6rmeliydiniz a\u011fac\u0131n rengarenk dutlar\u0131n\u0131 ve g\u00f6lgesini R\u00fczgarlar ta\u015f\u0131yordu \u00e7apk\u0131nlar\u0131n kalbine bir gen\u00e7 k\u0131z\u0131n sesini Ah o g\u00f6zler, o ipek sa\u00e7lar, o ne al\u0131m o ne \u00e7al\u0131m Bir dut a\u011fac\u0131n\u0131n g\u00f6lgesinde \u00e2\u015f\u0131k oldu Fikriye Han\u0131m   Kum saatinin kumlar\u0131 veda vakti yak\u0131nd\u0131r dedi\u011finde Kurumu\u015ftu dut a\u011fac\u0131, \u015fiirler yaz\u0131lmaz oldu eksilen g\u00f6lgesinde Aynalar g\u00f6stermez oldu eski halimi, neden beyazlar i\u00e7inde sa\u00e7\u0131m Bir dut a\u011fac\u0131 ile birlikte ya\u015fland\u0131 Fikriye Han\u0131m   D\u00f6rt kolluyu omuzlayan, k\u00f6stekli saatli, d\u00f6rt kabaday\u0131 Burkarken h\u00fcz\u00fcnle, \u0131slanan kaytan b\u0131y\u0131klar\u0131n\u0131 Bir de bir ya\u011fmur ki, sanki g\u00f6k yar\u0131ld\u0131 san\u0131r\u0131m D\u00f6n\u00fclmez bir yolculu\u011fa \u00e7\u0131k\u0131yor Fikriye Han\u0131m<\/p>\n","protected":false},"excerpt":{"rendered":"<p>G\u00f6zlerini a\u00e7m\u0131\u015ft\u0131 bir g\u00fcz g\u00fcn\u00fc, ah\u015fap bir evde Babas\u0131n\u0131n dut fidesi dikti\u011fi o mesut g\u00fcnde O b\u00fcy\u00fcd\u00fck\u00e7e o da b\u00fcy\u00fcs\u00fcn demi\u015fti, aylardan Kas\u0131m Bir fide ile<span class=\"excerpt-hellip\"> [\u2026]<\/span><\/p>\n","protected":false},"featured_media":0,"template":"","meta":{"_monsterinsights_skip_tracking":false,"_monsterinsights_sitenote_active":false,"_monsterinsights_sitenote_note":"","_monsterinsights_sitenote_category":0},"product_brand":[],"product_cat":[12291,12509],"product_tag":[],"class_list":{"0":"post-766824","1":"product","2":"type-product","3":"status-publish","5":"product_cat-edebiyat","6":"product_cat-siir","7":"pa_cilt-ciltsiz","8":"pa_tur-kitap","9":"pa_yayinevi-vova-yayinlari","10":"pa_yazar-hasan-akcin","12":"first","13":"instock","14":"sale","15":"shipping-taxable","16":"purchasable","17":"product-type-simple"},"_links":{"self":[{"href":"https:\/\/roveyayinevi.com.tr\/index.php\/wp-json\/wp\/v2\/product\/766824","targetHints":{"allow":["GET"]}}],"collection":[{"href":"https:\/\/roveyayinevi.com.tr\/index.php\/wp-json\/wp\/v2\/product"}],"about":[{"href":"https:\/\/roveyayinevi.com.tr\/index.php\/wp-json\/wp\/v2\/types\/product"}],"wp:attachment":[{"href":"https:\/\/roveyayinevi.com.tr\/index.php\/wp-json\/wp\/v2\/media?parent=766824"}],"wp:term":[{"taxonomy":"product_brand","embeddable":true,"href":"https:\/\/roveyayinevi.com.tr\/index.php\/wp-json\/wp\/v2\/product_brand?post=766824"},{"taxonomy":"product_cat","embeddable":true,"href":"https:\/\/roveyayinevi.com.tr\/index.php\/wp-json\/wp\/v2\/product_cat?post=766824"},{"taxonomy":"product_tag","embeddable":true,"href":"https:\/\/roveyayinevi.com.tr\/index.php\/wp-json\/wp\/v2\/product_tag?post=766824"}],"curies":[{"name":"wp","href":"https:\/\/api.w.org\/{rel}","templated":true}]}}