{"id":766773,"date":"2025-08-28T12:24:44","date_gmt":"2025-08-28T09:24:44","guid":{"rendered":"https:\/\/roveyayinevi.com.tr\/index.php\/urun\/lanetli-ekmek\/"},"modified":"2026-04-15T03:32:38","modified_gmt":"2026-04-15T00:32:38","slug":"lanetli-ekmek","status":"publish","type":"product","link":"https:\/\/roveyayinevi.com.tr\/index.php\/urun\/lanetli-ekmek\/","title":{"rendered":"Lanetli Ekmek"},"content":{"rendered":"<p>1951 ilkbahar\u0131. D\u00f6rt ki\u015fi ufak bir Frans\u0131z kasabas\u0131nda kar\u015f\u0131la\u015f\u0131rlar: F\u0131r\u0131nc\u0131 ile kar\u0131s\u0131 ve b\u00fcy\u00fckel\u00e7i ile kar\u0131s\u0131. \u0130kisi kasaban\u0131n yerlisidir, di\u011fer ikisi d\u0131\u015farl\u0131kl\u0131. Dura\u011fan ta\u015fra ya\u015fam\u0131ndan usanan f\u0131r\u0131nc\u0131n\u0131n kar\u0131s\u0131, bu kar\u015f\u0131la\u015fmay\u0131 ya\u015fant\u0131s\u0131na renk katmak i\u00e7in f\u0131rsat olarak g\u00f6r\u00fcr ve onlarla yak\u0131nl\u0131k kurar. Bir s\u00fcre sonra tuhaf \u015feyler olmaya ba\u015flar. Atlar tarlalarda d\u00fc\u015f\u00fcp \u00f6l\u00fcr. \u00c7ocuklar \u00e7\u0131lg\u0131nla\u015f\u0131r ve zapt edilemez olur. Karanl\u0131k \u00e7\u00f6k\u00fcnce hayaletler kol gezmeye ba\u015flar. Kasaban\u0131n t\u00fcm halk\u0131 bu gizemli hastal\u0131\u011fa yakalan\u0131r. Kimileri bunu ekmeklerin bozulmas\u0131na ba\u011flarken, kimileri de h\u00fck\u00fcmetin y\u00f6re halk\u0131 \u00fczerinde kimyasal bir deney yapt\u0131\u011f\u0131n\u0131 iddia eder. Asl\u0131nda birileri tehlikeli bir kedi-fare oyunu oynuyordur, ama avc\u0131 kim, av kimdir bilinmez.   Lanetli Ekmek, \u00e7\u0131ld\u0131rm\u0131\u015f bir kasaban\u0131n, kana kar\u0131\u015fan zehir benzeri k\u0131skan\u00e7l\u0131\u011f\u0131n, insan\u0131 yak\u0131p t\u00fcketen arzunun erotik \u00f6yk\u00fcs\u00fcn\u00fc cesur ve b\u00fcy\u00fcleyici bir dille aktar\u0131yor.   Su K\u00fcr\u00fc ve Mavi Bilet yap\u0131tlar\u0131n\u0131n \u00f6d\u00fcll\u00fc yazar\u0131 Sophie Mackintosh\u2019tan, Fransa\u2019da bir kasaba halk\u0131n\u0131n zehirlendi\u011fi ve sorumlular\u0131n ortaya \u00e7\u0131kmad\u0131\u011f\u0131 ger\u00e7ek bir olay\u0131n ekseninde ilerleyen tutku roman\u0131. Ele\u015ftirmenler bu kitab\u0131,\u201cYazar, sadece yak\u0131n gelece\u011fi kayg\u0131 uyand\u0131racak kadar ayr\u0131nt\u0131l\u0131 hayal edebildi\u011fini de\u011fil, tarihteki olaylar\u0131 da \u015fakac\u0131 bir dille yorumlayabildi\u011fini g\u00f6steriyor,\u201d diye yorumluyor. <\/p>\n","protected":false},"excerpt":{"rendered":"<p>1951 ilkbahar\u0131. D\u00f6rt ki\u015fi ufak bir Frans\u0131z kasabas\u0131nda kar\u015f\u0131la\u015f\u0131rlar: F\u0131r\u0131nc\u0131 ile kar\u0131s\u0131 ve b\u00fcy\u00fckel\u00e7i ile kar\u0131s\u0131. \u0130kisi kasaban\u0131n yerlisidir, di\u011fer ikisi d\u0131\u015farl\u0131kl\u0131. Dura\u011fan ta\u015fra ya\u015fam\u0131ndan usanan<span class=\"excerpt-hellip\"> [\u2026]<\/span><\/p>\n","protected":false},"featured_media":0,"template":"","meta":{"_monsterinsights_skip_tracking":false,"_monsterinsights_sitenote_active":false,"_monsterinsights_sitenote_note":"","_monsterinsights_sitenote_category":0},"product_brand":[],"product_cat":[12291,12711],"product_tag":[],"class_list":{"0":"post-766773","1":"product","2":"type-product","3":"status-publish","5":"product_cat-edebiyat","6":"product_cat-roman-oyku","7":"pa_cilt-ciltsiz","8":"pa_tur-kitap","9":"pa_yayinevi-can-yayinlari","10":"pa_yazar-sophie-mackintosh","12":"first","13":"instock","14":"sale","15":"shipping-taxable","16":"purchasable","17":"product-type-simple"},"_links":{"self":[{"href":"https:\/\/roveyayinevi.com.tr\/index.php\/wp-json\/wp\/v2\/product\/766773","targetHints":{"allow":["GET"]}}],"collection":[{"href":"https:\/\/roveyayinevi.com.tr\/index.php\/wp-json\/wp\/v2\/product"}],"about":[{"href":"https:\/\/roveyayinevi.com.tr\/index.php\/wp-json\/wp\/v2\/types\/product"}],"wp:attachment":[{"href":"https:\/\/roveyayinevi.com.tr\/index.php\/wp-json\/wp\/v2\/media?parent=766773"}],"wp:term":[{"taxonomy":"product_brand","embeddable":true,"href":"https:\/\/roveyayinevi.com.tr\/index.php\/wp-json\/wp\/v2\/product_brand?post=766773"},{"taxonomy":"product_cat","embeddable":true,"href":"https:\/\/roveyayinevi.com.tr\/index.php\/wp-json\/wp\/v2\/product_cat?post=766773"},{"taxonomy":"product_tag","embeddable":true,"href":"https:\/\/roveyayinevi.com.tr\/index.php\/wp-json\/wp\/v2\/product_tag?post=766773"}],"curies":[{"name":"wp","href":"https:\/\/api.w.org\/{rel}","templated":true}]}}