{"id":766745,"date":"2025-08-28T12:23:44","date_gmt":"2025-08-28T09:23:44","guid":{"rendered":"https:\/\/roveyayinevi.com.tr\/index.php\/urun\/ucurumda-sakli-sevdam\/"},"modified":"2026-04-15T03:32:37","modified_gmt":"2026-04-15T00:32:37","slug":"ucurumda-sakli-sevdam","status":"publish","type":"product","link":"https:\/\/roveyayinevi.com.tr\/index.php\/urun\/ucurumda-sakli-sevdam\/","title":{"rendered":"U\u00e7urumda Sakl\u0131 Sevdam"},"content":{"rendered":"<p>Fatsa\u2019daki anti-fa\u015fist m\u00fccadele, devrimci m\u00fccadele tarihinde 12 Eyl\u00fcl darbesi \u00f6ncesinde ve sonras\u0131nda anlaml\u0131 bir yer tutar. Halk hareketiyle birlikte 1979 y\u0131l\u0131n\u0131n Ekim ay\u0131nda yap\u0131lan yerel se\u00e7imlerde, belediye ba\u015fkanl\u0131\u011f\u0131n\u0131 devrimci aday Fikri S\u00f6nmez\u2019in kazanmas\u0131, yeni bir d\u00f6nemin ba\u015flamas\u0131na neden oldu. Halk, belediyede do\u011frudan s\u00f6z ve karar sahibi oldu. Bu geli\u015fme, Fatsa halk\u0131n\u0131n ya\u015fam\u0131n\u0131 olumlu y\u00f6nde etkiledi. Ordu ile s\u0131n\u0131rl\u0131 kalmayan geli\u015fmeler T\u00fcrkiye emek\u00e7i halklar\u0131n\u0131n da ilgisini \u00e7ekti. \u201c\u00c7amura Son Kampanyas\u0131\u201d ile ba\u015flayan ve \u201cHalk K\u00fclt\u00fcr \u015eenli\u011fi\u201d ile devam eden \u00e7al\u0131\u015fmalar, devrimci m\u00fccadele saflar\u0131nda, ayd\u0131nlar aras\u0131nda, yerel ve ulusal gazetelerde yank\u0131 buldu. Fatsa\u2019daki Devrimci Hareket i\u00e7inde yeti\u015fen gen\u00e7 kadrolar tecr\u00fcbesizdiler. Ama devrime, devrimci harekete y\u00fcrekten ba\u011fl\u0131yd\u0131lar. Fa\u015fizm kar\u015f\u0131s\u0131nda m\u00fccadelenin gereklerini yerine getirirken canlar\u0131n\u0131 hi\u00e7e sayd\u0131lar. Gelecek g\u00fczel g\u00fcnlere olan inan\u00e7lar\u0131yla derin dostluklar kurulmu\u015ftu. K\u0131sa s\u00fcrede elde edilen ba\u015far\u0131lar, ula\u015f\u0131lan hedefler bu duyguyu g\u00fc\u00e7lendiriyordu. Devrimci olmak \u00e7ok \u00f6zel ve de\u011ferliydi. Bir \u00fclkenin ba\u011f\u0131ms\u0131zl\u0131\u011f\u0131 ve emek\u00e7ilerinin \u00f6zg\u00fcrl\u00fc\u011f\u00fc i\u00e7in verilen m\u00fccadeleden daha ulvi ne olabilirdi ki? Belgesel niteli\u011findeki bu an\u0131 roman\u0131n\u0131n yazar\u0131, devrimci m\u00fccadelenin i\u00e7inde yer ald\u0131. Kitap, esas olarak sekiz y\u0131l boyunca bir u\u00e7urumun k\u0131y\u0131s\u0131ndaki s\u0131\u011f\u0131nakta ya\u015fayan bir devrimcinin ve ailesinin cuntaya kar\u015f\u0131 direni\u015fini anlat\u0131yor.<\/p>\n","protected":false},"excerpt":{"rendered":"<p>Fatsa\u2019daki anti-fa\u015fist m\u00fccadele, devrimci m\u00fccadele tarihinde 12 Eyl\u00fcl darbesi \u00f6ncesinde ve sonras\u0131nda anlaml\u0131 bir yer tutar. Halk hareketiyle birlikte 1979 y\u0131l\u0131n\u0131n Ekim ay\u0131nda yap\u0131lan yerel se\u00e7imlerde,<span class=\"excerpt-hellip\"> [\u2026]<\/span><\/p>\n","protected":false},"featured_media":0,"template":"","meta":{"_monsterinsights_skip_tracking":false,"_monsterinsights_sitenote_active":false,"_monsterinsights_sitenote_note":"","_monsterinsights_sitenote_category":0},"product_brand":[],"product_cat":[12304,14128],"product_tag":[],"class_list":{"0":"post-766745","1":"product","2":"type-product","3":"status-publish","5":"product_cat-tarih","6":"product_cat-yakin-tarih","7":"pa_cilt-ciltsiz","8":"pa_tur-kitap","9":"pa_yayinevi-ayrinti-yayinlari","10":"pa_yazar-arslan-gumus","12":"first","13":"instock","14":"sale","15":"shipping-taxable","16":"purchasable","17":"product-type-simple"},"_links":{"self":[{"href":"https:\/\/roveyayinevi.com.tr\/index.php\/wp-json\/wp\/v2\/product\/766745","targetHints":{"allow":["GET"]}}],"collection":[{"href":"https:\/\/roveyayinevi.com.tr\/index.php\/wp-json\/wp\/v2\/product"}],"about":[{"href":"https:\/\/roveyayinevi.com.tr\/index.php\/wp-json\/wp\/v2\/types\/product"}],"wp:attachment":[{"href":"https:\/\/roveyayinevi.com.tr\/index.php\/wp-json\/wp\/v2\/media?parent=766745"}],"wp:term":[{"taxonomy":"product_brand","embeddable":true,"href":"https:\/\/roveyayinevi.com.tr\/index.php\/wp-json\/wp\/v2\/product_brand?post=766745"},{"taxonomy":"product_cat","embeddable":true,"href":"https:\/\/roveyayinevi.com.tr\/index.php\/wp-json\/wp\/v2\/product_cat?post=766745"},{"taxonomy":"product_tag","embeddable":true,"href":"https:\/\/roveyayinevi.com.tr\/index.php\/wp-json\/wp\/v2\/product_tag?post=766745"}],"curies":[{"name":"wp","href":"https:\/\/api.w.org\/{rel}","templated":true}]}}