{"id":766718,"date":"2025-08-28T12:22:52","date_gmt":"2025-08-28T09:22:52","guid":{"rendered":"https:\/\/roveyayinevi.com.tr\/index.php\/urun\/genc-emekli-zengin-emekli\/"},"modified":"2026-04-15T03:32:36","modified_gmt":"2026-04-15T00:32:36","slug":"genc-emekli-zengin-emekli","status":"publish","type":"product","link":"https:\/\/roveyayinevi.com.tr\/index.php\/urun\/genc-emekli-zengin-emekli\/","title":{"rendered":"Gen\u00e7 Emekli Zengin Emekli"},"content":{"rendered":"<p>Nas\u0131l \u00e7abucak Zengin Olunur ve Nas\u0131l Hep Zengin Kal\u0131n\u0131r?   Bu kitap, s\u0131f\u0131rdan ba\u015flay\u0131p on y\u0131ldan az bir s\u00fcrede mali a\u00e7\u0131dan \u00f6zg\u00fcrl\u00fc\u011fe kavu\u015fmu\u015f olarak nas\u0131l emekli oldu\u011fumuzun \u00f6yk\u00fcs\u00fcd\u00fcr.   Siz de ayn\u0131s\u0131n\u0131 nas\u0131l yapabilece\u011finizi ke\u015ffedin. \u00d6mr\u00fcn\u00fcz boyunca \u00e7al\u0131\u015f\u0131p didinmek istemiyorsan\u0131z bu kitap tam size g\u00f6re\u2026 Neden Gen\u00e7 Emekli Zengin Emekli olmayas\u0131n\u0131z?<\/p>\n","protected":false},"excerpt":{"rendered":"<p>Nas\u0131l \u00e7abucak Zengin Olunur ve Nas\u0131l Hep Zengin Kal\u0131n\u0131r? Bu kitap, s\u0131f\u0131rdan ba\u015flay\u0131p on y\u0131ldan az bir s\u00fcrede mali a\u00e7\u0131dan \u00f6zg\u00fcrl\u00fc\u011fe kavu\u015fmu\u015f olarak nas\u0131l emekli oldu\u011fumuzun<span class=\"excerpt-hellip\"> [\u2026]<\/span><\/p>\n","protected":false},"featured_media":0,"template":"","meta":{"_monsterinsights_skip_tracking":false,"_monsterinsights_sitenote_active":false,"_monsterinsights_sitenote_note":"","_monsterinsights_sitenote_category":0},"product_brand":[],"product_cat":[14841,13043],"product_tag":[],"class_list":{"0":"post-766718","1":"product","2":"type-product","3":"status-publish","5":"product_cat-arastirma-inceleme-kuram","6":"product_cat-ekonomi","7":"pa_cilt-ciltsiz","8":"pa_tur-kitap","9":"pa_yayinevi-alfa-yayinlari","10":"pa_yazar-robert-t-ymm-sharon-l-lechter","12":"first","13":"instock","14":"sale","15":"shipping-taxable","16":"purchasable","17":"product-type-simple"},"_links":{"self":[{"href":"https:\/\/roveyayinevi.com.tr\/index.php\/wp-json\/wp\/v2\/product\/766718","targetHints":{"allow":["GET"]}}],"collection":[{"href":"https:\/\/roveyayinevi.com.tr\/index.php\/wp-json\/wp\/v2\/product"}],"about":[{"href":"https:\/\/roveyayinevi.com.tr\/index.php\/wp-json\/wp\/v2\/types\/product"}],"wp:attachment":[{"href":"https:\/\/roveyayinevi.com.tr\/index.php\/wp-json\/wp\/v2\/media?parent=766718"}],"wp:term":[{"taxonomy":"product_brand","embeddable":true,"href":"https:\/\/roveyayinevi.com.tr\/index.php\/wp-json\/wp\/v2\/product_brand?post=766718"},{"taxonomy":"product_cat","embeddable":true,"href":"https:\/\/roveyayinevi.com.tr\/index.php\/wp-json\/wp\/v2\/product_cat?post=766718"},{"taxonomy":"product_tag","embeddable":true,"href":"https:\/\/roveyayinevi.com.tr\/index.php\/wp-json\/wp\/v2\/product_tag?post=766718"}],"curies":[{"name":"wp","href":"https:\/\/api.w.org\/{rel}","templated":true}]}}