{"id":766717,"date":"2025-08-28T12:22:50","date_gmt":"2025-08-28T09:22:50","guid":{"rendered":"https:\/\/roveyayinevi.com.tr\/index.php\/urun\/kumanin-drami\/"},"modified":"2026-04-15T03:32:36","modified_gmt":"2026-04-15T00:32:36","slug":"kumanin-drami","status":"publish","type":"product","link":"https:\/\/roveyayinevi.com.tr\/index.php\/urun\/kumanin-drami\/","title":{"rendered":"Kuman\u0131n Dram\u0131"},"content":{"rendered":"<p>Emine Han\u0131m, ya\u015fl\u0131 bir adam\u0131n dokuzuncu ve son e\u015fiydi. Hen\u00fcz gen\u00e7 k\u0131zl\u0131\u011fa ad\u0131m atmam\u0131\u015f, \u00e2det bile g\u00f6rmemi\u015fti. Sokakta oyun oynamas\u0131 gerekirken evlendirilmi\u015f, b\u00fcy\u00fck bir sorumluluk verilmi\u015fti kendisine. Emine Han\u0131m \u00e2det olana kadar evin b\u00fcy\u00fckleri onun kad\u0131n olmas\u0131na m\u00fcsaade etmemi\u015fler, birka\u00e7 y\u0131l beklemi\u015flerdi. Ah \u00e7ocuk gelinler ah! Ne kadar \u00e7ileke\u015flermi\u015f! Ya\u015fad\u0131klar\u0131 hayat onlar\u0131n hem cenneti hem cehennemi olmu\u015f. Hem kuma hem \u00e7ocuk gelin olmak&#8230; Emine Han\u0131m\u2019\u0131 k\u00f6yden gelin olarak almak i\u00e7in gelen kad\u0131nlar Emine&#8217;yi g\u00f6r\u00fcnce \u015fok olmu\u015flar. &#8220;Bu daha \u00e7ocuk, bundan gelin olmaz.&#8221; diyerek geldikleri gibi geri d\u00f6nm\u00fc\u015fler. So\u011fuk k\u0131\u015f g\u00fcn\u00fc at arabas\u0131nda geldikleri yolu bo\u015fa tepmi\u015fler. O zamanlar g\u00fcn\u00fcm\u00fczdeki gibi nik\u00e2h salonlar\u0131, d\u00fc\u011f\u00fcn salonlar\u0131 yok elbette. G\u00f6r\u00fcc\u00fc gider, k\u0131z\u0131 be\u011fenir, k\u0131sa zamanda da d\u00fc\u011f\u00fcnleri yap\u0131l\u0131rd\u0131<\/p>\n","protected":false},"excerpt":{"rendered":"<p>Emine Han\u0131m, ya\u015fl\u0131 bir adam\u0131n dokuzuncu ve son e\u015fiydi. Hen\u00fcz gen\u00e7 k\u0131zl\u0131\u011fa ad\u0131m atmam\u0131\u015f, \u00e2det bile g\u00f6rmemi\u015fti. Sokakta oyun oynamas\u0131 gerekirken evlendirilmi\u015f, b\u00fcy\u00fck bir sorumluluk verilmi\u015fti<span class=\"excerpt-hellip\"> [\u2026]<\/span><\/p>\n","protected":false},"featured_media":0,"template":"","meta":{"_monsterinsights_skip_tracking":false,"_monsterinsights_sitenote_active":false,"_monsterinsights_sitenote_note":"","_monsterinsights_sitenote_category":0},"product_brand":[],"product_cat":[12291,12711],"product_tag":[],"class_list":{"0":"post-766717","1":"product","2":"type-product","3":"status-publish","5":"product_cat-edebiyat","6":"product_cat-roman-oyku","7":"pa_cilt-ciltsiz","8":"pa_tur-kitap","9":"pa_yayinevi-imbik-yayinlari","10":"pa_yazar-nevin-kilic","12":"first","13":"instock","14":"sale","15":"shipping-taxable","16":"purchasable","17":"product-type-simple"},"_links":{"self":[{"href":"https:\/\/roveyayinevi.com.tr\/index.php\/wp-json\/wp\/v2\/product\/766717","targetHints":{"allow":["GET"]}}],"collection":[{"href":"https:\/\/roveyayinevi.com.tr\/index.php\/wp-json\/wp\/v2\/product"}],"about":[{"href":"https:\/\/roveyayinevi.com.tr\/index.php\/wp-json\/wp\/v2\/types\/product"}],"wp:attachment":[{"href":"https:\/\/roveyayinevi.com.tr\/index.php\/wp-json\/wp\/v2\/media?parent=766717"}],"wp:term":[{"taxonomy":"product_brand","embeddable":true,"href":"https:\/\/roveyayinevi.com.tr\/index.php\/wp-json\/wp\/v2\/product_brand?post=766717"},{"taxonomy":"product_cat","embeddable":true,"href":"https:\/\/roveyayinevi.com.tr\/index.php\/wp-json\/wp\/v2\/product_cat?post=766717"},{"taxonomy":"product_tag","embeddable":true,"href":"https:\/\/roveyayinevi.com.tr\/index.php\/wp-json\/wp\/v2\/product_tag?post=766717"}],"curies":[{"name":"wp","href":"https:\/\/api.w.org\/{rel}","templated":true}]}}