{"id":766703,"date":"2025-08-28T12:22:20","date_gmt":"2025-08-28T09:22:20","guid":{"rendered":"https:\/\/roveyayinevi.com.tr\/index.php\/urun\/duslere-kacis-istasyonu\/"},"modified":"2026-04-15T03:32:36","modified_gmt":"2026-04-15T00:32:36","slug":"duslere-kacis-istasyonu","status":"publish","type":"product","link":"https:\/\/roveyayinevi.com.tr\/index.php\/urun\/duslere-kacis-istasyonu\/","title":{"rendered":"D\u00fc\u015flere Ka\u00e7\u0131\u015f \u0130stasyonu"},"content":{"rendered":"<p>Herkesin hik\u00e2yesinde ba\u015fka bir ad\u0131m var benim. Evde \u201cK\u00fc\u00e7\u00fck Cezeri!\u201d, istasyonda \u201cY\u0131ld\u0131z avc\u0131s\u0131!\u201d okulda ise \u201cYine ne yapt\u0131n kim bilir?\u201d. Evet, \u00f6n s\u0131rada oturan \u00e7al\u0131\u015fkan bir \u00f6\u011frenci de\u011filim ama oyunbozan da de\u011filim. Ba\u015f\u0131ma biraz i\u015f a\u00e7m\u0131\u015fsam hepsi meraktan ve herkesin istedi\u011fi gibi biri olamamaktan. \u00d6yleyse hadi tan\u0131\u015fal\u0131m, benim ad\u0131m Kuzey. Kafas\u0131 kar\u0131\u015f\u0131k ve g\u00f6z\u00fc hep y\u00fckseklerde Kuzey! Kankalar\u0131mla kendimi \u00f6zg\u00fcr hissetti\u011fim tek bir yer var. Neresi mi? D\u00fc\u015flere Ka\u00e7\u0131\u015f \u0130stasyonu! Ba\u015fkalar\u0131na g\u00f6re k\u00fc\u00e7\u00fck ama bize g\u00f6re kocaman olan bu istasyon, bir r\u00fcyan\u0131n evi. R\u00fcya dediysem uykudan habersiz ve pe\u015fimi b\u0131rakmayan bir r\u00fcya bu! Evet, hakl\u0131s\u0131n! Sana her \u015feyi en ba\u015f\u0131ndan anlatmam laz\u0131m. \u00c7\u00fcnk\u00fc bu, hayalden galaksiye bir g\u00f6ky\u00fcz\u00fc hik\u00e2yesi! <\/p>\n","protected":false},"excerpt":{"rendered":"<p>Herkesin hik\u00e2yesinde ba\u015fka bir ad\u0131m var benim. Evde \u201cK\u00fc\u00e7\u00fck Cezeri!\u201d, istasyonda \u201cY\u0131ld\u0131z avc\u0131s\u0131!\u201d okulda ise \u201cYine ne yapt\u0131n kim bilir?\u201d. Evet, \u00f6n s\u0131rada oturan \u00e7al\u0131\u015fkan bir<span class=\"excerpt-hellip\"> [\u2026]<\/span><\/p>\n","protected":false},"featured_media":0,"template":"","meta":{"_monsterinsights_skip_tracking":false,"_monsterinsights_sitenote_active":false,"_monsterinsights_sitenote_note":"","_monsterinsights_sitenote_category":0},"product_brand":[],"product_cat":[12274,12284],"product_tag":[],"class_list":{"0":"post-766703","1":"product","2":"type-product","3":"status-publish","5":"product_cat-cocuk-ve-genclik-kitaplari","6":"product_cat-hikayeler","7":"pa_cilt-ciltsiz","8":"pa_tur-kitap","9":"pa_yayinevi-nesil-cocuk-yayinlari","10":"pa_yazar-nuriye-erdogan","12":"first","13":"instock","14":"sale","15":"shipping-taxable","16":"purchasable","17":"product-type-simple"},"_links":{"self":[{"href":"https:\/\/roveyayinevi.com.tr\/index.php\/wp-json\/wp\/v2\/product\/766703","targetHints":{"allow":["GET"]}}],"collection":[{"href":"https:\/\/roveyayinevi.com.tr\/index.php\/wp-json\/wp\/v2\/product"}],"about":[{"href":"https:\/\/roveyayinevi.com.tr\/index.php\/wp-json\/wp\/v2\/types\/product"}],"wp:attachment":[{"href":"https:\/\/roveyayinevi.com.tr\/index.php\/wp-json\/wp\/v2\/media?parent=766703"}],"wp:term":[{"taxonomy":"product_brand","embeddable":true,"href":"https:\/\/roveyayinevi.com.tr\/index.php\/wp-json\/wp\/v2\/product_brand?post=766703"},{"taxonomy":"product_cat","embeddable":true,"href":"https:\/\/roveyayinevi.com.tr\/index.php\/wp-json\/wp\/v2\/product_cat?post=766703"},{"taxonomy":"product_tag","embeddable":true,"href":"https:\/\/roveyayinevi.com.tr\/index.php\/wp-json\/wp\/v2\/product_tag?post=766703"}],"curies":[{"name":"wp","href":"https:\/\/api.w.org\/{rel}","templated":true}]}}