{"id":766698,"date":"2025-08-28T12:22:11","date_gmt":"2025-08-28T09:22:11","guid":{"rendered":"https:\/\/roveyayinevi.com.tr\/index.php\/urun\/degirmenlerle-savastim\/"},"modified":"2026-04-15T03:32:36","modified_gmt":"2026-04-15T00:32:36","slug":"degirmenlerle-savastim","status":"publish","type":"product","link":"https:\/\/roveyayinevi.com.tr\/index.php\/urun\/degirmenlerle-savastim\/","title":{"rendered":"De\u011firmenlerle Sava\u015ft\u0131m"},"content":{"rendered":"<p>\u201cKad\u0131n\u0131n bar\u0131\u015f demek oldu\u011funu hatta bilfiil bar\u0131\u015f\u0131 temsil etti\u011fini, kad\u0131n\u0131n liderlik etti\u011fi \u00fclkelerin, daima bar\u0131\u015ftan yana bir safta yer ald\u0131\u011f\u0131n\u0131, bunun bir nedeninin de kad\u0131nlar\u0131n d\u00fcnyaya getirdi\u011fi canl\u0131 varl\u0131\u011f\u0131 sava\u015flarda kaybetmeme d\u00fcrt\u00fcs\u00fcyle yani annelik duygusuyla da hareket ederek, sava\u015fa kar\u015f\u0131 olma g\u00f6r\u00fc\u015f\u00fcn\u00fc ta\u015f\u0131d\u0131klar\u0131na inanan \u00fc\u00e7 \u00e7ocuk annesi kimli\u011fimle bu kitab\u0131 yazmaya \u00e7al\u0131\u015ft\u0131m. 1950\u2019ler sonras\u0131 hortlayan ve orduya s\u0131zmaya \u00e7al\u0131\u015fan irtican\u0131n ve bu anlay\u0131\u015f\u0131n biz kad\u0131nlara kar\u015f\u0131 bak\u0131\u015f a\u00e7\u0131s\u0131n\u0131 ve bu mentalitelere ra\u011fmen verdi\u011fimiz, sonras\u0131 t\u00fcm Harbiyeli gen\u00e7 k\u0131zlar olarak tak\u0131nd\u0131\u011f\u0131m\u0131z tav\u0131rlar\u0131n anatomisini, daha sonra da bana ve aileme zarar verecek kadar ileriye vard\u0131r\u0131lan yapay senaryolar kar\u015f\u0131s\u0131nda s\u00fcrekli akl\u0131m\u0131 kullanarak, nas\u0131l i\u015fin \u00fcstesinden gelmeye \u00e7al\u0131\u015ft\u0131\u011f\u0131ma dair verdi\u011fim \u00e7arpan m\u00fccadeleyi g\u00f6zler \u00f6n\u00fcne sermeye \u00e7al\u0131\u015ft\u0131m.\u201d <\/p>\n","protected":false},"excerpt":{"rendered":"<p>\u201cKad\u0131n\u0131n bar\u0131\u015f demek oldu\u011funu hatta bilfiil bar\u0131\u015f\u0131 temsil etti\u011fini, kad\u0131n\u0131n liderlik etti\u011fi \u00fclkelerin, daima bar\u0131\u015ftan yana bir safta yer ald\u0131\u011f\u0131n\u0131, bunun bir nedeninin de kad\u0131nlar\u0131n d\u00fcnyaya<span class=\"excerpt-hellip\"> [\u2026]<\/span><\/p>\n","protected":false},"featured_media":0,"template":"","meta":{"_monsterinsights_skip_tracking":false,"_monsterinsights_sitenote_active":false,"_monsterinsights_sitenote_note":"","_monsterinsights_sitenote_category":0},"product_brand":[],"product_cat":[14009,12291],"product_tag":[],"class_list":{"0":"post-766698","1":"product","2":"type-product","3":"status-publish","5":"product_cat-biyografi-otobiyografi-edebiyat","6":"product_cat-edebiyat","7":"pa_cilt-ciltsiz","8":"pa_tur-kitap","9":"pa_yayinevi-kirmizi-kedi-yayinevi","10":"pa_yazar-senay-gunay","12":"first","13":"instock","14":"sale","15":"shipping-taxable","16":"purchasable","17":"product-type-simple"},"_links":{"self":[{"href":"https:\/\/roveyayinevi.com.tr\/index.php\/wp-json\/wp\/v2\/product\/766698","targetHints":{"allow":["GET"]}}],"collection":[{"href":"https:\/\/roveyayinevi.com.tr\/index.php\/wp-json\/wp\/v2\/product"}],"about":[{"href":"https:\/\/roveyayinevi.com.tr\/index.php\/wp-json\/wp\/v2\/types\/product"}],"wp:attachment":[{"href":"https:\/\/roveyayinevi.com.tr\/index.php\/wp-json\/wp\/v2\/media?parent=766698"}],"wp:term":[{"taxonomy":"product_brand","embeddable":true,"href":"https:\/\/roveyayinevi.com.tr\/index.php\/wp-json\/wp\/v2\/product_brand?post=766698"},{"taxonomy":"product_cat","embeddable":true,"href":"https:\/\/roveyayinevi.com.tr\/index.php\/wp-json\/wp\/v2\/product_cat?post=766698"},{"taxonomy":"product_tag","embeddable":true,"href":"https:\/\/roveyayinevi.com.tr\/index.php\/wp-json\/wp\/v2\/product_tag?post=766698"}],"curies":[{"name":"wp","href":"https:\/\/api.w.org\/{rel}","templated":true}]}}