{"id":766688,"date":"2025-08-28T12:21:48","date_gmt":"2025-08-28T09:21:48","guid":{"rendered":"https:\/\/roveyayinevi.com.tr\/index.php\/urun\/kul-terazisi\/"},"modified":"2026-04-15T03:32:36","modified_gmt":"2026-04-15T00:32:36","slug":"kul-terazisi","status":"publish","type":"product","link":"https:\/\/roveyayinevi.com.tr\/index.php\/urun\/kul-terazisi\/","title":{"rendered":"Kul Terazisi"},"content":{"rendered":"<p>Ali Kiper, okurlar\u0131n\u0131 bir kez daha hayal g\u00fcc\u00fcn\u00fcn derinliklerine davet ediyor. Bu ikinci \u00f6yk\u00fc kitab\u0131nda, birbirinden farkl\u0131 ve etkileyici hik\u00e2yelerle kar\u015f\u0131m\u0131za \u00e7\u0131k\u0131yor. Her bir \u00f6yk\u00fc, ya\u015fam\u0131n s\u0131radan anlar\u0131na dokunarak, i\u00e7sel yolculuklar ve beklenmedik kar\u015f\u0131la\u015fmalar sunuyor. Kiper, ustaca kaleme ald\u0131\u011f\u0131 karakterlerle, okuyucuyu duygusal bir yolculu\u011fa \u00e7\u0131kar\u0131yor; yaln\u0131zl\u0131k, dostluk, cesaret ve umut temalar\u0131n\u0131 derinlemesine i\u015fliyor. Sayfalar aras\u0131nda kaybolmaya ve yeni ke\u015fifler yapmaya haz\u0131r olun. Bu kitap, hayata dair \u00f6nemli bir an\u0131, bir g\u00fcl\u00fcmseme ya da bir g\u00f6zya\u015f\u0131 b\u0131rakacak\u2026 <\/p>\n","protected":false},"excerpt":{"rendered":"<p>Ali Kiper, okurlar\u0131n\u0131 bir kez daha hayal g\u00fcc\u00fcn\u00fcn derinliklerine davet ediyor. Bu ikinci \u00f6yk\u00fc kitab\u0131nda, birbirinden farkl\u0131 ve etkileyici hik\u00e2yelerle kar\u015f\u0131m\u0131za \u00e7\u0131k\u0131yor. Her bir \u00f6yk\u00fc, ya\u015fam\u0131n<span class=\"excerpt-hellip\"> [\u2026]<\/span><\/p>\n","protected":false},"featured_media":0,"template":"","meta":{"_monsterinsights_skip_tracking":false,"_monsterinsights_sitenote_active":false,"_monsterinsights_sitenote_note":"","_monsterinsights_sitenote_category":0},"product_brand":[],"product_cat":[12291,12711],"product_tag":[],"class_list":{"0":"post-766688","1":"product","2":"type-product","3":"status-publish","5":"product_cat-edebiyat","6":"product_cat-roman-oyku","7":"pa_cilt-ciltsiz","8":"pa_tur-kitap","9":"pa_yayinevi-servet-yayinevi","10":"pa_yazar-ali-kiper","12":"first","13":"instock","14":"sale","15":"shipping-taxable","16":"purchasable","17":"product-type-simple"},"_links":{"self":[{"href":"https:\/\/roveyayinevi.com.tr\/index.php\/wp-json\/wp\/v2\/product\/766688","targetHints":{"allow":["GET"]}}],"collection":[{"href":"https:\/\/roveyayinevi.com.tr\/index.php\/wp-json\/wp\/v2\/product"}],"about":[{"href":"https:\/\/roveyayinevi.com.tr\/index.php\/wp-json\/wp\/v2\/types\/product"}],"wp:attachment":[{"href":"https:\/\/roveyayinevi.com.tr\/index.php\/wp-json\/wp\/v2\/media?parent=766688"}],"wp:term":[{"taxonomy":"product_brand","embeddable":true,"href":"https:\/\/roveyayinevi.com.tr\/index.php\/wp-json\/wp\/v2\/product_brand?post=766688"},{"taxonomy":"product_cat","embeddable":true,"href":"https:\/\/roveyayinevi.com.tr\/index.php\/wp-json\/wp\/v2\/product_cat?post=766688"},{"taxonomy":"product_tag","embeddable":true,"href":"https:\/\/roveyayinevi.com.tr\/index.php\/wp-json\/wp\/v2\/product_tag?post=766688"}],"curies":[{"name":"wp","href":"https:\/\/api.w.org\/{rel}","templated":true}]}}