{"id":766681,"date":"2025-08-28T12:21:33","date_gmt":"2025-08-28T09:21:33","guid":{"rendered":"https:\/\/roveyayinevi.com.tr\/index.php\/urun\/bipolar-gunlukleri\/"},"modified":"2026-04-15T03:32:20","modified_gmt":"2026-04-15T00:32:20","slug":"bipolar-gunlukleri","status":"publish","type":"product","link":"https:\/\/roveyayinevi.com.tr\/index.php\/urun\/bipolar-gunlukleri\/","title":{"rendered":"Bipolar G\u00fcnl\u00fckleri"},"content":{"rendered":"<p>Bipolar nedir? Doktorlar F31 Bipolar Affektif Bozukluk diyor. \u00c7ift kutuplu duygudurum bozuklu\u011fu. Bir kutbu depresyon yani duygular\u0131n yoksunlu\u011fu, di\u011fer kutbuysa mani duygular\u0131n ta\u015fk\u0131nl\u0131\u011f\u0131. Psikotik etkili safhalar\u0131nda sanr\u0131lar\u0131n, hal\u00fcsinasyonlar\u0131n oldu\u011fu bir psikiyatrik rahats\u0131zl\u0131k ama bir bipolar\u0131n kelimelerinde bipolar nedir?   Benim kelimelerimde bipolar; \u00fczerine \u00e7\u00f6km\u00fc\u015f bir lanet ve karanl\u0131k bir l\u00fctuftur. En mutlu anlarda dahi soldu\u011fun lakin en karanl\u0131k anlar\u0131nda dahi seni ye\u015ferten bir lanet, bir l\u00fctuftur. Ama ger\u00e7ek \u015fudur ki hi\u00e7biri ger\u00e7ek de\u011fil.   Peki ya t\u00fcm bu u\u011fra\u015f t\u00fcm bu \u015fiirler niye? Bu karanl\u0131k l\u00fctuf, bu \u00fczerine \u00e7\u00f6km\u00fc\u015f lanet dokundu\u011fun her \u015feyi soldurur. \u00d6l\u00fc Adam\u0131n hikayesinde \u015eark\u0131y\u0131 soldurdu\u011fu gibi&#8230; \u0130ki ruhu tek yap\u0131p o ruhu yakmak gibi\u2026   Ondan hi\u00e7 \u00f6z\u00fcr dileyemedim, hak etmedi\u011fim bu l\u00fctfu bana hi\u00e7 vermedi\u2026 T\u00fcm bu u\u011fra\u015f t\u00fcm bu \u015fiirler \u201cBELK\u0130 B\u0130RG\u00dcN O DA G\u00d6R\u00dcR D\u0130YE\u2026 BELK\u0130 B\u0130RG\u00dcN \u015eARKI BEN\u0130 DUYAR D\u0130YE\u2026\u201d Hakk\u0131m olmasa da \u00f6z\u00fcr dilerim Min\u2026 Bu kitab\u0131n yazar\u0131n\u0131n geliri, ba\u015fka \u00d6l\u00fc Adamlar olmas\u0131n diye ba\u011f\u0131ml\u0131l\u0131kla m\u00fccadele i\u00e7in AMATEM&#8217;e ba\u011f\u0131\u015flanmaktad\u0131r.<\/p>\n","protected":false},"excerpt":{"rendered":"<p>Bipolar nedir? Doktorlar F31 Bipolar Affektif Bozukluk diyor. \u00c7ift kutuplu duygudurum bozuklu\u011fu. Bir kutbu depresyon yani duygular\u0131n yoksunlu\u011fu, di\u011fer kutbuysa mani duygular\u0131n ta\u015fk\u0131nl\u0131\u011f\u0131. Psikotik etkili safhalar\u0131nda<span class=\"excerpt-hellip\"> [\u2026]<\/span><\/p>\n","protected":false},"featured_media":0,"template":"","meta":{"_monsterinsights_skip_tracking":false,"_monsterinsights_sitenote_active":false,"_monsterinsights_sitenote_note":"","_monsterinsights_sitenote_category":0},"product_brand":[],"product_cat":[12291,12509],"product_tag":[],"class_list":{"0":"post-766681","1":"product","2":"type-product","3":"status-publish","5":"product_cat-edebiyat","6":"product_cat-siir","7":"pa_cilt-ciltsiz","8":"pa_tur-kitap","9":"pa_yayinevi-elpis-yayinlari","10":"pa_yazar-semih-coskun","12":"first","13":"instock","14":"sale","15":"shipping-taxable","16":"purchasable","17":"product-type-simple"},"_links":{"self":[{"href":"https:\/\/roveyayinevi.com.tr\/index.php\/wp-json\/wp\/v2\/product\/766681","targetHints":{"allow":["GET"]}}],"collection":[{"href":"https:\/\/roveyayinevi.com.tr\/index.php\/wp-json\/wp\/v2\/product"}],"about":[{"href":"https:\/\/roveyayinevi.com.tr\/index.php\/wp-json\/wp\/v2\/types\/product"}],"wp:attachment":[{"href":"https:\/\/roveyayinevi.com.tr\/index.php\/wp-json\/wp\/v2\/media?parent=766681"}],"wp:term":[{"taxonomy":"product_brand","embeddable":true,"href":"https:\/\/roveyayinevi.com.tr\/index.php\/wp-json\/wp\/v2\/product_brand?post=766681"},{"taxonomy":"product_cat","embeddable":true,"href":"https:\/\/roveyayinevi.com.tr\/index.php\/wp-json\/wp\/v2\/product_cat?post=766681"},{"taxonomy":"product_tag","embeddable":true,"href":"https:\/\/roveyayinevi.com.tr\/index.php\/wp-json\/wp\/v2\/product_tag?post=766681"}],"curies":[{"name":"wp","href":"https:\/\/api.w.org\/{rel}","templated":true}]}}