{"id":766656,"date":"2025-08-28T12:20:46","date_gmt":"2025-08-28T09:20:46","guid":{"rendered":"https:\/\/roveyayinevi.com.tr\/index.php\/urun\/kaldirimda-acan-cicek\/"},"modified":"2026-04-15T03:32:19","modified_gmt":"2026-04-15T00:32:19","slug":"kaldirimda-acan-cicek","status":"publish","type":"product","link":"https:\/\/roveyayinevi.com.tr\/index.php\/urun\/kaldirimda-acan-cicek\/","title":{"rendered":"Kald\u0131r\u0131mda A\u00e7an \u00c7i\u00e7ek"},"content":{"rendered":"<p>Ya\u015fam uzun soluklu bir yolculuktur. Bu yolculu\u011fun sizi nereye ve nas\u0131l g\u00f6t\u00fcrece\u011fini kimse bilemez. Zaman ge\u00e7er, mevsimler de\u011fi\u015fir, haftalar biter. G\u00f6zlerinizi a\u00e7\u0131p, kafan\u0131z\u0131 kald\u0131rd\u0131\u011f\u0131n\u0131zda geldi\u011finiz noktada asla olmaman\u0131z gerekti\u011finizi d\u00fc\u015f\u00fcn\u00fcyorsan\u0131z kararlar al\u0131rs\u0131n\u0131z. Alm\u0131\u015f oldu\u011funuz bu kararlar sizin hayat\u0131n\u0131zdaki d\u00f6n\u00fcm noktalar\u0131n\u0131z olur. Benim \u00fc\u00e7 d\u00f6n\u00fcm noktam oldu; do\u011fdu\u011fum evi, hayat\u0131 ve hi\u00e7 ya\u015fayamad\u0131\u011f\u0131m \u00e7ocuklu\u011fumu yok saymak, sevdi\u011fim insan\u0131n hayat\u0131ma girmesi ve k\u0131zlar\u0131m\u0131n do\u011fumu\u2026 Ben kim miyim? Erva. Kald\u0131r\u0131mda a\u00e7an bir \u00e7i\u00e7ek. Hayat\u0131m boyunca kendimi kald\u0131r\u0131mda a\u00e7an \u00e7i\u00e7eklere benzettim. T\u00fcm zorluklara ra\u011fmen, renkleri ve azmi ile hayatta \u201cben buraday\u0131m\u201d diyebilen ve a\u00e7maktan bir an olsun bile vazge\u00e7meyen. Ne demi\u015fti H\u00fcnk\u00e2r Hac\u0131 Bekta\u015f-\u0131 Veli, \u201cOkunacak en b\u00fcy\u00fck kitap insand\u0131r.\u201d <\/p>\n","protected":false},"excerpt":{"rendered":"<p>Ya\u015fam uzun soluklu bir yolculuktur. Bu yolculu\u011fun sizi nereye ve nas\u0131l g\u00f6t\u00fcrece\u011fini kimse bilemez. Zaman ge\u00e7er, mevsimler de\u011fi\u015fir, haftalar biter. G\u00f6zlerinizi a\u00e7\u0131p, kafan\u0131z\u0131 kald\u0131rd\u0131\u011f\u0131n\u0131zda geldi\u011finiz noktada<span class=\"excerpt-hellip\"> [\u2026]<\/span><\/p>\n","protected":false},"featured_media":0,"template":"","meta":{"_monsterinsights_skip_tracking":false,"_monsterinsights_sitenote_active":false,"_monsterinsights_sitenote_note":"","_monsterinsights_sitenote_category":0},"product_brand":[],"product_cat":[12291,12711],"product_tag":[],"class_list":{"0":"post-766656","1":"product","2":"type-product","3":"status-publish","5":"product_cat-edebiyat","6":"product_cat-roman-oyku","7":"pa_cilt-ciltsiz","8":"pa_tur-kitap","9":"pa_yayinevi-gulnar-yayinlari","10":"pa_yazar-burcak-sorhun","12":"first","13":"instock","14":"sale","15":"shipping-taxable","16":"purchasable","17":"product-type-simple"},"_links":{"self":[{"href":"https:\/\/roveyayinevi.com.tr\/index.php\/wp-json\/wp\/v2\/product\/766656","targetHints":{"allow":["GET"]}}],"collection":[{"href":"https:\/\/roveyayinevi.com.tr\/index.php\/wp-json\/wp\/v2\/product"}],"about":[{"href":"https:\/\/roveyayinevi.com.tr\/index.php\/wp-json\/wp\/v2\/types\/product"}],"wp:attachment":[{"href":"https:\/\/roveyayinevi.com.tr\/index.php\/wp-json\/wp\/v2\/media?parent=766656"}],"wp:term":[{"taxonomy":"product_brand","embeddable":true,"href":"https:\/\/roveyayinevi.com.tr\/index.php\/wp-json\/wp\/v2\/product_brand?post=766656"},{"taxonomy":"product_cat","embeddable":true,"href":"https:\/\/roveyayinevi.com.tr\/index.php\/wp-json\/wp\/v2\/product_cat?post=766656"},{"taxonomy":"product_tag","embeddable":true,"href":"https:\/\/roveyayinevi.com.tr\/index.php\/wp-json\/wp\/v2\/product_tag?post=766656"}],"curies":[{"name":"wp","href":"https:\/\/api.w.org\/{rel}","templated":true}]}}