{"id":766631,"date":"2025-08-28T12:19:57","date_gmt":"2025-08-28T09:19:57","guid":{"rendered":"https:\/\/roveyayinevi.com.tr\/index.php\/urun\/dalgalari-yonetmek\/"},"modified":"2026-04-13T03:27:50","modified_gmt":"2026-04-13T00:27:50","slug":"dalgalari-yonetmek","status":"publish","type":"product","link":"https:\/\/roveyayinevi.com.tr\/index.php\/urun\/dalgalari-yonetmek\/","title":{"rendered":"Dalgalar\u0131 Y\u00f6netmek"},"content":{"rendered":"<p>\u0130\u015e D\u00dcNYASINDA ROTANIZI DO\u011eRU \u00c7\u0130Z\u0130N!   Liderlik sadece bir g\u00f6rev de\u011fil, ke\u015ffedilmesi gereken bir sanatt\u0131r. T\u0131pk\u0131 denizcilikte oldu\u011fu gibi cesaret, bilgi ve \u00f6\u011frenmeye a\u00e7\u0131k olmay\u0131 gerektirir. F\u0131rt\u0131nal\u0131 denizlerde bir kaptan gibi yol almak zorunda kalan her y\u00f6netici, kar\u015f\u0131s\u0131na \u00e7\u0131kan engelleri a\u015fmak i\u00e7in sa\u011flam bir rehberlik becerisine ihtiya\u00e7 duyar.   Bu kitapta, i\u015f d\u00fcnyas\u0131ndaki otuz y\u0131ll\u0131k deneyimimi ve on \u00fc\u00e7 y\u0131ll\u0131k yelkencilik tutkumla \u015fekillenen liderlik anlay\u0131\u015f\u0131m\u0131 sizinle payla\u015fmak istedim. Amac\u0131m bu zorlu yolculukta sizlere denizcilik metaforlar\u0131yla hem samimi hem de farkl\u0131 bir bak\u0131\u015f a\u00e7\u0131s\u0131 sunmak. \u0130\u015f d\u00fcnyas\u0131n\u0131n dev dalgalar\u0131n\u0131 a\u015fman\u0131n, y\u00f6n bulman\u0131n, dijital d\u00f6n\u00fc\u015f\u00fcm \u00e7a\u011f\u0131nda kendiniz ve ekibiniz i\u00e7in do\u011fru ad\u0131mlar\u0131 atman\u0131n yeni yollar\u0131n\u0131 g\u00f6stermek. Liderlik ve denizcilik aras\u0131ndaki paralellikleri fark ederek ki\u015fisel ve profesyonel ya\u015fam\u0131n\u0131za de\u011fer katacak pratik bilgilere ula\u015fman\u0131za yard\u0131mc\u0131 olmak.   Engin denizler gibi s\u00fcrekli de\u011fi\u015fen i\u015f d\u00fcnyas\u0131nda g\u00fcvenle yol alman\u0131z\u0131, diren\u00e7li ve vizyoner bir kaptan olman\u0131z\u0131 dilerim. <\/p>\n","protected":false},"excerpt":{"rendered":"<p>\u0130\u015e D\u00dcNYASINDA ROTANIZI DO\u011eRU \u00c7\u0130Z\u0130N! Liderlik sadece bir g\u00f6rev de\u011fil, ke\u015ffedilmesi gereken bir sanatt\u0131r. T\u0131pk\u0131 denizcilikte oldu\u011fu gibi cesaret, bilgi ve \u00f6\u011frenmeye a\u00e7\u0131k olmay\u0131 gerektirir. F\u0131rt\u0131nal\u0131<span class=\"excerpt-hellip\"> [\u2026]<\/span><\/p>\n","protected":false},"featured_media":0,"template":"","meta":{"_monsterinsights_skip_tracking":false,"_monsterinsights_sitenote_active":false,"_monsterinsights_sitenote_note":"","_monsterinsights_sitenote_category":0},"product_brand":[],"product_cat":[13043,17647],"product_tag":[],"class_list":{"0":"post-766631","1":"product","2":"type-product","3":"status-publish","5":"product_cat-ekonomi","6":"product_cat-is-dunyasi","7":"pa_cilt-ciltsiz","8":"pa_tur-kitap","9":"pa_yayinevi-destek-yayinlari","10":"pa_yazar-kadir-siginmis","12":"first","13":"instock","14":"sale","15":"shipping-taxable","16":"purchasable","17":"product-type-simple"},"_links":{"self":[{"href":"https:\/\/roveyayinevi.com.tr\/index.php\/wp-json\/wp\/v2\/product\/766631","targetHints":{"allow":["GET"]}}],"collection":[{"href":"https:\/\/roveyayinevi.com.tr\/index.php\/wp-json\/wp\/v2\/product"}],"about":[{"href":"https:\/\/roveyayinevi.com.tr\/index.php\/wp-json\/wp\/v2\/types\/product"}],"wp:attachment":[{"href":"https:\/\/roveyayinevi.com.tr\/index.php\/wp-json\/wp\/v2\/media?parent=766631"}],"wp:term":[{"taxonomy":"product_brand","embeddable":true,"href":"https:\/\/roveyayinevi.com.tr\/index.php\/wp-json\/wp\/v2\/product_brand?post=766631"},{"taxonomy":"product_cat","embeddable":true,"href":"https:\/\/roveyayinevi.com.tr\/index.php\/wp-json\/wp\/v2\/product_cat?post=766631"},{"taxonomy":"product_tag","embeddable":true,"href":"https:\/\/roveyayinevi.com.tr\/index.php\/wp-json\/wp\/v2\/product_tag?post=766631"}],"curies":[{"name":"wp","href":"https:\/\/api.w.org\/{rel}","templated":true}]}}