{"id":766618,"date":"2025-08-28T12:19:23","date_gmt":"2025-08-28T09:19:23","guid":{"rendered":"https:\/\/roveyayinevi.com.tr\/index.php\/urun\/turk-tarihi-kronolojisi\/"},"modified":"2026-04-15T03:32:18","modified_gmt":"2026-04-15T00:32:18","slug":"turk-tarihi-kronolojisi","status":"publish","type":"product","link":"https:\/\/roveyayinevi.com.tr\/index.php\/urun\/turk-tarihi-kronolojisi\/","title":{"rendered":"T\u00fcrk Tarihi Kronolojisi"},"content":{"rendered":"<p>T\u00fcrk tarihi \u00c7in, Rus, Arap veya Bat\u0131 kaynaklar\u0131na dayan\u0131larak yaz\u0131ld\u0131\u011f\u0131 s\u00fcrece; T\u00fcrklerin T\u00fcrk olmad\u0131\u011f\u0131, isimlerinin bile T\u00fcrk\u00e7e olmad\u0131\u011f\u0131, g\u00f6\u00e7ebe olduklar\u0131, barbar olduklar\u0131, soyk\u0131r\u0131mlar yapt\u0131klar\u0131, medeniyete hi\u00e7bir katk\u0131 yapmad\u0131klar\u0131 vb. olumsuz (yalan) s\u00f6ylenceler hep olacakt\u0131r.         Ne zaman ki T\u00fcrk Tarihini, tarafs\u0131z tarih\u00e7iler ve\/veya T\u00fcrk duygular\u0131na da sahip tarih\u00e7iler yazacak, o zaman T\u00fcrk\u2019\u00fcn b\u00fcy\u00fckl\u00fc\u011f\u00fc, tarihe ve d\u00fcnyaya katk\u0131lar\u0131 ortaya \u00e7\u0131kacakt\u0131r\u2026        Her ne kadar \u201cT\u00fcrk\u2019\u00fcn d\u00fcnya tarihine b\u00fcy\u00fck etkisinin reddi\u201d politikas\u0131 devam etse de, baz\u0131 yabanc\u0131 tarih\u00e7ilerin T\u00fcrkler hakk\u0131ndaki \u00e7\u0131kar\u0131mlar\u0131 dikkat \u00e7ekicidir.        \u00d6rne\u011fin Prof. Dr. Fritz Neumark\u2019a g\u00f6re; \u201cTarihten T\u00fcrk \u00e7\u0131kar\u0131l\u0131rsa, tarih kalmaz.\u201d <\/p>\n","protected":false},"excerpt":{"rendered":"<p>T\u00fcrk tarihi \u00c7in, Rus, Arap veya Bat\u0131 kaynaklar\u0131na dayan\u0131larak yaz\u0131ld\u0131\u011f\u0131 s\u00fcrece; T\u00fcrklerin T\u00fcrk olmad\u0131\u011f\u0131, isimlerinin bile T\u00fcrk\u00e7e olmad\u0131\u011f\u0131, g\u00f6\u00e7ebe olduklar\u0131, barbar olduklar\u0131, soyk\u0131r\u0131mlar yapt\u0131klar\u0131, medeniyete hi\u00e7bir<span class=\"excerpt-hellip\"> [\u2026]<\/span><\/p>\n","protected":false},"featured_media":0,"template":"","meta":{"_monsterinsights_skip_tracking":false,"_monsterinsights_sitenote_active":false,"_monsterinsights_sitenote_note":"","_monsterinsights_sitenote_category":0},"product_brand":[],"product_cat":[12312,12304],"product_tag":[],"class_list":{"0":"post-766618","1":"product","2":"type-product","3":"status-publish","5":"product_cat-diger","6":"product_cat-tarih","7":"pa_cilt-ciltsiz","8":"pa_tur-kitap","9":"pa_yayinevi-galeati-yayincilik","10":"pa_yazar-kenan-saglam","12":"first","13":"instock","14":"sale","15":"shipping-taxable","16":"purchasable","17":"product-type-simple"},"_links":{"self":[{"href":"https:\/\/roveyayinevi.com.tr\/index.php\/wp-json\/wp\/v2\/product\/766618","targetHints":{"allow":["GET"]}}],"collection":[{"href":"https:\/\/roveyayinevi.com.tr\/index.php\/wp-json\/wp\/v2\/product"}],"about":[{"href":"https:\/\/roveyayinevi.com.tr\/index.php\/wp-json\/wp\/v2\/types\/product"}],"wp:attachment":[{"href":"https:\/\/roveyayinevi.com.tr\/index.php\/wp-json\/wp\/v2\/media?parent=766618"}],"wp:term":[{"taxonomy":"product_brand","embeddable":true,"href":"https:\/\/roveyayinevi.com.tr\/index.php\/wp-json\/wp\/v2\/product_brand?post=766618"},{"taxonomy":"product_cat","embeddable":true,"href":"https:\/\/roveyayinevi.com.tr\/index.php\/wp-json\/wp\/v2\/product_cat?post=766618"},{"taxonomy":"product_tag","embeddable":true,"href":"https:\/\/roveyayinevi.com.tr\/index.php\/wp-json\/wp\/v2\/product_tag?post=766618"}],"curies":[{"name":"wp","href":"https:\/\/api.w.org\/{rel}","templated":true}]}}