{"id":766616,"date":"2025-08-28T12:19:20","date_gmt":"2025-08-28T09:19:20","guid":{"rendered":"https:\/\/roveyayinevi.com.tr\/index.php\/urun\/gorunusleri-kurtarmak-2\/"},"modified":"2026-04-15T03:32:18","modified_gmt":"2026-04-15T00:32:18","slug":"gorunusleri-kurtarmak-2","status":"publish","type":"product","link":"https:\/\/roveyayinevi.com.tr\/index.php\/urun\/gorunusleri-kurtarmak-2\/","title":{"rendered":"G\u00f6r\u00fcn\u00fc\u015fleri Kurtarmak"},"content":{"rendered":"<p>Bat\u0131\u2019da uzun bir s\u00fcre boyunca bilimin tarihi kesintisiz bir ilerleme, insan\u0131n d\u00fcnyaya ad\u0131m ad\u0131m h\u00e2kim oldu\u011fu bir yetkinle\u015fme s\u00fcreci olarak anlat\u0131ld\u0131. Oysa bilim tarihi ve felsefesi alanlar\u0131nda 20. y\u00fczy\u0131l\u0131n ba\u015f\u0131ndan beri yap\u0131lan \u00e7al\u0131\u015fmalar bu ba\u015far\u0131 tablosundaki \u00e7atlaklar\u0131 ve k\u0131r\u0131lmalar\u0131 da g\u00f6zler \u00f6n\u00fcne sererek bu anlat\u0131ya son y\u00fczy\u0131lda a\u011f\u0131r bir darbe vurdu. Evrenin merkezinde Yerk\u00fcre\u2019nin bulundu\u011fu bir sistemden G\u00fcne\u015f\u2019in bulundu\u011fu sisteme ge\u00e7i\u015f p\u00fcr\u00fczs\u00fcz olmad\u0131\u011f\u0131 gibi, astronomlar\u0131n g\u00f6kcisimlerinin eski fizi\u011fin kuramlar\u0131yla a\u00e7\u0131klayamad\u0131klar\u0131 \u201cg\u00f6r\u00fcn\u00fcr\u201d hareketlerine tatmin edici bir a\u00e7\u0131klama getirmelerine her zaman izin de vermedi. Hatta kimi durumlarda bunu daha da zorla\u015ft\u0131rd\u0131. Bilim tarihinin \u00f6nc\u00fc isimlerinden Pierre Duhem, G\u00f6r\u00fcn\u00fc\u015fleri Kurtarmak\u2019ta fizik ile astronomi aras\u0131nda k\u00e2h gerilen k\u00e2h gev\u015feyen bu ili\u015fkilerin izini Platon\u2019dan itibaren modern astronominin kurucular\u0131ndan Galileo\u2019ya kadar s\u00fcr\u00fcyor. Bilimsel kuramlar\u0131n her zaman do\u011frulara ula\u015ft\u0131rmayan, bazen \u201cyeterince kullan\u0131\u015fl\u0131\u201d olmakla yetinmek zorunda kalan kusurlu insan \u00fcr\u00fcnleri olduklar\u0131n\u0131, bizzat onlar\u0131 olu\u015fturan ve ele\u015ftiren d\u00fc\u015f\u00fcn\u00fcrlerin kat\u0131ld\u0131\u011f\u0131, y\u00fczy\u0131llar\u0131 a\u015fan bir s\u00f6yle\u015fide ortaya koyuyor. Bilimin tarihine merakl\u0131 herkesi bilimsel bilginin do\u011fas\u0131 \u00fczerine d\u00fc\u015f\u00fcnmeye ve kuramlar\u0131n g\u00f6zlemlerle nas\u0131l bir ili\u015fki kurdu\u011funu anlamaya davet ediyor.<\/p>\n","protected":false},"excerpt":{"rendered":"<p>Bat\u0131\u2019da uzun bir s\u00fcre boyunca bilimin tarihi kesintisiz bir ilerleme, insan\u0131n d\u00fcnyaya ad\u0131m ad\u0131m h\u00e2kim oldu\u011fu bir yetkinle\u015fme s\u00fcreci olarak anlat\u0131ld\u0131. Oysa bilim tarihi ve felsefesi<span class=\"excerpt-hellip\"> [\u2026]<\/span><\/p>\n","protected":false},"featured_media":0,"template":"","meta":{"_monsterinsights_skip_tracking":false,"_monsterinsights_sitenote_active":false,"_monsterinsights_sitenote_note":"","_monsterinsights_sitenote_category":0},"product_brand":[],"product_cat":[12388],"product_tag":[],"class_list":{"0":"post-766616","1":"product","2":"type-product","3":"status-publish","5":"product_cat-felsefe","6":"pa_cilt-ciltsiz","7":"pa_tur-kitap","8":"pa_yayinevi-fol-kitap","9":"pa_yazar-pierre-duhem","11":"first","12":"instock","13":"sale","14":"shipping-taxable","15":"purchasable","16":"product-type-simple"},"_links":{"self":[{"href":"https:\/\/roveyayinevi.com.tr\/index.php\/wp-json\/wp\/v2\/product\/766616","targetHints":{"allow":["GET"]}}],"collection":[{"href":"https:\/\/roveyayinevi.com.tr\/index.php\/wp-json\/wp\/v2\/product"}],"about":[{"href":"https:\/\/roveyayinevi.com.tr\/index.php\/wp-json\/wp\/v2\/types\/product"}],"wp:attachment":[{"href":"https:\/\/roveyayinevi.com.tr\/index.php\/wp-json\/wp\/v2\/media?parent=766616"}],"wp:term":[{"taxonomy":"product_brand","embeddable":true,"href":"https:\/\/roveyayinevi.com.tr\/index.php\/wp-json\/wp\/v2\/product_brand?post=766616"},{"taxonomy":"product_cat","embeddable":true,"href":"https:\/\/roveyayinevi.com.tr\/index.php\/wp-json\/wp\/v2\/product_cat?post=766616"},{"taxonomy":"product_tag","embeddable":true,"href":"https:\/\/roveyayinevi.com.tr\/index.php\/wp-json\/wp\/v2\/product_tag?post=766616"}],"curies":[{"name":"wp","href":"https:\/\/api.w.org\/{rel}","templated":true}]}}