{"id":766615,"date":"2025-08-28T12:19:18","date_gmt":"2025-08-28T09:19:18","guid":{"rendered":"https:\/\/roveyayinevi.com.tr\/index.php\/urun\/askeri-devrimlerin-dinamikleri-savasin-degisen-yuzu-1300-2050\/"},"modified":"2026-04-15T03:32:18","modified_gmt":"2026-04-15T00:32:18","slug":"askeri-devrimlerin-dinamikleri-savasin-degisen-yuzu-1300-2050","status":"publish","type":"product","link":"https:\/\/roveyayinevi.com.tr\/index.php\/urun\/askeri-devrimlerin-dinamikleri-savasin-degisen-yuzu-1300-2050\/","title":{"rendered":"Askeri Devrimlerin Dinamikleri \u2013Sava\u015f\u0131n De\u011fi\u015fen Y\u00fcz\u00fc, 1300-2050"},"content":{"rendered":"<p>D\u00fcnyan\u0131n d\u00f6rt bir yan\u0131nda b\u00f6lgesel sava\u015f riskinin iyice artt\u0131\u011f\u0131 \u015fu d\u00f6nemde, sava\u015f\u0131n ne oldu\u011fu kadar nas\u0131l de\u011fi\u015fti\u011fi sorusu da yeniden \u00f6nem kazan\u0131yor. Sava\u015f alan\u0131nda silahl\u0131 insans\u0131z hava ara\u00e7lar\u0131n\u0131n, otonom silah sistemlerinin, paral\u0131 ordular\u0131n rol\u00fc gitgide art\u0131yor. Siber sava\u015ftan, yeni psikolojik harp tekniklerine kadar uzanan, daha \u00f6nce g\u00f6r\u00fclmemi\u015f yeni teknolojiler ve taktikler devreye sokuluyor. Uluslararas\u0131 mekanizmalar\u0131n zay\u0131flamas\u0131, b\u00f6yle bir ortamda devletlerin ve toplumlar\u0131n g\u00fcvenlik anlay\u0131\u015f\u0131n\u0131 da derinden etkiliyor. Yeni sava\u015f bi\u00e7imleri ve devletlerin yeni \u015fartlara uyum sa\u011flama \u00e7abas\u0131, \u00e7at\u0131\u015fmalar\u0131n dinamiklerini ve etkile\u015fimlerini de\u011fi\u015ftiriyor ve bu durum siyaset\u00e7iler ve ordular\u0131n yan\u0131 s\u0131ra tarih\u00e7iler, sosyal bilimciler ve ne olup bitti\u011fini anlamaya \u00e7al\u0131\u015fan s\u0131radan insanlar i\u00e7in de \u00f6nemli bir tart\u0131\u015fma alan\u0131 olu\u015fturuyor. Askeri Devrimlerin Dinamikleri i\u015fte bu tart\u0131\u015fmay\u0131 genel bir \u00e7er\u00e7eveye oturtarak tarih boyunca sava\u015flarda, asker\u00ee stratejilerde ve taktiklerde meydana gelen devrimlere ve bu devrimlerin sonu\u00e7lar\u0131na derinlemesine bir bak\u0131\u015f sunuyor. Orta\u00e7a\u011f\u0131n meydan muharebelerinden Napolyon Sava\u015flar\u0131\u2019na, D\u00fcnya Sava\u015flar\u0131n\u0131n deh\u015fetinden g\u00fcn\u00fcm\u00fcz\u00fcn d\u00fc\u015f\u00fck yo\u011funluklu \u00e7at\u0131\u015fmalar\u0131na; barutun icad\u0131ndan n\u00fckleer silahlara ve \u00f6tesine kadar, sava\u015f\u0131n de\u011fi\u015fen y\u00fcz\u00fcn\u00fcn izini s\u00fcr\u00fcyor. Sava\u015flar\u0131n sadece bir g\u00fc\u00e7 m\u00fccadelesi olmad\u0131\u011f\u0131n\u0131, karma\u015f\u0131k insan ili\u015fkilerinin ve sosyal yap\u0131lar\u0131n bir yans\u0131mas\u0131 oldu\u011funu, yaln\u0131zca teknolojik yeniliklerle de\u011fil, devrim niteli\u011finde k\u00fclt\u00fcrel ve ideolojik d\u00f6n\u00fc\u015f\u00fcmlerle de \u015fekillendi\u011fini ortaya koyarak, okura bu de\u011fi\u015fimin k\u00f6kenlerini ve sonu\u00e7lar\u0131n\u0131 sorgulama f\u0131rsat\u0131 veriyor.<\/p>\n","protected":false},"excerpt":{"rendered":"<p>D\u00fcnyan\u0131n d\u00f6rt bir yan\u0131nda b\u00f6lgesel sava\u015f riskinin iyice artt\u0131\u011f\u0131 \u015fu d\u00f6nemde, sava\u015f\u0131n ne oldu\u011fu kadar nas\u0131l de\u011fi\u015fti\u011fi sorusu da yeniden \u00f6nem kazan\u0131yor. Sava\u015f alan\u0131nda silahl\u0131 insans\u0131z<span class=\"excerpt-hellip\"> [\u2026]<\/span><\/p>\n","protected":false},"featured_media":0,"template":"","meta":{"_monsterinsights_skip_tracking":false,"_monsterinsights_sitenote_active":false,"_monsterinsights_sitenote_note":"","_monsterinsights_sitenote_category":0},"product_brand":[],"product_cat":[12304],"product_tag":[],"class_list":{"0":"post-766615","1":"product","2":"type-product","3":"status-publish","5":"product_cat-tarih","6":"pa_cilt-ciltsiz","7":"pa_tur-kitap","8":"pa_yayinevi-fol-kitap","9":"pa_yazar-macgregor-knox-williamson-murray","11":"first","12":"instock","13":"sale","14":"shipping-taxable","15":"purchasable","16":"product-type-simple"},"_links":{"self":[{"href":"https:\/\/roveyayinevi.com.tr\/index.php\/wp-json\/wp\/v2\/product\/766615","targetHints":{"allow":["GET"]}}],"collection":[{"href":"https:\/\/roveyayinevi.com.tr\/index.php\/wp-json\/wp\/v2\/product"}],"about":[{"href":"https:\/\/roveyayinevi.com.tr\/index.php\/wp-json\/wp\/v2\/types\/product"}],"wp:attachment":[{"href":"https:\/\/roveyayinevi.com.tr\/index.php\/wp-json\/wp\/v2\/media?parent=766615"}],"wp:term":[{"taxonomy":"product_brand","embeddable":true,"href":"https:\/\/roveyayinevi.com.tr\/index.php\/wp-json\/wp\/v2\/product_brand?post=766615"},{"taxonomy":"product_cat","embeddable":true,"href":"https:\/\/roveyayinevi.com.tr\/index.php\/wp-json\/wp\/v2\/product_cat?post=766615"},{"taxonomy":"product_tag","embeddable":true,"href":"https:\/\/roveyayinevi.com.tr\/index.php\/wp-json\/wp\/v2\/product_tag?post=766615"}],"curies":[{"name":"wp","href":"https:\/\/api.w.org\/{rel}","templated":true}]}}