{"id":766612,"date":"2025-08-28T12:19:14","date_gmt":"2025-08-28T09:19:14","guid":{"rendered":"https:\/\/roveyayinevi.com.tr\/index.php\/urun\/kucuk-mozartlar-icin-nota-kartlari-kutulu\/"},"modified":"2025-11-21T11:08:03","modified_gmt":"2025-11-21T08:08:03","slug":"kucuk-mozartlar-icin-nota-kartlari-kutulu","status":"publish","type":"product","link":"https:\/\/roveyayinevi.com.tr\/index.php\/urun\/kucuk-mozartlar-icin-nota-kartlari-kutulu\/","title":{"rendered":"K\u00fc\u00e7\u00fck Mozartlar \u0130\u00e7in Nota Kartlar\u0131 (Kutulu)"},"content":{"rendered":"<p>\u0130\u015fte m\u00fczik \u00f6\u011frenimini kolayla\u015ft\u0131ran *Nota \u00c7al\u0131\u015fma Kartlar\u0131!* T\u00fcrk\u00e7e ve \u0130ngilizce olarak haz\u0131rlanan bu kartlar, m\u00fczik terimlerini e\u011flenceli ve kolay bir \u015fekilde \u00f6\u011frenmenizi sa\u011fl\u0131yor. Renkli ve g\u00f6rsel destekli tasar\u0131m\u0131 ile hem \u00e7ocuklar hem de yeti\u015fkinler i\u00e7in ideal! 60 karttan olu\u015fan bu set ile \u00f6\u011frenirken e\u011flenin, notalar art\u0131k \u00e7ok daha anla\u015f\u0131l\u0131r! Hem T\u00fcrk\u00e7e, Hem \u0130ngilizce! Uluslararas\u0131 \u00f6d\u00fcll\u00fc K\u00fc\u00e7\u00fck Mozartlar i\u00e7in Piyano Metodlar\u0131 yazar\u0131ndan yeni bir \u00e7al\u0131\u015fma. KONULAR Nota S\u00fcreleri Nota yerleri ve isimleri N\u00fcans terimleri Artik\u00fclasyon terimleri Tempo terimleri<\/p>\n","protected":false},"excerpt":{"rendered":"<p>\u0130\u015fte m\u00fczik \u00f6\u011frenimini kolayla\u015ft\u0131ran *Nota \u00c7al\u0131\u015fma Kartlar\u0131!* T\u00fcrk\u00e7e ve \u0130ngilizce olarak haz\u0131rlanan bu kartlar, m\u00fczik terimlerini e\u011flenceli ve kolay bir \u015fekilde \u00f6\u011frenmenizi sa\u011fl\u0131yor. Renkli ve g\u00f6rsel<span class=\"excerpt-hellip\"> [\u2026]<\/span><\/p>\n","protected":false},"featured_media":0,"template":"","meta":{"_monsterinsights_skip_tracking":false,"_monsterinsights_sitenote_active":false,"_monsterinsights_sitenote_note":"","_monsterinsights_sitenote_category":0},"product_brand":[],"product_cat":[14556,14557],"product_tag":[],"class_list":{"0":"post-766612","1":"product","2":"type-product","3":"status-publish","5":"product_cat-muzik","6":"product_cat-nota-kitaplari","7":"pa_cilt-ciltsiz","8":"pa_tur-kitap","9":"pa_yayinevi-katre-muzik-okulu-yayinlari","10":"pa_yazar-kolektif","12":"first","13":"instock","14":"sale","15":"shipping-taxable","16":"purchasable","17":"product-type-simple"},"_links":{"self":[{"href":"https:\/\/roveyayinevi.com.tr\/index.php\/wp-json\/wp\/v2\/product\/766612","targetHints":{"allow":["GET"]}}],"collection":[{"href":"https:\/\/roveyayinevi.com.tr\/index.php\/wp-json\/wp\/v2\/product"}],"about":[{"href":"https:\/\/roveyayinevi.com.tr\/index.php\/wp-json\/wp\/v2\/types\/product"}],"wp:attachment":[{"href":"https:\/\/roveyayinevi.com.tr\/index.php\/wp-json\/wp\/v2\/media?parent=766612"}],"wp:term":[{"taxonomy":"product_brand","embeddable":true,"href":"https:\/\/roveyayinevi.com.tr\/index.php\/wp-json\/wp\/v2\/product_brand?post=766612"},{"taxonomy":"product_cat","embeddable":true,"href":"https:\/\/roveyayinevi.com.tr\/index.php\/wp-json\/wp\/v2\/product_cat?post=766612"},{"taxonomy":"product_tag","embeddable":true,"href":"https:\/\/roveyayinevi.com.tr\/index.php\/wp-json\/wp\/v2\/product_tag?post=766612"}],"curies":[{"name":"wp","href":"https:\/\/api.w.org\/{rel}","templated":true}]}}