{"id":766560,"date":"2025-08-28T12:17:34","date_gmt":"2025-08-28T09:17:34","guid":{"rendered":"https:\/\/roveyayinevi.com.tr\/index.php\/urun\/otoportre-uzerine\/"},"modified":"2026-03-12T03:29:31","modified_gmt":"2026-03-12T00:29:31","slug":"otoportre-uzerine","status":"publish","type":"product","link":"https:\/\/roveyayinevi.com.tr\/index.php\/urun\/otoportre-uzerine\/","title":{"rendered":"Otoportre \u00dczerine"},"content":{"rendered":"<p>Sanat ele\u015ftirmeni, tarih\u00e7i, \u00f6\u011fretim g\u00f6revlisi ve yay\u0131nc\u0131 James Hall, otoportrenin tarihi \u00fczerine kaleme ald\u0131\u011f\u0131 kapsaml\u0131 \u00e7al\u0131\u015fmas\u0131ndan al\u0131nan b\u00f6l\u00fcmlerde olu\u015fan bu kitapta, otoportrecili\u011fin izini s\u00fcr\u00fcyor. Albrecht D\u00fcrer, Artemisia Gentileschi, Vincent van Gogh ve Frida Kahlo gibi sanat\u00e7\u0131lara odaklanan Hall, son derece pop\u00fcler, insanc\u0131l ve s\u0131kl\u0131kla kendine \u00f6zg\u00fc olan bu sanat formuna yepyeni bir enerjiyle yakla\u015f\u0131yor. <\/p>\n","protected":false},"excerpt":{"rendered":"<p>Sanat ele\u015ftirmeni, tarih\u00e7i, \u00f6\u011fretim g\u00f6revlisi ve yay\u0131nc\u0131 James Hall, otoportrenin tarihi \u00fczerine kaleme ald\u0131\u011f\u0131 kapsaml\u0131 \u00e7al\u0131\u015fmas\u0131ndan al\u0131nan b\u00f6l\u00fcmlerde olu\u015fan bu kitapta, otoportrecili\u011fin izini s\u00fcr\u00fcyor. Albrecht D\u00fcrer,<span class=\"excerpt-hellip\"> [\u2026]<\/span><\/p>\n","protected":false},"featured_media":0,"template":"","meta":{"_monsterinsights_skip_tracking":false,"_monsterinsights_sitenote_active":false,"_monsterinsights_sitenote_note":"","_monsterinsights_sitenote_category":0},"product_brand":[],"product_cat":[13548,12408],"product_tag":[],"class_list":{"0":"post-766560","1":"product","2":"type-product","3":"status-publish","5":"product_cat-kuram","6":"product_cat-sanat","7":"pa_cilt-ciltsiz","8":"pa_tur-kitap","9":"pa_yayinevi-hayalperest-yayinlari","10":"pa_yazar-james-hall","12":"first","13":"instock","14":"sale","15":"shipping-taxable","16":"purchasable","17":"product-type-simple"},"_links":{"self":[{"href":"https:\/\/roveyayinevi.com.tr\/index.php\/wp-json\/wp\/v2\/product\/766560","targetHints":{"allow":["GET"]}}],"collection":[{"href":"https:\/\/roveyayinevi.com.tr\/index.php\/wp-json\/wp\/v2\/product"}],"about":[{"href":"https:\/\/roveyayinevi.com.tr\/index.php\/wp-json\/wp\/v2\/types\/product"}],"wp:attachment":[{"href":"https:\/\/roveyayinevi.com.tr\/index.php\/wp-json\/wp\/v2\/media?parent=766560"}],"wp:term":[{"taxonomy":"product_brand","embeddable":true,"href":"https:\/\/roveyayinevi.com.tr\/index.php\/wp-json\/wp\/v2\/product_brand?post=766560"},{"taxonomy":"product_cat","embeddable":true,"href":"https:\/\/roveyayinevi.com.tr\/index.php\/wp-json\/wp\/v2\/product_cat?post=766560"},{"taxonomy":"product_tag","embeddable":true,"href":"https:\/\/roveyayinevi.com.tr\/index.php\/wp-json\/wp\/v2\/product_tag?post=766560"}],"curies":[{"name":"wp","href":"https:\/\/api.w.org\/{rel}","templated":true}]}}