{"id":766542,"date":"2025-08-28T12:16:59","date_gmt":"2025-08-28T09:16:59","guid":{"rendered":"https:\/\/roveyayinevi.com.tr\/index.php\/urun\/bu-hicran-yarasi\/"},"modified":"2026-04-15T03:32:16","modified_gmt":"2026-04-15T00:32:16","slug":"bu-hicran-yarasi","status":"publish","type":"product","link":"https:\/\/roveyayinevi.com.tr\/index.php\/urun\/bu-hicran-yarasi\/","title":{"rendered":"Bu Hicran Yaras\u0131"},"content":{"rendered":"<p>BU H\u0130CRAN YARASI G\u00f6zlerin g\u00f6z\u00fcmde canlan\u0131r durur Y\u00fcre\u011fim sen diye, sen diye vurur Kalmad\u0131 g\u00f6nl\u00fcmde o eski s\u00fcrur Bu hicran yaras\u0131 \u00f6ld\u00fcr\u00fcr beni   B\u00fclb\u00fcl\u00fcm yanm\u0131\u015f\u0131m g\u00fcl\u00fcn nar\u0131na Dayanmaz y\u00fcre\u011fim ahu zar\u0131na Belki de \u00e7\u0131kamam sensiz yar\u0131na Bu hicran yaras\u0131 \u00f6ld\u00fcr\u00fcr beni   Unutmad\u0131m hayalini cismini \u00d6perim koklar\u0131m eski resmini \u015eark\u0131 yapt\u0131m y\u00e2rim senin ismini Bu hicran yaras\u0131 \u00f6ld\u00fcr\u00fcr beni   Sen d\u00fc\u015f\u00fcrd\u00fcn beni bu onmaz derde Sevdan\u0131n duman\u0131 t\u00fct\u00fcyor ser&#8217;de Kim bilir \u015fimdi sen kimlesin nerde? Bu hicran yaras\u0131 \u00f6ld\u00fcr\u00fcr beni   Sevdan\u0131n y\u00fck\u00fcn\u00fc bana \u00e7ektirdin Y\u00fcre\u011fime keder h\u00fcz\u00fcn ektirdin G\u00fclmedim sayende boyun b\u00fckt\u00fcrd\u00fcn Bu hicran yaras\u0131 \u00f6ld\u00fcr\u00fcr beni   \u00c7ok tabibe gittim derdim bilmedi Ne yapsam y\u00fcz\u00fcme baht\u0131m g\u00fclmedi \u00d6zledi\u011fim mutlu g\u00fcnler gelmedi Bu hicran yaras\u0131 \u00f6ld\u00fcr\u00fcr beni   Belki de yazd\u0131\u011f\u0131m sana son \u015fark\u0131m Sensiz \u00f6l\u00fcp gitmek benim tek korkum Yuvas\u0131z ku\u015flardan kalmad\u0131 fark\u0131m Bu hicran yaras\u0131 \u00f6ld\u00fcr\u00fcr beni   ZA\u2019\u00ceF\u00ce\u2019M derdimi kime s\u00f6yleyim \u015eahlar\u0131n \u015fah\u0131na himmet eyleyim Kaderim bu imi\u015f benim neyleyim Bu hicran yaras\u0131 \u00f6ld\u00fcr\u00fcr beni <\/p>\n","protected":false},"excerpt":{"rendered":"<p>BU H\u0130CRAN YARASI G\u00f6zlerin g\u00f6z\u00fcmde canlan\u0131r durur Y\u00fcre\u011fim sen diye, sen diye vurur Kalmad\u0131 g\u00f6nl\u00fcmde o eski s\u00fcrur Bu hicran yaras\u0131 \u00f6ld\u00fcr\u00fcr beni B\u00fclb\u00fcl\u00fcm yanm\u0131\u015f\u0131m g\u00fcl\u00fcn<span class=\"excerpt-hellip\"> [\u2026]<\/span><\/p>\n","protected":false},"featured_media":0,"template":"","meta":{"_monsterinsights_skip_tracking":false,"_monsterinsights_sitenote_active":false,"_monsterinsights_sitenote_note":"","_monsterinsights_sitenote_category":0},"product_brand":[],"product_cat":[12291,12509],"product_tag":[],"class_list":{"0":"post-766542","1":"product","2":"type-product","3":"status-publish","5":"product_cat-edebiyat","6":"product_cat-siir","7":"pa_cilt-ciltsiz","8":"pa_tur-kitap","9":"pa_yayinevi-gulnar-yayinlari","10":"pa_yazar-rustem-sahin","12":"first","13":"instock","14":"sale","15":"shipping-taxable","16":"purchasable","17":"product-type-simple"},"_links":{"self":[{"href":"https:\/\/roveyayinevi.com.tr\/index.php\/wp-json\/wp\/v2\/product\/766542","targetHints":{"allow":["GET"]}}],"collection":[{"href":"https:\/\/roveyayinevi.com.tr\/index.php\/wp-json\/wp\/v2\/product"}],"about":[{"href":"https:\/\/roveyayinevi.com.tr\/index.php\/wp-json\/wp\/v2\/types\/product"}],"wp:attachment":[{"href":"https:\/\/roveyayinevi.com.tr\/index.php\/wp-json\/wp\/v2\/media?parent=766542"}],"wp:term":[{"taxonomy":"product_brand","embeddable":true,"href":"https:\/\/roveyayinevi.com.tr\/index.php\/wp-json\/wp\/v2\/product_brand?post=766542"},{"taxonomy":"product_cat","embeddable":true,"href":"https:\/\/roveyayinevi.com.tr\/index.php\/wp-json\/wp\/v2\/product_cat?post=766542"},{"taxonomy":"product_tag","embeddable":true,"href":"https:\/\/roveyayinevi.com.tr\/index.php\/wp-json\/wp\/v2\/product_tag?post=766542"}],"curies":[{"name":"wp","href":"https:\/\/api.w.org\/{rel}","templated":true}]}}