{"id":766539,"date":"2025-08-28T12:16:54","date_gmt":"2025-08-28T09:16:54","guid":{"rendered":"https:\/\/roveyayinevi.com.tr\/index.php\/urun\/avrupa-hikayeleri\/"},"modified":"2026-04-15T03:32:16","modified_gmt":"2026-04-15T00:32:16","slug":"avrupa-hikayeleri","status":"publish","type":"product","link":"https:\/\/roveyayinevi.com.tr\/index.php\/urun\/avrupa-hikayeleri\/","title":{"rendered":"Avrupa Hikayeleri"},"content":{"rendered":"<p>Daha \u00f6nce okuru, Yer-Su Hik\u00e2yeleri ile De\u015ft-i K\u0131p\u00e7ak \u00fczerinden T\u00fcrkistan\u2019a ve Sibirya\u2019ya dek binbir efsanenin kap\u0131lar\u0131n\u0131 aralayan, Bozk\u0131r Hik\u00e2yeleri ile k\u0131ra\u00e7tan f\u0131\u015fk\u0131ran destanlar\u0131n aras\u0131nda dola\u015ft\u0131ran Emrah Ece, bu kez masal at\u0131n\u0131 Frenk memleketlerine, Avrupa topraklar\u0131na s\u00fcr\u00fcyor. Avrupa Hik\u00e2yeleri adl\u0131 yeni \u00e7al\u0131\u015fmas\u0131nda Emrah Ece, okurlar\u0131 cad\u0131lar\u0131n, perilerin, kurt adamlar\u0131n, su ruhlar\u0131n\u0131n yahut \u201cfey\u201dlerin, veba lanetini ta\u015f\u0131yanlar\u0131n, hayaletlerin cirit att\u0131\u011f\u0131, Kelt ve Alman folklorlar\u0131ndan, Roma s\u00f6ylencelerinden s\u00fcz\u00fclerek kuytu ormanlarda birikmi\u015f tekinsiz s\u00f6ylentilerin, karanl\u0131k masallar\u0131n d\u00fcnyas\u0131na g\u00f6t\u00fcr\u00fcyor. Ayr\u0131ca Avrupa halk inan\u0131\u015flar\u0131na girerek mitle\u015fmi\u015f T\u00fcrklerin de izinlerini s\u00fcr\u00fcyor, Hunlardan Osmanl\u0131lara kadar Do\u011fu\u2019dan gelen atl\u0131lar\u0131n masallardaki, s\u00f6ylentilerdeki rollerini \u00f6n\u00fcm\u00fcze seriyor. T\u00fcyler \u00fcrperten hik\u00e2yeleri, Avrupa mitlerini, masallar\u0131n\u0131 merak eden okurlar\u0131 g\u00f6rkemli bir ecinni alay\u0131 bekliyor, bu sefer garbi bir karnaval c\u00fcmb\u00fc\u015f\u00fcnde, Bat\u0131\u2019daki nihayetsiz ormanlara, sahipli da\u011flara uzan\u0131yor.   Mehmet Berk Yalt\u0131r\u0131k<\/p>\n","protected":false},"excerpt":{"rendered":"<p>Daha \u00f6nce okuru, Yer-Su Hik\u00e2yeleri ile De\u015ft-i K\u0131p\u00e7ak \u00fczerinden T\u00fcrkistan\u2019a ve Sibirya\u2019ya dek binbir efsanenin kap\u0131lar\u0131n\u0131 aralayan, Bozk\u0131r Hik\u00e2yeleri ile k\u0131ra\u00e7tan f\u0131\u015fk\u0131ran destanlar\u0131n aras\u0131nda dola\u015ft\u0131ran Emrah<span class=\"excerpt-hellip\"> [\u2026]<\/span><\/p>\n","protected":false},"featured_media":0,"template":"","meta":{"_monsterinsights_skip_tracking":false,"_monsterinsights_sitenote_active":false,"_monsterinsights_sitenote_note":"","_monsterinsights_sitenote_category":0},"product_brand":[],"product_cat":[12291,18202],"product_tag":[],"class_list":{"0":"post-766539","1":"product","2":"type-product","3":"status-publish","5":"product_cat-edebiyat","6":"product_cat-hikaye","7":"pa_cilt-ciltsiz","8":"pa_tur-kitap","9":"pa_yayinevi-otuken-nesriyat","10":"pa_yazar-emrah-ece","12":"first","13":"instock","14":"sale","15":"shipping-taxable","16":"purchasable","17":"product-type-simple"},"_links":{"self":[{"href":"https:\/\/roveyayinevi.com.tr\/index.php\/wp-json\/wp\/v2\/product\/766539","targetHints":{"allow":["GET"]}}],"collection":[{"href":"https:\/\/roveyayinevi.com.tr\/index.php\/wp-json\/wp\/v2\/product"}],"about":[{"href":"https:\/\/roveyayinevi.com.tr\/index.php\/wp-json\/wp\/v2\/types\/product"}],"wp:attachment":[{"href":"https:\/\/roveyayinevi.com.tr\/index.php\/wp-json\/wp\/v2\/media?parent=766539"}],"wp:term":[{"taxonomy":"product_brand","embeddable":true,"href":"https:\/\/roveyayinevi.com.tr\/index.php\/wp-json\/wp\/v2\/product_brand?post=766539"},{"taxonomy":"product_cat","embeddable":true,"href":"https:\/\/roveyayinevi.com.tr\/index.php\/wp-json\/wp\/v2\/product_cat?post=766539"},{"taxonomy":"product_tag","embeddable":true,"href":"https:\/\/roveyayinevi.com.tr\/index.php\/wp-json\/wp\/v2\/product_tag?post=766539"}],"curies":[{"name":"wp","href":"https:\/\/api.w.org\/{rel}","templated":true}]}}