{"id":766538,"date":"2025-08-28T12:16:52","date_gmt":"2025-08-28T09:16:52","guid":{"rendered":"https:\/\/roveyayinevi.com.tr\/index.php\/urun\/ucuncu-otel\/"},"modified":"2026-04-15T03:32:16","modified_gmt":"2026-04-15T00:32:16","slug":"ucuncu-otel","status":"publish","type":"product","link":"https:\/\/roveyayinevi.com.tr\/index.php\/urun\/ucuncu-otel\/","title":{"rendered":"\u00dc\u00e7\u00fcnc\u00fc Otel"},"content":{"rendered":"<p>&#8220;Borges ve Bola\u00f1o, Kafka ve Cort\u00e1zar, Modiano veMurakami ve \u015fimdi de Laura van den Berg.&#8221;\u2013Washington PostClare, her y\u0131l d\u00fczenlenen Yeni Latin Amerika Sinemas\u0131 Festivali&#8217;ne kat\u0131lmak \u00fczere K\u00fcba&#8217;n\u0131n Havana kentine geldikten k\u0131sa bir s\u00fcre sonra, \u00f6lm\u00fc\u015f kocas\u0131 Richard&#8217;\u0131 bir m\u00fczenin \u00f6n\u00fcnde bulur. \u00dczerinde daha \u00f6nce hi\u00e7 g\u00f6rmedi\u011fi beyaz keten bir tak\u0131m vard\u0131r. Kederli ve \u015fa\u015fk\u0131n Clare, bir korku filmi uzman\u0131 olan Richard&#8217;\u0131 Havana&#8217;n\u0131n turistlerle dolu yeni sokaklar\u0131nda takip eder ve her hareketini izler. Ger\u00e7ek ve hayal aras\u0131ndaki ayr\u0131m bulan\u0131kla\u015ft\u0131k\u00e7a, Florida&#8217;daki \u00e7ocuklu\u011funa ve Richard&#8217;la olan evlili\u011fine dair an\u0131lar\u0131nda bir dayanak noktas\u0131 bulur ve bu s\u0131rada Richard&#8217;\u0131n \u00f6l\u00fcm\u00fcnde ve yeniden ortaya \u00e7\u0131k\u0131\u015f\u0131nda oynad\u0131\u011f\u0131 rol\u00fc a\u00e7\u0131\u011fa \u00e7\u0131kar\u0131r.Keder, evlilik, sanat, kad\u0131n d\u00fc\u015fmanl\u0131\u011f\u0131 ve seyahatin yaln\u0131zl\u0131\u011f\u0131 \u00fczerine \u00e7arp\u0131c\u0131 d\u00fc\u015f\u00fcncelerle dolu olan \u00dc\u00e7\u00fcnc\u00fc Otel, anlat\u0131m g\u00fcc\u00fcn\u00fcn zirvesindeki yarat\u0131c\u0131 bir yazardan harekete ge\u00e7irici ve zekice kurgulanm\u0131\u015f bir roman.&#8221;Gelece\u011fin k\u00fclt klasi\u011fi.&#8221;\u2013New York Times<\/p>\n","protected":false},"excerpt":{"rendered":"<p>&#8220;Borges ve Bola\u00f1o, Kafka ve Cort\u00e1zar, Modiano veMurakami ve \u015fimdi de Laura van den Berg.&#8221;\u2013Washington PostClare, her y\u0131l d\u00fczenlenen Yeni Latin Amerika Sinemas\u0131 Festivali&#8217;ne kat\u0131lmak \u00fczere<span class=\"excerpt-hellip\"> [\u2026]<\/span><\/p>\n","protected":false},"featured_media":0,"template":"","meta":{"_monsterinsights_skip_tracking":false,"_monsterinsights_sitenote_active":false,"_monsterinsights_sitenote_note":"","_monsterinsights_sitenote_category":0},"product_brand":[],"product_cat":[12291,17033],"product_tag":[],"class_list":{"0":"post-766538","1":"product","2":"type-product","3":"status-publish","5":"product_cat-edebiyat","6":"product_cat-korku-gerilim","7":"pa_cilt-ciltsiz","8":"pa_tur-kitap","9":"pa_yayinevi-epsilon-yayinlari","10":"pa_yazar-laura-van-den-berg","12":"first","13":"instock","14":"sale","15":"shipping-taxable","16":"purchasable","17":"product-type-simple"},"_links":{"self":[{"href":"https:\/\/roveyayinevi.com.tr\/index.php\/wp-json\/wp\/v2\/product\/766538","targetHints":{"allow":["GET"]}}],"collection":[{"href":"https:\/\/roveyayinevi.com.tr\/index.php\/wp-json\/wp\/v2\/product"}],"about":[{"href":"https:\/\/roveyayinevi.com.tr\/index.php\/wp-json\/wp\/v2\/types\/product"}],"wp:attachment":[{"href":"https:\/\/roveyayinevi.com.tr\/index.php\/wp-json\/wp\/v2\/media?parent=766538"}],"wp:term":[{"taxonomy":"product_brand","embeddable":true,"href":"https:\/\/roveyayinevi.com.tr\/index.php\/wp-json\/wp\/v2\/product_brand?post=766538"},{"taxonomy":"product_cat","embeddable":true,"href":"https:\/\/roveyayinevi.com.tr\/index.php\/wp-json\/wp\/v2\/product_cat?post=766538"},{"taxonomy":"product_tag","embeddable":true,"href":"https:\/\/roveyayinevi.com.tr\/index.php\/wp-json\/wp\/v2\/product_tag?post=766538"}],"curies":[{"name":"wp","href":"https:\/\/api.w.org\/{rel}","templated":true}]}}