{"id":766536,"date":"2025-08-28T12:16:49","date_gmt":"2025-08-28T09:16:49","guid":{"rendered":"https:\/\/roveyayinevi.com.tr\/index.php\/urun\/goc-ekonomisi-gocun-sosyo-ekonomik-etkileri\/"},"modified":"2026-04-15T03:32:16","modified_gmt":"2026-04-15T00:32:16","slug":"goc-ekonomisi-gocun-sosyo-ekonomik-etkileri","status":"publish","type":"product","link":"https:\/\/roveyayinevi.com.tr\/index.php\/urun\/goc-ekonomisi-gocun-sosyo-ekonomik-etkileri\/","title":{"rendered":"G\u00f6\u00e7 Ekonomisi: G\u00f6\u00e7\u00fcn Sosyo-Ekonomik Etkileri"},"content":{"rendered":"<p>\u0130\u00e7indekiler :     \u00b7         G\u00d6\u00c7\u00dcN TEMEL KAVRAMLARI \u00dcZER\u0130NE B\u0130R DE\u011eERLEND\u0130RME   \u00b7         G\u00d6\u00c7\u00dcN EKONOM\u0130K ETK\u0130LER\u0130   \u00b7         ULUSLARARASI G\u00d6\u00c7\u00dcN MAKROEKONOM\u0130K ETK\u0130LER\u0130 \u00dcZER\u0130NE B\u0130R DE\u011eERLEND\u0130RME   \u00b7         G\u00d6\u00c7\u00dcN R\u0130TM\u0130: D\u00d6NG\u00dcSEL HAREKET\u0130N SOSYOEKONOM\u0130K ETK\u0130LER\u0130   \u00b7         M\u00dcLTEC\u0130LER\u0130N EV SAH\u0130B\u0130 \u00dcLKELERE EKONOM\u0130K ETK\u0130S\u0130   \u00b7         D\u0130ASPORALARIN ANAVATAN \u00dcLKELER\u0130N EKONOM\u0130S\u0130NE ETK\u0130 KANALLARI VE SONU\u00c7LARI   \u00b7         G\u00d6\u00c7MEN GER\u0130 D\u00d6N\u00dc\u015eLER\u0130N\u0130N EKONOM\u0130K VE SOSYAL ETK\u0130LER\u0130   \u00b7         MEVS\u0130ML\u0130K G\u00d6\u00c7\u00dcN SOSYOEKONOM\u0130K NEDENLER\u0130 VE SONU\u00c7LARI\/ETK\u0130LER\u0130   \u00b7         G\u00d6\u00c7MEN KA\u00c7AK\u00c7ILI\u011eI: DAHA \u0130Y\u0130 YA\u015eAM KO\u015eULLARI \u0130\u00c7\u0130N ZORLU ARAYI\u015e   \u00b7         YETENEK \u0130\u00c7\u0130N K\u00dcRESEL REKABET: Y\u00dcKSEK YETENEKLER\u0130N HAREKETL\u0130L\u0130\u011e\u0130   \u00b7         KAYIT DI\u015eI G\u00d6\u00c7MEN \u0130\u015eG\u00dcC\u00dc \u0130ST\u0130HDAMINDAK\u0130 ARTI\u015eIN T\u00dcRK\u0130YE EKONOM\u0130S\u0130N\u0130N B\u00dcY\u00dcMES\u0130NDEK\u0130 ROL\u00dc   \u00b7         G\u00d6\u00c7 VE DI\u015e T\u0130CARET   \u00b7         G\u00d6\u00c7MEN D\u00d6V\u0130ZLER\u0130N\u0130N SOSYO-EKONOM\u0130K ETK\u0130LER\u0130 \u00dcZER\u0130NE B\u0130R DE\u011eERLEND\u0130RME   \u00b7         G\u00d6\u00c7 VE G\u00d6\u00c7MEN A\u011eLARININ EKONOM\u0130K ANAL\u0130Z\u0130   \u00b7         G\u00d6\u00c7 VE YOKSULLUK   \u00b7         ULUSLARARASI G\u00d6\u00c7 VE TOPLUMSAL C\u0130NS\u0130YET: GENEL B\u0130R BAKI\u015e   \u00b7         K\u00dcRESEL G\u00d6\u00c7 MUTABAKATI BA\u011eLAMINDA ULUSLARARASI G\u00d6\u00c7, KALKINMA VE ENTEGRASYON   \u00b7         K\u00dcRESEL \u0130KL\u0130M DE\u011e\u0130\u015e\u0130KL\u0130\u011e\u0130N\u0130N \u0130\u00c7 VE DI\u015e G\u00d6\u00c7LER \u00dcZER\u0130NDEK\u0130 ETK\u0130LER\u0130   \u00b7         \u0130KL\u0130M M\u00dcLTEC\u0130L\u0130\u011e\u0130 VE AFR\u0130KA: MEVCUT S\u0130STEM\u0130N YETERS\u0130ZL\u0130\u011e\u0130   \u00b7         DEPREM VE G\u00d6\u00c7 <\/p>\n","protected":false},"excerpt":{"rendered":"<p>\u0130\u00e7indekiler : \u00b7 G\u00d6\u00c7\u00dcN TEMEL KAVRAMLARI \u00dcZER\u0130NE B\u0130R DE\u011eERLEND\u0130RME \u00b7 G\u00d6\u00c7\u00dcN EKONOM\u0130K ETK\u0130LER\u0130 \u00b7 ULUSLARARASI G\u00d6\u00c7\u00dcN MAKROEKONOM\u0130K ETK\u0130LER\u0130 \u00dcZER\u0130NE B\u0130R DE\u011eERLEND\u0130RME \u00b7 G\u00d6\u00c7\u00dcN R\u0130TM\u0130: D\u00d6NG\u00dcSEL HAREKET\u0130N<span class=\"excerpt-hellip\"> [\u2026]<\/span><\/p>\n","protected":false},"featured_media":0,"template":"","meta":{"_monsterinsights_skip_tracking":false,"_monsterinsights_sitenote_active":false,"_monsterinsights_sitenote_note":"","_monsterinsights_sitenote_category":0},"product_brand":[],"product_cat":[13043],"product_tag":[],"class_list":{"0":"post-766536","1":"product","2":"type-product","3":"status-publish","5":"product_cat-ekonomi","6":"pa_cilt-ciltsiz","7":"pa_tur-kitap","8":"pa_yayinevi-gazi-kitabevi","9":"pa_yazar-kolektif","11":"first","12":"instock","13":"sale","14":"shipping-taxable","15":"purchasable","16":"product-type-simple"},"_links":{"self":[{"href":"https:\/\/roveyayinevi.com.tr\/index.php\/wp-json\/wp\/v2\/product\/766536","targetHints":{"allow":["GET"]}}],"collection":[{"href":"https:\/\/roveyayinevi.com.tr\/index.php\/wp-json\/wp\/v2\/product"}],"about":[{"href":"https:\/\/roveyayinevi.com.tr\/index.php\/wp-json\/wp\/v2\/types\/product"}],"wp:attachment":[{"href":"https:\/\/roveyayinevi.com.tr\/index.php\/wp-json\/wp\/v2\/media?parent=766536"}],"wp:term":[{"taxonomy":"product_brand","embeddable":true,"href":"https:\/\/roveyayinevi.com.tr\/index.php\/wp-json\/wp\/v2\/product_brand?post=766536"},{"taxonomy":"product_cat","embeddable":true,"href":"https:\/\/roveyayinevi.com.tr\/index.php\/wp-json\/wp\/v2\/product_cat?post=766536"},{"taxonomy":"product_tag","embeddable":true,"href":"https:\/\/roveyayinevi.com.tr\/index.php\/wp-json\/wp\/v2\/product_tag?post=766536"}],"curies":[{"name":"wp","href":"https:\/\/api.w.org\/{rel}","templated":true}]}}