{"id":766530,"date":"2025-08-28T12:16:40","date_gmt":"2025-08-28T09:16:40","guid":{"rendered":"https:\/\/roveyayinevi.com.tr\/index.php\/urun\/istanbul-ve-bogazici-yazilari\/"},"modified":"2026-04-15T03:32:16","modified_gmt":"2026-04-15T00:32:16","slug":"istanbul-ve-bogazici-yazilari","status":"publish","type":"product","link":"https:\/\/roveyayinevi.com.tr\/index.php\/urun\/istanbul-ve-bogazici-yazilari\/","title":{"rendered":"\u0130stanbul ve  Bo\u011fazi\u00e7i Yaz\u0131lar\u0131"},"content":{"rendered":"<p>Bo\u011fazi\u00e7i\u2019nin \u201cperili bir diyar\u201d oldu\u011funa inanan Abd\u00fclhak \u015einasi Hisar, 2 Haziran 1931\u2019de yay\u0131mlanan \u201cEdebiyat ve Turizm\u201d ba\u015fl\u0131kl\u0131 yaz\u0131s\u0131n\u0131n a\u00e7\u0131l\u0131\u015f\u0131n\u0131 \u015fu c\u00fcmlelerle yapm\u0131\u015f: \u201cTabiat\u0131 ve manzaras\u0131 itibar\u0131yla, d\u00fcnyan\u0131n en g\u00fczel ve tarih\u00ee eserleri itibar\u0131yla en zengin \u015fehirlerinden birinde ya\u015f\u0131yoruz. \u0130stanbul kelimesi insanlar\u0131n ba\u015f\u0131nda bir h\u00fclya gibi d\u00f6n\u00fcyor.\u201d \u0130stanbul kelimesi bug\u00fcn ba\u015f\u0131m\u0131zda bir h\u00fclya gibi d\u00f6n\u00fcyor h\u00e2l\u00e2.   \u015e\u00fcphesiz, her c\u00fcmlesinde bu \u015fehrin seslerini duyurmay\u0131, renklerini t\u00fcm canl\u0131l\u0131\u011f\u0131yla g\u00f6stermeyi ba\u015faran, edebiyat\u0131m\u0131z\u0131n en b\u00fcy\u00fck \u0130stanbul yazarlar\u0131ndan biri Hisar. Bir Bo\u011fazi\u00e7i yal\u0131s\u0131 m\u00fczesi hayaliyle ya\u015fay\u0131p giden, ger\u00e7ek bir \u0130stanbul \u00e2\u015f\u0131\u011f\u0131. D\u00f6nemin \u0130stanbul g\u00f6rsellerinin e\u015flik etti\u011fi \u0130stanbul ve Bo\u011fazi\u00e7i Yaz\u0131lar\u0131\u2019ndaki metinler onun \u00e7ocuklu\u011fundan, seyretmeye doyamad\u0131\u011f\u0131 \u015fehrin kendi ruhunda uyand\u0131rd\u0131\u011f\u0131 hislerden, \u015fehir miras\u0131 \u00fczerine hem bir vatanda\u015f hem de bir ayd\u0131n olarak \u00fcretti\u011fi fikirlerinden izler ta\u015f\u0131yor.   Kitab\u0131n birinci b\u00f6l\u00fcm\u00fc Hisar\u2019\u0131n \u0130stanbul ve Bo\u011fazi\u00e7i yaz\u0131lar\u0131n\u0131n bir derlemesinden, ikinci b\u00f6l\u00fcm\u00fc zaman\u0131nda dergilerde yay\u0131mlanan ve daha sonra kitaplar\u0131na birtak\u0131m de\u011fi\u015fikliklerle al\u0131nan yaz\u0131lar\u0131ndan (tespit etti\u011fimiz farkl\u0131l\u0131klar\u0131n d\u00f6k\u00fcm\u00fcyle birlikte), \u00fc\u00e7\u00fcnc\u00fc b\u00f6l\u00fcm\u00fcyse d\u00f6rt \u201cGe\u00e7mi\u015f Zaman Hik\u00e2yesi\u201dnden olu\u015fuyor.<\/p>\n","protected":false},"excerpt":{"rendered":"<p>Bo\u011fazi\u00e7i\u2019nin \u201cperili bir diyar\u201d oldu\u011funa inanan Abd\u00fclhak \u015einasi Hisar, 2 Haziran 1931\u2019de yay\u0131mlanan \u201cEdebiyat ve Turizm\u201d ba\u015fl\u0131kl\u0131 yaz\u0131s\u0131n\u0131n a\u00e7\u0131l\u0131\u015f\u0131n\u0131 \u015fu c\u00fcmlelerle yapm\u0131\u015f: \u201cTabiat\u0131 ve manzaras\u0131 itibar\u0131yla,<span class=\"excerpt-hellip\"> [\u2026]<\/span><\/p>\n","protected":false},"featured_media":0,"template":"","meta":{"_monsterinsights_skip_tracking":false,"_monsterinsights_sitenote_active":false,"_monsterinsights_sitenote_note":"","_monsterinsights_sitenote_category":0},"product_brand":[],"product_cat":[18545,12291],"product_tag":[],"class_list":{"0":"post-766530","1":"product","2":"type-product","3":"status-publish","5":"product_cat-anlati","6":"product_cat-edebiyat","7":"pa_cilt-ciltsiz","8":"pa_tur-kitap","9":"pa_yayinevi-everest-yayinlari","10":"pa_yazar-abdulhak-sinasi-hisar","12":"first","13":"instock","14":"sale","15":"shipping-taxable","16":"purchasable","17":"product-type-simple"},"_links":{"self":[{"href":"https:\/\/roveyayinevi.com.tr\/index.php\/wp-json\/wp\/v2\/product\/766530","targetHints":{"allow":["GET"]}}],"collection":[{"href":"https:\/\/roveyayinevi.com.tr\/index.php\/wp-json\/wp\/v2\/product"}],"about":[{"href":"https:\/\/roveyayinevi.com.tr\/index.php\/wp-json\/wp\/v2\/types\/product"}],"wp:attachment":[{"href":"https:\/\/roveyayinevi.com.tr\/index.php\/wp-json\/wp\/v2\/media?parent=766530"}],"wp:term":[{"taxonomy":"product_brand","embeddable":true,"href":"https:\/\/roveyayinevi.com.tr\/index.php\/wp-json\/wp\/v2\/product_brand?post=766530"},{"taxonomy":"product_cat","embeddable":true,"href":"https:\/\/roveyayinevi.com.tr\/index.php\/wp-json\/wp\/v2\/product_cat?post=766530"},{"taxonomy":"product_tag","embeddable":true,"href":"https:\/\/roveyayinevi.com.tr\/index.php\/wp-json\/wp\/v2\/product_tag?post=766530"}],"curies":[{"name":"wp","href":"https:\/\/api.w.org\/{rel}","templated":true}]}}