{"id":766528,"date":"2025-08-28T12:16:35","date_gmt":"2025-08-28T09:16:35","guid":{"rendered":"https:\/\/roveyayinevi.com.tr\/index.php\/urun\/beyaz-balina\/"},"modified":"2026-04-15T03:32:16","modified_gmt":"2026-04-15T00:32:16","slug":"beyaz-balina","status":"publish","type":"product","link":"https:\/\/roveyayinevi.com.tr\/index.php\/urun\/beyaz-balina\/","title":{"rendered":"Beyaz  Balina"},"content":{"rendered":"<p>\u0130nsanlar\u0131 bir de balinalar\u0131n g\u00f6z\u00fcnden g\u00f6rmeye ne dersiniz? \u00c7ocuklar\u0131n en sevdi\u011fi yazarlardan Luis Sep\u00falveda, bu kitab\u0131yla okuyucular\u0131n\u0131 masmavi okyanuslar\u0131n derinliklerinde gezdiriyor. \u0130nsanlar\u0131n do\u011fada nas\u0131l yank\u0131lar uyand\u0131rd\u0131\u011f\u0131n\u0131 ay rengi isperme\u00e7et balinas\u0131n\u0131n a\u011fz\u0131ndan dinleyecek, yolculu\u011fu boyunca Lafken\u00e7e halk\u0131na, avc\u0131 gemilerine rastlayacaks\u0131n\u0131z. O\u011fuz Demir\u2019in \u00e7izimleriyle g\u00f6rselle\u015fen bu yolculu\u011fa haz\u0131r m\u0131s\u0131n\u0131z?<\/p>\n","protected":false},"excerpt":{"rendered":"<p>\u0130nsanlar\u0131 bir de balinalar\u0131n g\u00f6z\u00fcnden g\u00f6rmeye ne dersiniz? \u00c7ocuklar\u0131n en sevdi\u011fi yazarlardan Luis Sep\u00falveda, bu kitab\u0131yla okuyucular\u0131n\u0131 masmavi okyanuslar\u0131n derinliklerinde gezdiriyor. \u0130nsanlar\u0131n do\u011fada nas\u0131l yank\u0131lar uyand\u0131rd\u0131\u011f\u0131n\u0131<span class=\"excerpt-hellip\"> [\u2026]<\/span><\/p>\n","protected":false},"featured_media":0,"template":"","meta":{"_monsterinsights_skip_tracking":false,"_monsterinsights_sitenote_active":false,"_monsterinsights_sitenote_note":"","_monsterinsights_sitenote_category":0},"product_brand":[],"product_cat":[12274,12284],"product_tag":[],"class_list":{"0":"post-766528","1":"product","2":"type-product","3":"status-publish","5":"product_cat-cocuk-ve-genclik-kitaplari","6":"product_cat-hikayeler","7":"pa_cilt-ciltsiz","8":"pa_tur-kitap","9":"pa_yayinevi-everest-yayinlari","10":"pa_yazar-luis-sepulveda","12":"first","13":"instock","14":"sale","15":"shipping-taxable","16":"purchasable","17":"product-type-simple"},"_links":{"self":[{"href":"https:\/\/roveyayinevi.com.tr\/index.php\/wp-json\/wp\/v2\/product\/766528","targetHints":{"allow":["GET"]}}],"collection":[{"href":"https:\/\/roveyayinevi.com.tr\/index.php\/wp-json\/wp\/v2\/product"}],"about":[{"href":"https:\/\/roveyayinevi.com.tr\/index.php\/wp-json\/wp\/v2\/types\/product"}],"wp:attachment":[{"href":"https:\/\/roveyayinevi.com.tr\/index.php\/wp-json\/wp\/v2\/media?parent=766528"}],"wp:term":[{"taxonomy":"product_brand","embeddable":true,"href":"https:\/\/roveyayinevi.com.tr\/index.php\/wp-json\/wp\/v2\/product_brand?post=766528"},{"taxonomy":"product_cat","embeddable":true,"href":"https:\/\/roveyayinevi.com.tr\/index.php\/wp-json\/wp\/v2\/product_cat?post=766528"},{"taxonomy":"product_tag","embeddable":true,"href":"https:\/\/roveyayinevi.com.tr\/index.php\/wp-json\/wp\/v2\/product_tag?post=766528"}],"curies":[{"name":"wp","href":"https:\/\/api.w.org\/{rel}","templated":true}]}}