{"id":766526,"date":"2025-08-28T12:16:31","date_gmt":"2025-08-28T09:16:31","guid":{"rendered":"https:\/\/roveyayinevi.com.tr\/index.php\/urun\/minerva\/"},"modified":"2026-03-12T03:29:30","modified_gmt":"2026-03-12T00:29:30","slug":"minerva","status":"publish","type":"product","link":"https:\/\/roveyayinevi.com.tr\/index.php\/urun\/minerva\/","title":{"rendered":"Minerva"},"content":{"rendered":"<p>\u0130nsan daima yar\u0131na bir iz b\u0131rakmak ister. Bu, onun kolektif haf\u0131zas\u0131n\u0131n bir tezah\u00fcr\u00fcd\u00fcr. Ma\u011fara duvarlar\u0131na resimler bu y\u00fczden \u00e7izildi. Resimler yetmedi\u011finde insan, harfleri buldu. Yaz\u0131n\u0131n b\u00fcy\u00fck ke\u015ffiyle birlikte ise haf\u0131zas\u0131n\u0131 par\u015f\u00f6menlere, sonras\u0131nda kitaplara aktarmak istedi. Bunu yaparken de kendi hikayesinin pe\u015fine d\u00fc\u015ft\u00fc. \u0130nsan yazarken, asl\u0131nda kendi ma\u011fara duvar\u0131n\u0131 kaz\u0131yordur. Song\u00fcl Say\u0131lgan da kim bilir; Ay\u015fa\u2019n\u0131n g\u00f6z\u00fcyle kendi ac\u0131lar\u0131n\u0131, sevin\u00e7lerini aktar\u0131yor. Belki de bir daha Haluk\u2019un \u00f6l\u00fc y\u00fcz\u00fcne bakamayaca\u011f\u0131n\u0131 bildi\u011fi i\u00e7in Ay\u015fa\u2019y\u0131 otopsi odas\u0131na sokuyor. T\u00fcm vedalar\u0131m\u0131z\u0131, ayr\u0131l\u0131klar\u0131m\u0131z\u0131, ac\u0131lar\u0131m\u0131z\u0131, h\u00fcz\u00fcnlerimizi bir ba\u015fkas\u0131na y\u00fckleyerek ger\u00e7ekten ka\u00e7mak de\u011fil bu! Aksine, insanl\u0131\u011f\u0131n binlerce y\u0131ld\u0131r s\u00fcregelen onurlu direni\u015finin ve y\u00fckseli\u015finin ba\u015fka y\u00fczlerde, ba\u015fka y\u00fcreklerde yeniden hayat bulmas\u0131n\u0131 isteme arzusu. \u00d6l\u00fc bir y\u00fcz\u00fcn g\u00fcl\u00fcmseyi\u015findeki direni\u015fi anlamam\u0131z\u0131 bekliyor. Karanl\u0131k bir ac\u0131 d\u00f6nemini, kendi ya\u015fad\u0131klar\u0131yla harmanlayarak; bazen k\u0131r\u0131lgan, bazen direngen ve anlatt\u0131\u011f\u0131 ya\u015famlara uygun, yenilmez bir foto\u011fraf \u00e7ekiyor Say\u0131lgan. Hepimiz bir yolculu\u011fun i\u00e7indeyiz. Bu yolculukta asl\u0131nda en \u00e7ok kendimize varmak istiyoruz. Ruhi Su, Anadolu da\u011flar\u0131nda t\u00fcrk\u00fclerinin pe\u015fine d\u00fc\u015ferken kendi \u015fark\u0131s\u0131n\u0131n pe\u015findeydi. Say\u0131lgan da y\u0131llard\u0131r gurbette olsa da h\u00e2l\u00e2 Anadolu da\u011flar\u0131nda kendi t\u00fcrk\u00fcs\u00fcn\u00fcn izini s\u00fcr\u00fcyor. Duman\u0131 h\u00e2l\u00e2 t\u00fcten yan\u0131k Bafra sigaras\u0131 e\u015fli\u011finde.   Ula\u015f Karakay<\/p>\n","protected":false},"excerpt":{"rendered":"<p>\u0130nsan daima yar\u0131na bir iz b\u0131rakmak ister. Bu, onun kolektif haf\u0131zas\u0131n\u0131n bir tezah\u00fcr\u00fcd\u00fcr. Ma\u011fara duvarlar\u0131na resimler bu y\u00fczden \u00e7izildi. Resimler yetmedi\u011finde insan, harfleri buldu. Yaz\u0131n\u0131n b\u00fcy\u00fck<span class=\"excerpt-hellip\"> [\u2026]<\/span><\/p>\n","protected":false},"featured_media":0,"template":"","meta":{"_monsterinsights_skip_tracking":false,"_monsterinsights_sitenote_active":false,"_monsterinsights_sitenote_note":"","_monsterinsights_sitenote_category":0},"product_brand":[],"product_cat":[12291,12711],"product_tag":[],"class_list":{"0":"post-766526","1":"product","2":"type-product","3":"status-publish","5":"product_cat-edebiyat","6":"product_cat-roman-oyku","7":"pa_cilt-ciltsiz","8":"pa_tur-kitap","9":"pa_yayinevi-kirmizi-cati-yayinlari","10":"pa_yazar-songul-sayilgan","12":"first","13":"instock","14":"sale","15":"shipping-taxable","16":"purchasable","17":"product-type-simple"},"_links":{"self":[{"href":"https:\/\/roveyayinevi.com.tr\/index.php\/wp-json\/wp\/v2\/product\/766526","targetHints":{"allow":["GET"]}}],"collection":[{"href":"https:\/\/roveyayinevi.com.tr\/index.php\/wp-json\/wp\/v2\/product"}],"about":[{"href":"https:\/\/roveyayinevi.com.tr\/index.php\/wp-json\/wp\/v2\/types\/product"}],"wp:attachment":[{"href":"https:\/\/roveyayinevi.com.tr\/index.php\/wp-json\/wp\/v2\/media?parent=766526"}],"wp:term":[{"taxonomy":"product_brand","embeddable":true,"href":"https:\/\/roveyayinevi.com.tr\/index.php\/wp-json\/wp\/v2\/product_brand?post=766526"},{"taxonomy":"product_cat","embeddable":true,"href":"https:\/\/roveyayinevi.com.tr\/index.php\/wp-json\/wp\/v2\/product_cat?post=766526"},{"taxonomy":"product_tag","embeddable":true,"href":"https:\/\/roveyayinevi.com.tr\/index.php\/wp-json\/wp\/v2\/product_tag?post=766526"}],"curies":[{"name":"wp","href":"https:\/\/api.w.org\/{rel}","templated":true}]}}