{"id":766493,"date":"2025-08-28T12:15:38","date_gmt":"2025-08-28T09:15:38","guid":{"rendered":"https:\/\/roveyayinevi.com.tr\/index.php\/urun\/burada-ciltli\/"},"modified":"2026-04-15T03:32:15","modified_gmt":"2026-04-15T00:32:15","slug":"burada-ciltli","status":"publish","type":"product","link":"https:\/\/roveyayinevi.com.tr\/index.php\/urun\/burada-ciltli\/","title":{"rendered":"Burada (Ciltli)"},"content":{"rendered":"<p>\u201cBurada\u201d ya\u015fananlar evrenin sonsuzlu\u011funda as\u0131l\u0131 kald\u0131&#8230; ABD&#8217;li sanat\u00e7\u0131 Richard McGuire&#8217;\u0131n \u00e7\u0131\u011f\u0131r a\u00e7an grafik roman\u0131 Burada, m\u00fctevaz\u0131 bir oturma odas\u0131nda ya\u015fananlar\u0131 ge\u00e7mi\u015ften gelece\u011fe uzanan bir zaman yolcu\u011funa d\u00f6n\u00fc\u015ft\u00fcren, k\u00fclt bir eser.     Hayat\u0131n ge\u00e7ici do\u011fas\u0131n\u0131 ele al\u0131rken \u201can\u201dda kalman\u0131n ve \u201c\u015fimdi\u201dye odaklanman\u0131n \u00f6nemine de\u011finen bu katmanl\u0131 \u00e7al\u0131\u015fma, s\u0131radan bir odan\u0131n nas\u0131l ola\u011fan\u00fcst\u00fc hik\u00e2yeler ta\u015f\u0131yabilece\u011fini g\u00f6steriyor. 20 dile \u00e7evrilen, Oscar \u00f6d\u00fcll\u00fc usta y\u00f6netmen Robert Zemeckis taraf\u0131ndan ayn\u0131 isimle beyazperdeye de uyarlanan kitap; zaman\u0131n kuramsal, mek\u00e2n\u0131n ise boyutsal esnekli\u011fini sorgulatan yap\u0131s\u0131yla al\u0131\u015f\u0131lm\u0131\u015f anlat\u0131 kal\u0131plar\u0131n\u0131 tersy\u00fcz ediyor. H\u0131mm, ben buraya niye gelmi\u015ftim?  McGuire&#8217;\u0131n kendi ailesinin oturdu\u011fu evden yola \u00e7\u0131karak tasarlad\u0131\u011f\u0131 Burada, tek bir odan\u0131n k\u00f6\u015fesinden, o odada -ve mek\u00e2nda- y\u00fczbinlerce y\u0131l boyunca ger\u00e7ekle\u015fen olaylara tan\u0131kl\u0131k ettiriyor. Ge\u00e7mi\u015fin hayaletlerini gelece\u011fin d\u00fc\u015fleriyle bulu\u015ftururken bug\u00fcn\u00fcn endi\u015felerine kay\u0131ts\u0131z kalamayan sanat\u00e7\u0131, zaman kavram\u0131na felsefi bir perspektiften yakla\u015fmam\u0131z\u0131 da sa\u011fl\u0131yor. Okuru \u00e2deta bir pencereden bak\u0131yormu\u015f\u00e7as\u0131na odan\u0131n i\u00e7ine buyur eden eser; Amerika&#8217;n\u0131n yerlilerinden kolonyal d\u00f6neme, tarih \u00f6ncesi \u00e7a\u011flardan 2033 y\u0131l\u0131na uzanarak ayn\u0131 mek\u00e2n\u0131n farkl\u0131 zaman dilimlerindeki h\u00e2llerinden ilgin\u00e7 kesitler sunuyor.  Minimalist \u00e7izimleri, \u00f6zg\u00fcn tasar\u0131m\u0131, ciltli ve \u015f\u00f6mizli bask\u0131s\u0131yla her sanatseverin kitapl\u0131\u011f\u0131nda bulundurmak isteyece\u011fi bu \u00e7arp\u0131c\u0131 kitap, \u00e7izgi romana \u201c9. sanat\u201d yak\u0131\u015ft\u0131rmas\u0131 yap\u0131lmas\u0131n\u0131n en hakl\u0131 gerek\u00e7elerinden biri.<\/p>\n","protected":false},"excerpt":{"rendered":"<p>\u201cBurada\u201d ya\u015fananlar evrenin sonsuzlu\u011funda as\u0131l\u0131 kald\u0131&#8230; ABD&#8217;li sanat\u00e7\u0131 Richard McGuire&#8217;\u0131n \u00e7\u0131\u011f\u0131r a\u00e7an grafik roman\u0131 Burada, m\u00fctevaz\u0131 bir oturma odas\u0131nda ya\u015fananlar\u0131 ge\u00e7mi\u015ften gelece\u011fe uzanan bir zaman yolcu\u011funa<span class=\"excerpt-hellip\"> [\u2026]<\/span><\/p>\n","protected":false},"featured_media":0,"template":"","meta":{"_monsterinsights_skip_tracking":false,"_monsterinsights_sitenote_active":false,"_monsterinsights_sitenote_note":"","_monsterinsights_sitenote_category":0},"product_brand":[],"product_cat":[12416,12291],"product_tag":[],"class_list":{"0":"post-766493","1":"product","2":"type-product","3":"status-publish","5":"product_cat-cizgi-roman","6":"product_cat-edebiyat","7":"pa_cilt-ciltli","8":"pa_tur-kitap","9":"pa_yayinevi-desen-yayinlari","10":"pa_yazar-richard-mcguire","12":"first","13":"instock","14":"sale","15":"shipping-taxable","16":"purchasable","17":"product-type-simple"},"_links":{"self":[{"href":"https:\/\/roveyayinevi.com.tr\/index.php\/wp-json\/wp\/v2\/product\/766493","targetHints":{"allow":["GET"]}}],"collection":[{"href":"https:\/\/roveyayinevi.com.tr\/index.php\/wp-json\/wp\/v2\/product"}],"about":[{"href":"https:\/\/roveyayinevi.com.tr\/index.php\/wp-json\/wp\/v2\/types\/product"}],"wp:attachment":[{"href":"https:\/\/roveyayinevi.com.tr\/index.php\/wp-json\/wp\/v2\/media?parent=766493"}],"wp:term":[{"taxonomy":"product_brand","embeddable":true,"href":"https:\/\/roveyayinevi.com.tr\/index.php\/wp-json\/wp\/v2\/product_brand?post=766493"},{"taxonomy":"product_cat","embeddable":true,"href":"https:\/\/roveyayinevi.com.tr\/index.php\/wp-json\/wp\/v2\/product_cat?post=766493"},{"taxonomy":"product_tag","embeddable":true,"href":"https:\/\/roveyayinevi.com.tr\/index.php\/wp-json\/wp\/v2\/product_tag?post=766493"}],"curies":[{"name":"wp","href":"https:\/\/api.w.org\/{rel}","templated":true}]}}