{"id":766488,"date":"2025-08-28T12:15:28","date_gmt":"2025-08-28T09:15:28","guid":{"rendered":"https:\/\/roveyayinevi.com.tr\/index.php\/urun\/beyaz-insanlar\/"},"modified":"2026-04-15T03:32:15","modified_gmt":"2026-04-15T00:32:15","slug":"beyaz-insanlar","status":"publish","type":"product","link":"https:\/\/roveyayinevi.com.tr\/index.php\/urun\/beyaz-insanlar\/","title":{"rendered":"Beyaz \u0130nsanlar"},"content":{"rendered":"<p>BAZI SIRLAR, NE KADAR SAKLANIRSA SAKLANSIN, KARANLI\u011eIN \u0130\u00c7\u0130NDEN Y\u00dcKSEL\u0130R. Bir g\u00fcnl\u00fck, bir \u00e7ocukluk an\u0131s\u0131 ya da haf\u0131zada silikle\u015fmi\u015f bir r\u00fcya&#8230; Beyaz \u0130nsanlar, zaman\u0131n derinliklerinden kopup gelen korkular\u0131n ete kemi\u011fe b\u00fcr\u00fcnm\u00fc\u015f h\u00e2lidir. Bu hik\u00e2yede, bilin\u00e7alt\u0131 ile ger\u00e7eklik aras\u0131ndaki ince \u00e7izgi yava\u015f\u00e7a erirken, masumiyetin alt\u0131nda gizlenen deh\u015fet kendini a\u00e7\u0131\u011fa \u00e7\u0131kar\u0131r. Anlat\u0131c\u0131, hat\u0131rlanmamas\u0131 gereken bir s\u0131rr\u0131n y\u00fck\u00fcn\u00fc ta\u015f\u0131r ve her yeni ke\u015fif, varl\u0131\u011f\u0131n s\u0131n\u0131rlar\u0131n\u0131 biraz daha zorlar. \u0130nsan\u0131n ruhu ge\u00e7mi\u015fte i\u015flenmi\u015f g\u00fcnahlar\u0131n g\u00f6lgesinde huzur bulabilir mi? Yoksa baz\u0131 s\u0131rlar, \u00fcst\u00fcne d\u00fc\u015fen her g\u00f6lgenin sahibini yutacak m\u0131d\u0131r? Beyaz \u0130nsanlar, zihni ve ruhu ele ge\u00e7iren, haf\u0131zada iz b\u0131rakacak bir okuma deneyimi sunuyor. Unutulmu\u015f olanla y\u00fczle\u015fmeye haz\u0131r m\u0131s\u0131n\u0131z? <\/p>\n","protected":false},"excerpt":{"rendered":"<p>BAZI SIRLAR, NE KADAR SAKLANIRSA SAKLANSIN, KARANLI\u011eIN \u0130\u00c7\u0130NDEN Y\u00dcKSEL\u0130R. Bir g\u00fcnl\u00fck, bir \u00e7ocukluk an\u0131s\u0131 ya da haf\u0131zada silikle\u015fmi\u015f bir r\u00fcya&#8230; Beyaz \u0130nsanlar, zaman\u0131n derinliklerinden kopup gelen<span class=\"excerpt-hellip\"> [\u2026]<\/span><\/p>\n","protected":false},"featured_media":0,"template":"","meta":{"_monsterinsights_skip_tracking":false,"_monsterinsights_sitenote_active":false,"_monsterinsights_sitenote_note":"","_monsterinsights_sitenote_category":0},"product_brand":[],"product_cat":[12291,17033],"product_tag":[],"class_list":{"0":"post-766488","1":"product","2":"type-product","3":"status-publish","5":"product_cat-edebiyat","6":"product_cat-korku-gerilim","7":"pa_cilt-ciltsiz","8":"pa_tur-kitap","9":"pa_yayinevi-ulysses-yayinlari","10":"pa_yazar-arthur-machen","12":"first","13":"instock","14":"sale","15":"shipping-taxable","16":"purchasable","17":"product-type-simple"},"_links":{"self":[{"href":"https:\/\/roveyayinevi.com.tr\/index.php\/wp-json\/wp\/v2\/product\/766488","targetHints":{"allow":["GET"]}}],"collection":[{"href":"https:\/\/roveyayinevi.com.tr\/index.php\/wp-json\/wp\/v2\/product"}],"about":[{"href":"https:\/\/roveyayinevi.com.tr\/index.php\/wp-json\/wp\/v2\/types\/product"}],"wp:attachment":[{"href":"https:\/\/roveyayinevi.com.tr\/index.php\/wp-json\/wp\/v2\/media?parent=766488"}],"wp:term":[{"taxonomy":"product_brand","embeddable":true,"href":"https:\/\/roveyayinevi.com.tr\/index.php\/wp-json\/wp\/v2\/product_brand?post=766488"},{"taxonomy":"product_cat","embeddable":true,"href":"https:\/\/roveyayinevi.com.tr\/index.php\/wp-json\/wp\/v2\/product_cat?post=766488"},{"taxonomy":"product_tag","embeddable":true,"href":"https:\/\/roveyayinevi.com.tr\/index.php\/wp-json\/wp\/v2\/product_tag?post=766488"}],"curies":[{"name":"wp","href":"https:\/\/api.w.org\/{rel}","templated":true}]}}