{"id":766478,"date":"2025-08-28T12:15:08","date_gmt":"2025-08-28T09:15:08","guid":{"rendered":"https:\/\/roveyayinevi.com.tr\/index.php\/urun\/kaldirim-taslari\/"},"modified":"2026-03-12T03:29:29","modified_gmt":"2026-03-12T00:29:29","slug":"kaldirim-taslari","status":"publish","type":"product","link":"https:\/\/roveyayinevi.com.tr\/index.php\/urun\/kaldirim-taslari\/","title":{"rendered":"Kald\u0131r\u0131m Ta\u015flar\u0131"},"content":{"rendered":"<p>Nelere \u015fahit oldu \u015fu kald\u0131r\u0131m ta\u015flar\u0131 Kimisinin kavgas\u0131, kiminin g\u00f6zya\u015flar\u0131 O b\u00f6lgenin y\u00fckleri, hep s\u0131rt\u0131nda ta\u015f\u0131nd\u0131 Az m\u0131 nara sallad\u0131, b\u00f6lgenin sarho\u015flar\u0131   Ya\u015flan\u0131nca \u00f6zlersin, kald\u0131r\u0131m ta\u015flar\u0131n\u0131 Onlar da seni \u00f6zler ad\u0131m at\u0131\u015flar\u0131n\u0131 Y\u0131llarca ta\u015f\u0131d\u0131lar, arkada\u015fl\u0131k ettiler Kavu\u015funca tutamaz, akan g\u00f6zya\u015flar\u0131n\u0131 <\/p>\n","protected":false},"excerpt":{"rendered":"<p>Nelere \u015fahit oldu \u015fu kald\u0131r\u0131m ta\u015flar\u0131 Kimisinin kavgas\u0131, kiminin g\u00f6zya\u015flar\u0131 O b\u00f6lgenin y\u00fckleri, hep s\u0131rt\u0131nda ta\u015f\u0131nd\u0131 Az m\u0131 nara sallad\u0131, b\u00f6lgenin sarho\u015flar\u0131 Ya\u015flan\u0131nca \u00f6zlersin, kald\u0131r\u0131m ta\u015flar\u0131n\u0131<span class=\"excerpt-hellip\"> [\u2026]<\/span><\/p>\n","protected":false},"featured_media":0,"template":"","meta":{"_monsterinsights_skip_tracking":false,"_monsterinsights_sitenote_active":false,"_monsterinsights_sitenote_note":"","_monsterinsights_sitenote_category":0},"product_brand":[],"product_cat":[12291,12509],"product_tag":[],"class_list":{"0":"post-766478","1":"product","2":"type-product","3":"status-publish","5":"product_cat-edebiyat","6":"product_cat-siir","7":"pa_cilt-ciltsiz","8":"pa_tur-kitap","9":"pa_yayinevi-kirmizi-cati-yayinlari","10":"pa_yazar-ali-algun","12":"first","13":"instock","14":"sale","15":"shipping-taxable","16":"purchasable","17":"product-type-simple"},"_links":{"self":[{"href":"https:\/\/roveyayinevi.com.tr\/index.php\/wp-json\/wp\/v2\/product\/766478","targetHints":{"allow":["GET"]}}],"collection":[{"href":"https:\/\/roveyayinevi.com.tr\/index.php\/wp-json\/wp\/v2\/product"}],"about":[{"href":"https:\/\/roveyayinevi.com.tr\/index.php\/wp-json\/wp\/v2\/types\/product"}],"wp:attachment":[{"href":"https:\/\/roveyayinevi.com.tr\/index.php\/wp-json\/wp\/v2\/media?parent=766478"}],"wp:term":[{"taxonomy":"product_brand","embeddable":true,"href":"https:\/\/roveyayinevi.com.tr\/index.php\/wp-json\/wp\/v2\/product_brand?post=766478"},{"taxonomy":"product_cat","embeddable":true,"href":"https:\/\/roveyayinevi.com.tr\/index.php\/wp-json\/wp\/v2\/product_cat?post=766478"},{"taxonomy":"product_tag","embeddable":true,"href":"https:\/\/roveyayinevi.com.tr\/index.php\/wp-json\/wp\/v2\/product_tag?post=766478"}],"curies":[{"name":"wp","href":"https:\/\/api.w.org\/{rel}","templated":true}]}}