{"id":766449,"date":"2025-08-28T12:14:07","date_gmt":"2025-08-28T09:14:07","guid":{"rendered":"https:\/\/roveyayinevi.com.tr\/index.php\/urun\/elementler-1-su\/"},"modified":"2026-04-15T03:32:14","modified_gmt":"2026-04-15T00:32:14","slug":"elementler-1-su","status":"publish","type":"product","link":"https:\/\/roveyayinevi.com.tr\/index.php\/urun\/elementler-1-su\/","title":{"rendered":"Elementler &#8211; 1  Su"},"content":{"rendered":"<p>Ge\u00e7mi\u015ften ka\u00e7mak, suya resim yapmak gibidir&#8230;John Boyne&#8217;un imza projelerinden &#8221;Elementler&#8221; serisinin ilk halkas\u0131 Su, ge\u00e7mi\u015fin karanl\u0131k izlerinden s\u0131yr\u0131l\u0131p ya\u015fad\u0131\u011f\u0131 ve ya\u015fayaca\u011f\u0131 yeni hayatla y\u00fczle\u015fmek zorunda kalan bir kad\u0131n\u0131n ar\u0131nma yolculu\u011fu.Suyun hem mucizevi hem de lanetli y\u00fcz\u00fcn\u00fc g\u00f6stererek insan ruhunun derinlerine inen roman, i\u00e7 i\u00e7e ge\u00e7mi\u015f kaderler \u00fcst\u00fcnden bamba\u015fka kimliklerin bitmemi\u015f hik\u00e2yelerini anlat\u0131yor.Ya\u015fam\u0131n ve \u00f6l\u00fcm\u00fcn varolu\u015fsal s\u0131n\u0131r\u0131nda ye\u015fertti\u011fi umut k\u0131r\u0131nt\u0131lar\u0131yla y\u00fcrekleri sa\u011faltan kitap; okurlar\u0131 su, toprak, ate\u015f ve havan\u0131n uyumsuz bir bulu\u015fma noktas\u0131nda asude bir olgunlu\u011fa ta\u015f\u0131yor.Su benim felaketim oldu. Ailemin felaketi oldu. Rahimde suyun i\u00e7inde y\u00fczeriz. \u0130\u00e7imiz suyla kapl\u0131d\u0131r. \u0130\u00e7eriz suyu. Hayat\u0131m\u0131z boyunca \u00e7ekiliriz ona, da\u011flardan, \u00e7\u00f6llerden, kanyonlardan daha \u00e7ok ona. Ama berbat bir \u015feydir su. \u00d6ld\u00fcr\u00fcr insan\u0131.\u0130smini de\u011fi\u015ftirmek, ge\u00e7mi\u015finden kurtulmaya yeter mi?Vanessa Carvin, travmatik ge\u00e7mi\u015finden ka\u00e7\u0131p \u00f6zu\u0308ne d\u00f6nmeyi, Willow Hale olmay\u0131 kafas\u0131na koyunca \u0130rlanda a\u00e7\u0131klar\u0131nda ufac\u0131k bir adaya s\u0131\u011f\u0131n\u0131r. Bu karar\u0131nda haks\u0131z da de\u011fildir u\u0308stelik, \u00e7u\u0308nku\u0308 eski kocas\u0131n\u0131n insanl\u0131kd\u0131\u015f\u0131 davran\u0131\u015flar\u0131 onu da batakl\u0131\u011fa \u00e7ekmektedir. Ama \u015fimdi adada kendisinden ba\u015fka hi\u00e7bir \u015fey yoktur; ne internet, ne televizyon, ne de radyo&#8230; Sadece kendisi ve elbette, birbirinden tuhaf ve \u00f6zel hik\u00e2yeleriyle ada sakinleri vard\u0131r. Ve her \u015feyden \u00f6nemlisi, puslu ge\u00e7mi\u015finden ar\u0131n\u0131p hayat\u0131nda yeni bir sayfa a\u00e7abilmek i\u00e7in, eski defterleri birer birer kapatmak zorundad\u0131r.\u0130nan\u0131lmaz bir skandal\u0131n ma\u011fdurlar\u0131n\u0131 ve m\u00fcsebbiplerini bir araya getirerek \u00e7arp\u0131c\u0131 bir metne imza atan John Boyne bu kitab\u0131yla, suya \u00e7izilmi\u015f bir gelece\u011fin ge\u00e7mi\u015fin yans\u0131malar\u0131ndan kurtulamayaca\u011f\u0131n\u0131 g\u00f6zler \u00f6n\u00fcne seriyor.Elementler -su, toprak, ate\u015f, hava- bizim en bu\u0308yu\u0308k dostlar\u0131m\u0131zd\u0131r. Canland\u0131r\u0131rlar bizi. Beslerler, \u0131s\u0131t\u0131rlar, hayat verirler. Fakat her f\u0131rsatta, \u00f6ld\u00fcrmeyi de planlarlar.<\/p>\n","protected":false},"excerpt":{"rendered":"<p>Ge\u00e7mi\u015ften ka\u00e7mak, suya resim yapmak gibidir&#8230;John Boyne&#8217;un imza projelerinden &#8221;Elementler&#8221; serisinin ilk halkas\u0131 Su, ge\u00e7mi\u015fin karanl\u0131k izlerinden s\u0131yr\u0131l\u0131p ya\u015fad\u0131\u011f\u0131 ve ya\u015fayaca\u011f\u0131 yeni hayatla y\u00fczle\u015fmek zorunda kalan<span class=\"excerpt-hellip\"> [\u2026]<\/span><\/p>\n","protected":false},"featured_media":0,"template":"","meta":{"_monsterinsights_skip_tracking":false,"_monsterinsights_sitenote_active":false,"_monsterinsights_sitenote_note":"","_monsterinsights_sitenote_category":0},"product_brand":[],"product_cat":[12291,12711],"product_tag":[],"class_list":{"0":"post-766449","1":"product","2":"type-product","3":"status-publish","5":"product_cat-edebiyat","6":"product_cat-roman-oyku","7":"pa_cilt-ciltsiz","8":"pa_tur-kitap","9":"pa_yayinevi-delidolu","10":"pa_yazar-john-boyne","12":"first","13":"instock","14":"sale","15":"shipping-taxable","16":"purchasable","17":"product-type-simple"},"_links":{"self":[{"href":"https:\/\/roveyayinevi.com.tr\/index.php\/wp-json\/wp\/v2\/product\/766449","targetHints":{"allow":["GET"]}}],"collection":[{"href":"https:\/\/roveyayinevi.com.tr\/index.php\/wp-json\/wp\/v2\/product"}],"about":[{"href":"https:\/\/roveyayinevi.com.tr\/index.php\/wp-json\/wp\/v2\/types\/product"}],"wp:attachment":[{"href":"https:\/\/roveyayinevi.com.tr\/index.php\/wp-json\/wp\/v2\/media?parent=766449"}],"wp:term":[{"taxonomy":"product_brand","embeddable":true,"href":"https:\/\/roveyayinevi.com.tr\/index.php\/wp-json\/wp\/v2\/product_brand?post=766449"},{"taxonomy":"product_cat","embeddable":true,"href":"https:\/\/roveyayinevi.com.tr\/index.php\/wp-json\/wp\/v2\/product_cat?post=766449"},{"taxonomy":"product_tag","embeddable":true,"href":"https:\/\/roveyayinevi.com.tr\/index.php\/wp-json\/wp\/v2\/product_tag?post=766449"}],"curies":[{"name":"wp","href":"https:\/\/api.w.org\/{rel}","templated":true}]}}