{"id":766448,"date":"2025-08-28T12:14:06","date_gmt":"2025-08-28T09:14:06","guid":{"rendered":"https:\/\/roveyayinevi.com.tr\/index.php\/urun\/yeni-dunya-sosyal-medya\/"},"modified":"2026-04-15T03:32:14","modified_gmt":"2026-04-15T00:32:14","slug":"yeni-dunya-sosyal-medya","status":"publish","type":"product","link":"https:\/\/roveyayinevi.com.tr\/index.php\/urun\/yeni-dunya-sosyal-medya\/","title":{"rendered":"Yeni D\u00fcnya: Sosyal Medya"},"content":{"rendered":"<p>\u201cG\u00fcndelik hayat\u0131n monotonlu\u011fundan b\u0131k\u0131p Sosyal Medya\u2019n\u0131n cazibesine ko\u015ftuk. \u015eimdi de oradaki zorbal\u0131klar, lin\u00e7ler, veri g\u00fcvenli\u011fi, g\u00f6zetleme gibi y\u0131\u011f\u0131nla problem bir tarafa, Sosyal Meyda\u2019n\u0131n kendisi ba\u015fl\u0131 ba\u015f\u0131na bir mesele haline gelmi\u015fe benziyor: Ak\u0131ll\u0131 cihazlar\u0131na bakmadan duramayanlar, kaybolmakta olan y\u00fcz y\u00fcze, samimi ili\u015fkiler, hakikatteki a\u015f\u0131nmalar\u2026\u201d Mert Karbay, ger\u00e7ekten bir yeni d\u00fcnya olan, adeta yeni d\u00fcnyan\u0131n kendisi haline gelen sosyal medyay\u0131, hem olanaklar\u0131 hem sorunlar\u0131yla tart\u0131\u015f\u0131yor bu kitapta. Sosyal medyan\u0131n, \u00e7a\u011f\u0131m\u0131z\u0131n \u201chalk yaz\u0131s\u0131\u201d oldu\u011funa dikkat \u00e7ekiyor; herkesin yazabilece\u011fi; herkese hitap eden yaz\u0131\u2026 Bu bak\u0131mdan, bir demokratikle\u015ftirme potansiyeli ta\u015f\u0131yor. Ama kamusal ileti\u015fimdeki geleneksel \u201ckap\u0131 bek\u00e7ilerinin\u201d yerini alan \u201calgoritma\u201d da, \u201cakla zarar\u201d ba\u015fka problemler getiriyor. Kamusal entelekt\u00fcelin yerini alan trol, influencer, oyunbaz, k\u00fcrat\u00f6r gibi sosyal tipler; \u201cba\u011f\u0131ml\u0131 insan-ba\u011f\u0131ms\u0131z sosyal medya\u201d paradoksuna arac\u0131l\u0131k ediyor. Sosyal medyan\u0131n yayg\u0131nla\u015ft\u0131rd\u0131\u011f\u0131 \u201csosyal dikkat da\u011f\u0131n\u0131kl\u0131\u011f\u0131\u201d ve \u201csonsuz dikkat da\u011f\u0131n\u0131kl\u0131\u011f\u0131\u201d, bu mecradan yay\u0131lan yalanlarla m\u00fccadelenin nafileli\u011fi gibi olgular, \u201caksak\u201d bir kamusall\u0131\u011fa, politikan\u0131n ketlenmesine giden bir yolu d\u00f6\u015f\u00fcyor. Yeni D\u00fcnya: Sosyal Medya, sosyal medyan\u0131n, \u00e7o\u011faltt\u0131\u011f\u0131 \u201cMutsuzum ama keyfim yerinde!\u201d duygusunun derinindeki sorunlar\u0131 tahlil ediyor. Ve evet, yine de, olanaklar\u0131yla birlikte\u2026<\/p>\n","protected":false},"excerpt":{"rendered":"<p>\u201cG\u00fcndelik hayat\u0131n monotonlu\u011fundan b\u0131k\u0131p Sosyal Medya\u2019n\u0131n cazibesine ko\u015ftuk. \u015eimdi de oradaki zorbal\u0131klar, lin\u00e7ler, veri g\u00fcvenli\u011fi, g\u00f6zetleme gibi y\u0131\u011f\u0131nla problem bir tarafa, Sosyal Meyda\u2019n\u0131n kendisi ba\u015fl\u0131 ba\u015f\u0131na<span class=\"excerpt-hellip\"> [\u2026]<\/span><\/p>\n","protected":false},"featured_media":0,"template":"","meta":{"_monsterinsights_skip_tracking":false,"_monsterinsights_sitenote_active":false,"_monsterinsights_sitenote_note":"","_monsterinsights_sitenote_category":0},"product_brand":[],"product_cat":[22061,13488],"product_tag":[],"class_list":{"0":"post-766448","1":"product","2":"type-product","3":"status-publish","5":"product_cat-sosyal-medya-ve-iletisim","6":"product_cat-toplum-ve-insan","7":"pa_cilt-ciltsiz","8":"pa_tur-kitap","9":"pa_yayinevi-iletisim-yayinlari","10":"pa_yazar-mert-karbay","12":"first","13":"instock","14":"sale","15":"shipping-taxable","16":"purchasable","17":"product-type-simple"},"_links":{"self":[{"href":"https:\/\/roveyayinevi.com.tr\/index.php\/wp-json\/wp\/v2\/product\/766448","targetHints":{"allow":["GET"]}}],"collection":[{"href":"https:\/\/roveyayinevi.com.tr\/index.php\/wp-json\/wp\/v2\/product"}],"about":[{"href":"https:\/\/roveyayinevi.com.tr\/index.php\/wp-json\/wp\/v2\/types\/product"}],"wp:attachment":[{"href":"https:\/\/roveyayinevi.com.tr\/index.php\/wp-json\/wp\/v2\/media?parent=766448"}],"wp:term":[{"taxonomy":"product_brand","embeddable":true,"href":"https:\/\/roveyayinevi.com.tr\/index.php\/wp-json\/wp\/v2\/product_brand?post=766448"},{"taxonomy":"product_cat","embeddable":true,"href":"https:\/\/roveyayinevi.com.tr\/index.php\/wp-json\/wp\/v2\/product_cat?post=766448"},{"taxonomy":"product_tag","embeddable":true,"href":"https:\/\/roveyayinevi.com.tr\/index.php\/wp-json\/wp\/v2\/product_tag?post=766448"}],"curies":[{"name":"wp","href":"https:\/\/api.w.org\/{rel}","templated":true}]}}