{"id":766432,"date":"2025-08-28T12:13:32","date_gmt":"2025-08-28T09:13:32","guid":{"rendered":"https:\/\/roveyayinevi.com.tr\/index.php\/urun\/guvercin-dave-2\/"},"modified":"2026-04-15T03:32:13","modified_gmt":"2026-04-15T00:32:13","slug":"guvercin-dave-2","status":"publish","type":"product","link":"https:\/\/roveyayinevi.com.tr\/index.php\/urun\/guvercin-dave-2\/","title":{"rendered":"Gu\u0308vercin Dave 2"},"content":{"rendered":"<p>G\u00fcvercin Dave ve en yak\u0131n arkada\u015f\u0131 Z\u0131pz\u0131p, kocaman bir ku\u015f yemi y\u0131\u011f\u0131n\u0131 ve tehlikeli bir maceran\u0131n i\u00e7ine gaga \u00fcst\u00fc d\u00fc\u015f\u00fcyorlar. En sevdi\u011fimiz g\u00fcvercin kahramanlar\u0131m\u0131z\u0131n ba\u015f\u0131na, bu kez heyecandan t\u0131rnaklar\u0131n\u0131z\u0131 yemenize, pen\u00e7elerinizi k\u0131v\u0131rman\u0131za hatta bazen \u00c7I\u011eLIK ATMANIZA neden olacak olaylar geliyor. \u0130ntikam pe\u015findeki bir \u201c\u00e7\u0131t\u0131r g\u00fcvercin toplar\u0131\u201d \u00fcreticisinden ka\u00e7maya \u00e7al\u0131\u015fan kahramanlar\u0131m\u0131z\u0131n maceralar\u0131n\u0131 okurken t\u00fcylerinize sahip \u00e7\u0131k\u0131n l\u00fctfen!   \u201c\u201cBu resmen g\u00fcvercinan\u0131lmaz bir kitap.\u201d &#8211;          Dave\u2019in b\u00fcy\u00fckannesi   \u201c\u015eu G\u00fcvercin Dave tam bir d\u00e2hi.\u201d &#8211;          \u0130smi \u201cDave\u201d olan kimli\u011fi belirsiz bir g\u00fcvercin <\/p>\n","protected":false},"excerpt":{"rendered":"<p>G\u00fcvercin Dave ve en yak\u0131n arkada\u015f\u0131 Z\u0131pz\u0131p, kocaman bir ku\u015f yemi y\u0131\u011f\u0131n\u0131 ve tehlikeli bir maceran\u0131n i\u00e7ine gaga \u00fcst\u00fc d\u00fc\u015f\u00fcyorlar. En sevdi\u011fimiz g\u00fcvercin kahramanlar\u0131m\u0131z\u0131n ba\u015f\u0131na, bu<span class=\"excerpt-hellip\"> [\u2026]<\/span><\/p>\n","protected":false},"featured_media":0,"template":"","meta":{"_monsterinsights_skip_tracking":false,"_monsterinsights_sitenote_active":false,"_monsterinsights_sitenote_note":"","_monsterinsights_sitenote_category":0},"product_brand":[],"product_cat":[12274,12284],"product_tag":[],"class_list":{"0":"post-766432","1":"product","2":"type-product","3":"status-publish","5":"product_cat-cocuk-ve-genclik-kitaplari","6":"product_cat-hikayeler","7":"pa_cilt-ciltsiz","8":"pa_tur-kitap","9":"pa_yayinevi-say-cocuk","10":"pa_yazar-swapna-haddow","12":"first","13":"instock","14":"sale","15":"shipping-taxable","16":"purchasable","17":"product-type-simple"},"_links":{"self":[{"href":"https:\/\/roveyayinevi.com.tr\/index.php\/wp-json\/wp\/v2\/product\/766432","targetHints":{"allow":["GET"]}}],"collection":[{"href":"https:\/\/roveyayinevi.com.tr\/index.php\/wp-json\/wp\/v2\/product"}],"about":[{"href":"https:\/\/roveyayinevi.com.tr\/index.php\/wp-json\/wp\/v2\/types\/product"}],"wp:attachment":[{"href":"https:\/\/roveyayinevi.com.tr\/index.php\/wp-json\/wp\/v2\/media?parent=766432"}],"wp:term":[{"taxonomy":"product_brand","embeddable":true,"href":"https:\/\/roveyayinevi.com.tr\/index.php\/wp-json\/wp\/v2\/product_brand?post=766432"},{"taxonomy":"product_cat","embeddable":true,"href":"https:\/\/roveyayinevi.com.tr\/index.php\/wp-json\/wp\/v2\/product_cat?post=766432"},{"taxonomy":"product_tag","embeddable":true,"href":"https:\/\/roveyayinevi.com.tr\/index.php\/wp-json\/wp\/v2\/product_tag?post=766432"}],"curies":[{"name":"wp","href":"https:\/\/api.w.org\/{rel}","templated":true}]}}