{"id":766428,"date":"2025-08-28T12:13:17","date_gmt":"2025-08-28T09:13:17","guid":{"rendered":"https:\/\/roveyayinevi.com.tr\/index.php\/urun\/gaip-2\/"},"modified":"2026-04-15T03:32:13","modified_gmt":"2026-04-15T00:32:13","slug":"gaip-2","status":"publish","type":"product","link":"https:\/\/roveyayinevi.com.tr\/index.php\/urun\/gaip-2\/","title":{"rendered":"Gaip"},"content":{"rendered":"<p>\u201cHayat o kadar kolay, \u00e7izgileri bu kadar belli bir oyun de\u011fildi maalesef. Bunlar, hayat\u0131n hakikatleriyle y\u00fczle\u015fecek cesareti bulunmayanlar\u0131n, ona katlanabilecek sab\u0131r ve tahamm\u00fcl\u00fc tesis etmek i\u00e7in uydurdu\u011fu, ger\u00e7ek olmas\u0131n\u0131 temenni etti\u011fi yalanlard\u0131 sadece. Hakikat kesindi, keskin \u00e7izgileri vard\u0131. Onu nas\u0131l alg\u0131lad\u0131\u011f\u0131n\u0131z, nas\u0131l yorumlad\u0131\u011f\u0131n\u0131z, nas\u0131l olmas\u0131n\u0131 istedi\u011finiz hakikat denen \u015feyin umurunda bile olmazd\u0131. Hayatla bar\u0131\u015fabilmenin tek yolu, hakikati oldu\u011fu gibi kabullenip kendini onunla ya\u015fayabilecek \u015fekilde e\u011fitmekti.\u201d   Gaip, bir kazan\u0131n ard\u0131ndan her \u015feyi unutan bir adam\u0131n, Salih Karahisarl\u0131\u2019n\u0131n kimlik aray\u0131\u015f\u0131n\u0131, kendini bulma hik\u00e2yesini anlat\u0131yor. Ama \u00e7ok ge\u00e7meden derinlerde sakl\u0131 aile s\u0131rlar\u0131n\u0131, ge\u00e7mi\u015fin karanl\u0131k y\u00fcz\u00fcn\u00fc ve sevginin s\u0131nav\u0131n\u0131 da ortaya \u00e7\u0131kar\u0131yor. Mahir \u00dcnsal Eri\u015f, okuru belle\u011fin karanl\u0131k k\u00f6\u015felerine s\u00fcr\u00fcklerken, s\u0131radan bir ailenin s\u0131radan olmayan s\u0131rlar\u0131n\u0131 ustal\u0131kla \u00f6r\u00fcyor. Bu hik\u00e2yede her sat\u0131r, ge\u00e7mi\u015fle y\u00fczle\u015fmenin sanc\u0131s\u0131n\u0131 hissettiriyor\u2026 <\/p>\n","protected":false},"excerpt":{"rendered":"<p>\u201cHayat o kadar kolay, \u00e7izgileri bu kadar belli bir oyun de\u011fildi maalesef. Bunlar, hayat\u0131n hakikatleriyle y\u00fczle\u015fecek cesareti bulunmayanlar\u0131n, ona katlanabilecek sab\u0131r ve tahamm\u00fcl\u00fc tesis etmek i\u00e7in<span class=\"excerpt-hellip\"> [\u2026]<\/span><\/p>\n","protected":false},"featured_media":0,"template":"","meta":{"_monsterinsights_skip_tracking":false,"_monsterinsights_sitenote_active":false,"_monsterinsights_sitenote_note":"","_monsterinsights_sitenote_category":0},"product_brand":[],"product_cat":[12291,12711],"product_tag":[],"class_list":{"0":"post-766428","1":"product","2":"type-product","3":"status-publish","5":"product_cat-edebiyat","6":"product_cat-roman-oyku","7":"pa_cilt-ciltsiz","8":"pa_tur-kitap","9":"pa_yayinevi-dogan-kitap","10":"pa_yazar-mahir-unsal-eris","12":"first","13":"instock","14":"sale","15":"shipping-taxable","16":"purchasable","17":"product-type-simple"},"_links":{"self":[{"href":"https:\/\/roveyayinevi.com.tr\/index.php\/wp-json\/wp\/v2\/product\/766428","targetHints":{"allow":["GET"]}}],"collection":[{"href":"https:\/\/roveyayinevi.com.tr\/index.php\/wp-json\/wp\/v2\/product"}],"about":[{"href":"https:\/\/roveyayinevi.com.tr\/index.php\/wp-json\/wp\/v2\/types\/product"}],"wp:attachment":[{"href":"https:\/\/roveyayinevi.com.tr\/index.php\/wp-json\/wp\/v2\/media?parent=766428"}],"wp:term":[{"taxonomy":"product_brand","embeddable":true,"href":"https:\/\/roveyayinevi.com.tr\/index.php\/wp-json\/wp\/v2\/product_brand?post=766428"},{"taxonomy":"product_cat","embeddable":true,"href":"https:\/\/roveyayinevi.com.tr\/index.php\/wp-json\/wp\/v2\/product_cat?post=766428"},{"taxonomy":"product_tag","embeddable":true,"href":"https:\/\/roveyayinevi.com.tr\/index.php\/wp-json\/wp\/v2\/product_tag?post=766428"}],"curies":[{"name":"wp","href":"https:\/\/api.w.org\/{rel}","templated":true}]}}