{"id":766411,"date":"2025-08-28T12:12:42","date_gmt":"2025-08-28T09:12:42","guid":{"rendered":"https:\/\/roveyayinevi.com.tr\/index.php\/urun\/profesyonel-futbolcularda-ofke-duzeyi\/"},"modified":"2026-04-15T03:32:13","modified_gmt":"2026-04-15T00:32:13","slug":"profesyonel-futbolcularda-ofke-duzeyi","status":"publish","type":"product","link":"https:\/\/roveyayinevi.com.tr\/index.php\/urun\/profesyonel-futbolcularda-ofke-duzeyi\/","title":{"rendered":"Profesyonel Futbolcularda \u00d6fke D\u00fczeyi"},"content":{"rendered":"<p>Genel olarak, \u00e7al\u0131\u015fmalar performans-\u00f6fke ili\u015fkisinde bireyler aras\u0131 farkl\u0131l\u0131klara odaklanm\u0131\u015ft\u0131r (Conroy vd., 2001; Flores, 2013; \u0130kizler ve Karag\u00f6zo\u011flu, 1997; Jones, 2003). \u00c7o\u011funlukla rekabet ortam\u0131nda stresin tetikledi\u011fi \u00f6fke, rekabet\u00e7i sporlarda en s\u0131k g\u00f6r\u00fclen durumlardan biridir (Certel ve Bahad\u0131r, 2012). G\u00fcn\u00fcm\u00fczde t\u00fcm sporcular\u0131n ba\u015far\u0131 sa\u011flayabilmek i\u00e7in yo\u011fun bir \u00e7aba i\u00e7erisinde oldu\u011fu g\u00f6r\u00fclmektedir. \u00d6fkenin sporcular\u0131 olumlu ve olumsuz etkileyen bir duygu durumu oldu\u011fu g\u00f6z \u00f6n\u00fcne al\u0131nd\u0131\u011f\u0131nda sporcular\u0131n hedefleri do\u011frultusunda duygu durumlar\u0131n\u0131 ba\u015far\u0131 a\u00e7\u0131s\u0131ndan olumlu y\u00f6nde y\u00f6netmeleri gerekmektedir. Bu nedenle sporcular\u0131n \u00f6fkelerini kontrol etmeleri ve a\u015f\u0131r\u0131 \u00f6fkeden ka\u00e7\u0131nmalar\u0131 gerekir. \u0130\u015fte bu noktada mevcut \u00e7al\u0131\u015fma hem var olan durumun belirlenmesinde hem de sporcular \u00fczerindeki eksikli\u011fin \u00e7e\u015fitli \u00f6nerilerle ele al\u0131nmas\u0131 a\u00e7\u0131s\u0131ndan \u00f6nemlidir.Bu \u00e7al\u0131\u015fmada; T\u00fcrkiye Futbol Federasyonu taraf\u0131ndan d\u00fczenlenen TFF ikinci lig ve TFF \u00fc\u00e7\u00fcnc\u00fc liginde futbol oynayan futbolcular\u0131n genel olarak b\u00fct\u00fcn spor ya\u015famlar\u0131nda hatta ulusal ve uluslararas\u0131 m\u00fcsabakalarda daha iyi performans sergileyebilmelerine \u0131\u015f\u0131k tutacak fark\u0131ndal\u0131\u011f\u0131 yaratmak ad\u0131na, \u00e7e\u015fitli de\u011fi\u015fkenlere g\u00f6re \u00f6fke d\u00fczeylerinin belirlenmesi ama\u00e7lanm\u0131\u015ft\u0131r. Bu kapsamda ara\u015ft\u0131rman\u0131n y\u00fcr\u00fct\u00fclebilmesi i\u00e7in gerekli izinler al\u0131nd\u0131ktan sonra \u00e7al\u0131\u015fmayla ilgili olarak \u00f6ncelikle ki\u015fisel bilgi formu ve ara\u015ft\u0131rma grubuna uygun \u00f6fke \u00f6l\u00e7e\u011fi belirlendi. Ara\u015ft\u0131rman\u0131n \u00f6rneklem grubunu belirleme ad\u0131na TFF bilgi bankas\u0131 vas\u0131tas\u0131yla futbolcu say\u0131lar\u0131 elde edildi. Tesad\u00fcfi k\u00fcme \u00f6rnekleme y\u00f6ntemine g\u00f6re ara\u015ft\u0131rmaya kat\u0131lacak olan futbolcular belirlendi. Ard\u0131ndan belirlenen zaman diliminde anketler futbolculara ula\u015ft\u0131r\u0131ld\u0131. Veri toplama i\u015flemi ka\u011f\u0131t kalem da\u011f\u0131tma y\u00f6ntemi ve interaktif ortamda anketlerin doldurulmas\u0131yla tamamland\u0131. Toplamda uygulanan 420 ankette geri d\u00f6n\u00fc\u015f\u00fcm sa\u011flanm\u0131\u015f ancak hatal\u0131 ve eksik anketler ara\u015ft\u0131rmadan \u00e7\u0131kar\u0131larak 397 anket ara\u015ft\u0131rmaya dahil edilmi\u015ftir. <\/p>\n","protected":false},"excerpt":{"rendered":"<p>Genel olarak, \u00e7al\u0131\u015fmalar performans-\u00f6fke ili\u015fkisinde bireyler aras\u0131 farkl\u0131l\u0131klara odaklanm\u0131\u015ft\u0131r (Conroy vd., 2001; Flores, 2013; \u0130kizler ve Karag\u00f6zo\u011flu, 1997; Jones, 2003). \u00c7o\u011funlukla rekabet ortam\u0131nda stresin tetikledi\u011fi \u00f6fke,<span class=\"excerpt-hellip\"> [\u2026]<\/span><\/p>\n","protected":false},"featured_media":0,"template":"","meta":{"_monsterinsights_skip_tracking":false,"_monsterinsights_sitenote_active":false,"_monsterinsights_sitenote_note":"","_monsterinsights_sitenote_category":0},"product_brand":[],"product_cat":[12357],"product_tag":[],"class_list":{"0":"post-766411","1":"product","2":"type-product","3":"status-publish","5":"product_cat-psikoloji","6":"pa_cilt-ciltsiz","7":"pa_tur-kitap","8":"pa_yayinevi-soncag-akademik-kitaplar","9":"pa_yazar-abdullah-kalafatoglu","11":"first","12":"instock","13":"sale","14":"shipping-taxable","15":"purchasable","16":"product-type-simple"},"_links":{"self":[{"href":"https:\/\/roveyayinevi.com.tr\/index.php\/wp-json\/wp\/v2\/product\/766411","targetHints":{"allow":["GET"]}}],"collection":[{"href":"https:\/\/roveyayinevi.com.tr\/index.php\/wp-json\/wp\/v2\/product"}],"about":[{"href":"https:\/\/roveyayinevi.com.tr\/index.php\/wp-json\/wp\/v2\/types\/product"}],"wp:attachment":[{"href":"https:\/\/roveyayinevi.com.tr\/index.php\/wp-json\/wp\/v2\/media?parent=766411"}],"wp:term":[{"taxonomy":"product_brand","embeddable":true,"href":"https:\/\/roveyayinevi.com.tr\/index.php\/wp-json\/wp\/v2\/product_brand?post=766411"},{"taxonomy":"product_cat","embeddable":true,"href":"https:\/\/roveyayinevi.com.tr\/index.php\/wp-json\/wp\/v2\/product_cat?post=766411"},{"taxonomy":"product_tag","embeddable":true,"href":"https:\/\/roveyayinevi.com.tr\/index.php\/wp-json\/wp\/v2\/product_tag?post=766411"}],"curies":[{"name":"wp","href":"https:\/\/api.w.org\/{rel}","templated":true}]}}