{"id":766407,"date":"2025-08-28T12:12:37","date_gmt":"2025-08-28T09:12:37","guid":{"rendered":"https:\/\/roveyayinevi.com.tr\/index.php\/urun\/uyumak-istemeyen-10-kucuk-baykus\/"},"modified":"2026-04-15T03:32:13","modified_gmt":"2026-04-15T00:32:13","slug":"uyumak-istemeyen-10-kucuk-baykus","status":"publish","type":"product","link":"https:\/\/roveyayinevi.com.tr\/index.php\/urun\/uyumak-istemeyen-10-kucuk-baykus\/","title":{"rendered":"Uyumak \u0130stemeyen 10 K\u00fc\u00e7\u00fck Bayku\u015f"},"content":{"rendered":"<p>On yavrusuna u\u00e7may\u0131 \u00f6\u011freten anne bayku\u015f, ak\u015fam yuvaya geri d\u00f6nd\u00fcklerinde dalg\u0131nl\u0131kla yavru bir yarasay\u0131 da getirdi\u011fini fark eder. Ailesini merakta b\u0131rakmamak i\u00e7in yavru yarasay\u0131 geri g\u00f6t\u00fcrmek i\u00e7in hemen yola d\u00fc\u015fer\u2026 Peki, yavru bayku\u015flar\u0131 \u015fimdi kim uyutacak? Anne bayku\u015f minik okurlardan yard\u0131m istiyor! Bayku\u015flar\u0131 uyutmaya yard\u0131m eder misin?<\/p>\n","protected":false},"excerpt":{"rendered":"<p>On yavrusuna u\u00e7may\u0131 \u00f6\u011freten anne bayku\u015f, ak\u015fam yuvaya geri d\u00f6nd\u00fcklerinde dalg\u0131nl\u0131kla yavru bir yarasay\u0131 da getirdi\u011fini fark eder. Ailesini merakta b\u0131rakmamak i\u00e7in yavru yarasay\u0131 geri g\u00f6t\u00fcrmek<span class=\"excerpt-hellip\"> [\u2026]<\/span><\/p>\n","protected":false},"featured_media":0,"template":"","meta":{"_monsterinsights_skip_tracking":false,"_monsterinsights_sitenote_active":false,"_monsterinsights_sitenote_note":"","_monsterinsights_sitenote_category":0},"product_brand":[],"product_cat":[12274,12518],"product_tag":[],"class_list":{"0":"post-766407","1":"product","2":"type-product","3":"status-publish","5":"product_cat-cocuk-ve-genclik-kitaplari","6":"product_cat-okul-oncesi-kitaplar","7":"pa_cilt-ciltsiz","8":"pa_tur-kitap","9":"pa_yayinevi-is-bankasi-kultur-yayinlari","10":"pa_yazar-katja-alves","12":"first","13":"instock","14":"sale","15":"shipping-taxable","16":"purchasable","17":"product-type-simple"},"_links":{"self":[{"href":"https:\/\/roveyayinevi.com.tr\/index.php\/wp-json\/wp\/v2\/product\/766407","targetHints":{"allow":["GET"]}}],"collection":[{"href":"https:\/\/roveyayinevi.com.tr\/index.php\/wp-json\/wp\/v2\/product"}],"about":[{"href":"https:\/\/roveyayinevi.com.tr\/index.php\/wp-json\/wp\/v2\/types\/product"}],"wp:attachment":[{"href":"https:\/\/roveyayinevi.com.tr\/index.php\/wp-json\/wp\/v2\/media?parent=766407"}],"wp:term":[{"taxonomy":"product_brand","embeddable":true,"href":"https:\/\/roveyayinevi.com.tr\/index.php\/wp-json\/wp\/v2\/product_brand?post=766407"},{"taxonomy":"product_cat","embeddable":true,"href":"https:\/\/roveyayinevi.com.tr\/index.php\/wp-json\/wp\/v2\/product_cat?post=766407"},{"taxonomy":"product_tag","embeddable":true,"href":"https:\/\/roveyayinevi.com.tr\/index.php\/wp-json\/wp\/v2\/product_tag?post=766407"}],"curies":[{"name":"wp","href":"https:\/\/api.w.org\/{rel}","templated":true}]}}