{"id":766399,"date":"2025-08-28T12:12:20","date_gmt":"2025-08-28T09:12:20","guid":{"rendered":"https:\/\/roveyayinevi.com.tr\/index.php\/urun\/kilic-ve-pislik-1-cilt\/"},"modified":"2026-04-15T03:32:12","modified_gmt":"2026-04-15T00:32:12","slug":"kilic-ve-pislik-1-cilt","status":"publish","type":"product","link":"https:\/\/roveyayinevi.com.tr\/index.php\/urun\/kilic-ve-pislik-1-cilt\/","title":{"rendered":"K\u0131l\u0131\u00e7 ve Pislik 1. Cilt"},"content":{"rendered":"<p>Kimsenin ayak bile basmad\u0131\u011f\u0131  \u201cZindan\u201d\u0131n derinliklerinde ceset olarak bulunan Iarumas, yeniden hayata d\u00f6nd\u00fcr\u00fclm\u00fc\u015f fakat haf\u0131zas\u0131n\u0131 yitirmi\u015ftir. Her g\u00fcn, \u2018\u00f6nceki hayat\u0131n\u0131n\u2019 detaylar\u0131n\u0131 \u00f6\u011frenmek i\u00e7in tek ba\u015f\u0131na Zindan&#8217;a girip macerac\u0131lar\u0131n cesetlerini toplar. K\u00fcllere boyanm\u0131\u015f g\u00fcnlerini ge\u00e7irirken sava\u015f\u00e7\u0131n\u0131n kar\u015f\u0131s\u0131na \u00e7\u0131kan \u201cGarbage&#8221; adl\u0131 k\u0131z, onu yepyeni bir maceraya s\u00fcr\u00fckleyecektir. Kitaba yazar Kumo Kagyu\u2019nun ekstra k\u0131sa \u00f6yk\u00fcs\u00fc de d\u00e2hil! Kan ve k\u00fclle bezenmi\u015f karanl\u0131k bir fantastik d\u00fcnyan\u0131n kap\u0131lar\u0131 aralan\u0131yor!    <\/p>\n","protected":false},"excerpt":{"rendered":"<p>Kimsenin ayak bile basmad\u0131\u011f\u0131 \u201cZindan\u201d\u0131n derinliklerinde ceset olarak bulunan Iarumas, yeniden hayata d\u00f6nd\u00fcr\u00fclm\u00fc\u015f fakat haf\u0131zas\u0131n\u0131 yitirmi\u015ftir. Her g\u00fcn, \u2018\u00f6nceki hayat\u0131n\u0131n\u2019 detaylar\u0131n\u0131 \u00f6\u011frenmek i\u00e7in tek ba\u015f\u0131na Zindan&#8217;a<span class=\"excerpt-hellip\"> [\u2026]<\/span><\/p>\n","protected":false},"featured_media":0,"template":"","meta":{"_monsterinsights_skip_tracking":false,"_monsterinsights_sitenote_active":false,"_monsterinsights_sitenote_note":"","_monsterinsights_sitenote_category":0},"product_brand":[],"product_cat":[12416,12291],"product_tag":[],"class_list":{"0":"post-766399","1":"product","2":"type-product","3":"status-publish","5":"product_cat-cizgi-roman","6":"product_cat-edebiyat","7":"pa_cilt-ciltsiz","8":"pa_tur-kitap","9":"pa_yayinevi-artemis-yayinlari","10":"pa_yazar-kumo-kagyu","12":"first","13":"instock","14":"sale","15":"shipping-taxable","16":"purchasable","17":"product-type-simple"},"_links":{"self":[{"href":"https:\/\/roveyayinevi.com.tr\/index.php\/wp-json\/wp\/v2\/product\/766399","targetHints":{"allow":["GET"]}}],"collection":[{"href":"https:\/\/roveyayinevi.com.tr\/index.php\/wp-json\/wp\/v2\/product"}],"about":[{"href":"https:\/\/roveyayinevi.com.tr\/index.php\/wp-json\/wp\/v2\/types\/product"}],"wp:attachment":[{"href":"https:\/\/roveyayinevi.com.tr\/index.php\/wp-json\/wp\/v2\/media?parent=766399"}],"wp:term":[{"taxonomy":"product_brand","embeddable":true,"href":"https:\/\/roveyayinevi.com.tr\/index.php\/wp-json\/wp\/v2\/product_brand?post=766399"},{"taxonomy":"product_cat","embeddable":true,"href":"https:\/\/roveyayinevi.com.tr\/index.php\/wp-json\/wp\/v2\/product_cat?post=766399"},{"taxonomy":"product_tag","embeddable":true,"href":"https:\/\/roveyayinevi.com.tr\/index.php\/wp-json\/wp\/v2\/product_tag?post=766399"}],"curies":[{"name":"wp","href":"https:\/\/api.w.org\/{rel}","templated":true}]}}