{"id":766375,"date":"2025-08-28T12:11:36","date_gmt":"2025-08-28T09:11:36","guid":{"rendered":"https:\/\/roveyayinevi.com.tr\/index.php\/urun\/gumus-tablet\/"},"modified":"2026-03-25T20:54:34","modified_gmt":"2026-03-25T17:54:34","slug":"gumus-tablet","status":"publish","type":"product","link":"https:\/\/roveyayinevi.com.tr\/index.php\/urun\/gumus-tablet\/","title":{"rendered":"G\u00fcm\u00fc\u015f Tablet"},"content":{"rendered":"<p>Nefertari gelen haberciyi yan\u0131na istedi. Planlar\u0131n neden de\u011fi\u015fti\u011fini, majestenin kendisini neden Teb&#8217;e \u00e7a\u011f\u0131rd\u0131\u011f\u0131n\u0131 merak etmi\u015fti. Haberci, krali\u00e7enin huzuruna girer girmez yere kapaklanarak sayg\u0131lar\u0131n\u0131 sundu. Nefertari&#8217;nin i\u015faretiyle adam dizlerinin \u00fczerinde do\u011fruldu, krali\u00e7enin nedimesinin sorular\u0131n\u0131 yan\u0131tlamaya ba\u015flad\u0131. &#8230; &#8211; S\u00f6yle bakal\u0131m, Teb&#8217;den ne haberler getirdin? &#8211; Han\u0131mefendim, ba\u015fk\u00e2tibimin s\u00f6yledi\u011fine g\u00f6re majestemiz Opet bayram\u0131na kadar Teb&#8217;de kalacak. Krali\u00e7emizi de yan\u0131na bekliyor. &#8211; Peki majestemiz neden karar de\u011fi\u015ftirdi? &#8211; Efendim, Hatti \u00fclkesinde bir saray darbesinden bahsediliyor. Kral devrilmi\u015f, yeni kral ba\u015fa ge\u00e7mi\u015f. Majeste g\u00fcneye gitmekten vazge\u00e7ip Teb&#8217;de kald\u0131. Krali\u00e7emizin gemisini haz\u0131rlatt\u0131k, Meydum&#8217;da hareket i\u00e7in bekliyor. Kade\u015f Antla\u015fmas\u0131, Hitit Kral\u0131 Hattu\u015fili ve M\u0131s\u0131r Firavunu Ramses aras\u0131nda imzalanm\u0131\u015f bir bar\u0131\u015f antla\u015fmas\u0131d\u0131r. Antla\u015fma metni Hattu\u015fa&#8217;da g\u00fcm\u00fc\u015f bir tablete yaz\u0131lm\u0131\u015f, M\u0131s\u0131r&#8217;a g\u00f6nderilmi\u015ftir. <\/p>\n","protected":false},"excerpt":{"rendered":"<p>Nefertari gelen haberciyi yan\u0131na istedi. Planlar\u0131n neden de\u011fi\u015fti\u011fini, majestenin kendisini neden Teb&#8217;e \u00e7a\u011f\u0131rd\u0131\u011f\u0131n\u0131 merak etmi\u015fti. Haberci, krali\u00e7enin huzuruna girer girmez yere kapaklanarak sayg\u0131lar\u0131n\u0131 sundu. Nefertari&#8217;nin i\u015faretiyle<span class=\"excerpt-hellip\"> [\u2026]<\/span><\/p>\n","protected":false},"featured_media":0,"template":"","meta":{"_monsterinsights_skip_tracking":false,"_monsterinsights_sitenote_active":false,"_monsterinsights_sitenote_note":"","_monsterinsights_sitenote_category":0},"product_brand":[],"product_cat":[12291,12711],"product_tag":[],"class_list":{"0":"post-766375","1":"product","2":"type-product","3":"status-publish","5":"product_cat-edebiyat","6":"product_cat-roman-oyku","7":"pa_cilt-ciltsiz","8":"pa_tur-kitap","9":"pa_yayinevi-karina-yayinevi","10":"pa_yazar-nesrin-baytok","12":"first","13":"instock","14":"sale","15":"shipping-taxable","16":"purchasable","17":"product-type-simple"},"_links":{"self":[{"href":"https:\/\/roveyayinevi.com.tr\/index.php\/wp-json\/wp\/v2\/product\/766375","targetHints":{"allow":["GET"]}}],"collection":[{"href":"https:\/\/roveyayinevi.com.tr\/index.php\/wp-json\/wp\/v2\/product"}],"about":[{"href":"https:\/\/roveyayinevi.com.tr\/index.php\/wp-json\/wp\/v2\/types\/product"}],"wp:attachment":[{"href":"https:\/\/roveyayinevi.com.tr\/index.php\/wp-json\/wp\/v2\/media?parent=766375"}],"wp:term":[{"taxonomy":"product_brand","embeddable":true,"href":"https:\/\/roveyayinevi.com.tr\/index.php\/wp-json\/wp\/v2\/product_brand?post=766375"},{"taxonomy":"product_cat","embeddable":true,"href":"https:\/\/roveyayinevi.com.tr\/index.php\/wp-json\/wp\/v2\/product_cat?post=766375"},{"taxonomy":"product_tag","embeddable":true,"href":"https:\/\/roveyayinevi.com.tr\/index.php\/wp-json\/wp\/v2\/product_tag?post=766375"}],"curies":[{"name":"wp","href":"https:\/\/api.w.org\/{rel}","templated":true}]}}

Gümüş Tablet

<p>Nefertari gelen haberciyi yanına istedi. Planların neden değiştiğini, majestenin kendisini neden Teb&#8217;e çağırdığını merak etmişti. Haberci, kraliçenin huzuruna girer girmez yere kapaklanarak saygılarını sundu. Nefertari&#8217;nin işaretiyle adam dizlerinin üzerinde doğruldu, kraliçenin nedimesinin sorularını yanıtlamaya başladı. &#8230; &#8211; Söyle bakalım, Teb&#8217;den ne haberler getirdin? &#8211; Hanımefendim, başkâtibimin söylediğine göre majestemiz Opet bayramına kadar Teb&#8217;de kalacak. Kraliçemizi de yanına bekliyor. &#8211; Peki majestemiz neden karar değiştirdi? &#8211; Efendim, Hatti ülkesinde bir saray darbesinden bahsediliyor. Kral devrilmiş, yeni kral başa geçmiş. Majeste güneye gitmekten vazgeçip Teb&#8217;de kaldı. Kraliçemizin gemisini hazırlattık, Meydum&#8217;da hareket için bekliyor. Kadeş Antlaşması, Hitit Kralı Hattuşili ve Mısır Firavunu Ramses arasında imzalanmış bir barış antlaşmasıdır. Antlaşma metni Hattuşa&#8217;da gümüş bir tablete yazılmış, Mısır&#8217;a gönderilmiştir. </p>

<p>Nefertari gelen haberciyi yanına istedi. Planların neden değiştiğini, majestenin kendisini neden Teb&#8217;e çağırdığını merak etmişti. Haberci, kraliçenin huzuruna girer girmez yere kapaklanarak saygılarını sundu. Nefertari&#8217;nin işaretiyle<span class="excerpt-hellip"> […]</span></p>
