{"id":766349,"date":"2025-08-28T12:10:45","date_gmt":"2025-08-28T09:10:45","guid":{"rendered":"https:\/\/roveyayinevi.com.tr\/index.php\/urun\/kanser-icin-eft\/"},"modified":"2026-04-15T03:32:11","modified_gmt":"2026-04-15T00:32:11","slug":"kanser-icin-eft","status":"publish","type":"product","link":"https:\/\/roveyayinevi.com.tr\/index.php\/urun\/kanser-icin-eft\/","title":{"rendered":"Kanser \u0130\u00e7in EFT"},"content":{"rendered":"<p>EFT TAPPING \u0130LE DUYGUSAL Y\u00dcKLERDEN \u00d6ZG\u00dcRLE\u015e\u0130P B\u00dcT\u00dcNSEL \u015e\u0130FA SA\u011eLAYIN! EFT (Duygusal \u00d6zg\u00fcrl\u00fck Teknikleri), kanserle gelen duygusal, zihinsel ve fiziksel g\u00fc\u00e7l\u00fckleri hafifleten, ki\u015finin kendi kendine uygulayaca\u011f\u0131 bir y\u00f6ntemdir. EFT, tan\u0131dan tedaviye hatta verilecek kararlara kadar kanser s\u00fcrecinde destek sa\u011flar.   Genellikle \u201cTapping\u201d olarak an\u0131lan EFT, kanserle m\u00fccadele eden herkes i\u00e7in \u00e7ok de\u011ferli bir gere\u00e7tir. Fiziksel a\u011fr\u0131 kadar duygusal ve psikolojik rahats\u0131zl\u0131klar\u0131 da azaltan etkili bir tekniktir. Kanser yolculu\u011funun her ad\u0131m\u0131nda, hasta ve hasta yak\u0131nlar\u0131na destek sa\u011flayan bir y\u00f6ntemdir. Sa\u011fl\u0131kla ilgili programlara eklenerek kanser s\u00fcrecindeki rahats\u0131zl\u0131klar\u0131 hafifletebilir.   EFT Tapping; akupunktur noktalar\u0131na parmakla vurarak bas\u0131n\u00e7 sa\u011flanmas\u0131 \u015feklinde uygulan\u0131r. Dolay\u0131s\u0131yla \u201cAkupunktur Terapisinin\u201d, psikolojideki veya psikiyatrideki \u201cKonu\u015fma Terapisinin\u201d ve v\u00fccuttaki rahats\u0131z noktaya odaklan\u0131lan \u201cBili\u015fsel Davran\u0131\u015f Terapisinin\u201d birle\u015fiminden olu\u015fur.   Kanser \u0130\u00e7in EFT kitab\u0131nda, EFT\u2019ye ba\u015flamak i\u00e7in ihtiya\u00e7 duyulan basit anlat\u0131mlar, Tapping olumlamalar\u0131 ve EFT\u2019nin kan\u0131ta dayal\u0131 bir uygulama oldu\u011funa dair bilgiler bulunuyor. EFT Tapping\u2019in kanser s\u00fcrecinde; tan\u0131 \u015foku, hissedilen korku ve \u00f6fke gibi yayg\u0131n duygular, fiziksel a\u011fr\u0131lar, t\u0131bbi tedavi i\u00e7in al\u0131nacak kararlar, hasta yak\u0131nlar\u0131 i\u00e7in uygulamalar, deste\u011fi kabullenme, pi\u015fmanl\u0131klar\u0131 temizleme, v\u00fccut g\u00f6r\u00fcnt\u00fcs\u00fcn\u00fc geli\u015ftirme, \u00f6zg\u00fcven sa\u011flama, hastan\u0131n durumuyla ilgili konu\u015fabilmesi, \u015fifalanma engellerinden ar\u0131nma, kanser hastas\u0131 kad\u0131n ve erkeklerin \u00f6zel sorunlar\u0131, \u00f6l\u00fcm ve \u00f6l\u00fcm korkusu, hastay\u0131 destekleyenler ve kanserli \u00e7ocuklar i\u00e7in nas\u0131l kullan\u0131labilece\u011fi \u00fczerine kapsaml\u0131 bilgiler veriliyor. <\/p>\n","protected":false},"excerpt":{"rendered":"<p>EFT TAPPING \u0130LE DUYGUSAL Y\u00dcKLERDEN \u00d6ZG\u00dcRLE\u015e\u0130P B\u00dcT\u00dcNSEL \u015e\u0130FA SA\u011eLAYIN! EFT (Duygusal \u00d6zg\u00fcrl\u00fck Teknikleri), kanserle gelen duygusal, zihinsel ve fiziksel g\u00fc\u00e7l\u00fckleri hafifleten, ki\u015finin kendi kendine uygulayaca\u011f\u0131 bir<span class=\"excerpt-hellip\"> [\u2026]<\/span><\/p>\n","protected":false},"featured_media":0,"template":"","meta":{"_monsterinsights_skip_tracking":false,"_monsterinsights_sitenote_active":false,"_monsterinsights_sitenote_note":"","_monsterinsights_sitenote_category":0},"product_brand":[],"product_cat":[13365],"product_tag":[],"class_list":{"0":"post-766349","1":"product","2":"type-product","3":"status-publish","5":"product_cat-saglik","6":"pa_cilt-ciltsiz","7":"pa_tur-kitap","8":"pa_yayinevi-destek-yayinlari","9":"pa_yazar-deborah-d-miller-stephanie-marohn","11":"first","12":"instock","13":"sale","14":"shipping-taxable","15":"purchasable","16":"product-type-simple"},"_links":{"self":[{"href":"https:\/\/roveyayinevi.com.tr\/index.php\/wp-json\/wp\/v2\/product\/766349","targetHints":{"allow":["GET"]}}],"collection":[{"href":"https:\/\/roveyayinevi.com.tr\/index.php\/wp-json\/wp\/v2\/product"}],"about":[{"href":"https:\/\/roveyayinevi.com.tr\/index.php\/wp-json\/wp\/v2\/types\/product"}],"wp:attachment":[{"href":"https:\/\/roveyayinevi.com.tr\/index.php\/wp-json\/wp\/v2\/media?parent=766349"}],"wp:term":[{"taxonomy":"product_brand","embeddable":true,"href":"https:\/\/roveyayinevi.com.tr\/index.php\/wp-json\/wp\/v2\/product_brand?post=766349"},{"taxonomy":"product_cat","embeddable":true,"href":"https:\/\/roveyayinevi.com.tr\/index.php\/wp-json\/wp\/v2\/product_cat?post=766349"},{"taxonomy":"product_tag","embeddable":true,"href":"https:\/\/roveyayinevi.com.tr\/index.php\/wp-json\/wp\/v2\/product_tag?post=766349"}],"curies":[{"name":"wp","href":"https:\/\/api.w.org\/{rel}","templated":true}]}}