{"id":766343,"date":"2025-08-28T12:10:34","date_gmt":"2025-08-28T09:10:34","guid":{"rendered":"https:\/\/roveyayinevi.com.tr\/index.php\/urun\/askida-kahkaha\/"},"modified":"2026-04-15T03:32:11","modified_gmt":"2026-04-15T00:32:11","slug":"askida-kahkaha","status":"publish","type":"product","link":"https:\/\/roveyayinevi.com.tr\/index.php\/urun\/askida-kahkaha\/","title":{"rendered":"Ask\u0131da Kahkaha"},"content":{"rendered":"<p>\u00c7ocuklar g\u00fcnde ortalama 500 kez, yeti\u015fkinler ise 60 kez g\u00fcler.\u00c7a\u011f\u0131l internette bu bilgiye rastlad\u0131\u011f\u0131nda bir \u015feyin fark\u0131na varm\u0131\u015ft\u0131: Bu say\u0131lar kesin olmasa da \u015fu bir ger\u00e7ekti ki yeti\u015fkinler \u00e7ocuklardan daha az g\u00fcl\u00fcyordu. Peki, kahkaha eksikli\u011fine ne iyi gelirdi? Tabii ki g\u00fclmek!Ortada g\u00fclecek bir \u015fey varken herkes g\u00fclerdi. \u00d6nemli olan, g\u00fclecek bir \u015fey yokken o \u015feyi ortaya \u00e7\u0131karmakt\u0131. Ve \u00c7a\u011f\u0131l, kollar\u0131 s\u0131vad\u0131.Mugutsuguzluguk bugulaga\u015f\u0131g\u0131c\u0131g\u0131d\u0131g\u0131r.Agamaga mugutluguluguk daga bugulaga\u015f\u0131g\u0131c\u0131g\u0131d\u0131g\u0131r.*HAYD\u0130! ASKIYA B\u0130R KAHKAHA DA SEN BIRAK! *Mutsuzluk bula\u015f\u0131c\u0131d\u0131r. Ama mutluluk da bula\u015f\u0131c\u0131d\u0131r.<\/p>\n","protected":false},"excerpt":{"rendered":"<p>\u00c7ocuklar g\u00fcnde ortalama 500 kez, yeti\u015fkinler ise 60 kez g\u00fcler.\u00c7a\u011f\u0131l internette bu bilgiye rastlad\u0131\u011f\u0131nda bir \u015feyin fark\u0131na varm\u0131\u015ft\u0131: Bu say\u0131lar kesin olmasa da \u015fu bir ger\u00e7ekti<span class=\"excerpt-hellip\"> [\u2026]<\/span><\/p>\n","protected":false},"featured_media":0,"template":"","meta":{"_monsterinsights_skip_tracking":false,"_monsterinsights_sitenote_active":false,"_monsterinsights_sitenote_note":"","_monsterinsights_sitenote_category":0},"product_brand":[],"product_cat":[12274,12284],"product_tag":[],"class_list":{"0":"post-766343","1":"product","2":"type-product","3":"status-publish","5":"product_cat-cocuk-ve-genclik-kitaplari","6":"product_cat-hikayeler","7":"pa_cilt-ciltsiz","8":"pa_tur-kitap","9":"pa_yayinevi-altin-kitaplar","10":"pa_yazar-hanzade-servi","12":"first","13":"instock","14":"sale","15":"shipping-taxable","16":"purchasable","17":"product-type-simple"},"_links":{"self":[{"href":"https:\/\/roveyayinevi.com.tr\/index.php\/wp-json\/wp\/v2\/product\/766343","targetHints":{"allow":["GET"]}}],"collection":[{"href":"https:\/\/roveyayinevi.com.tr\/index.php\/wp-json\/wp\/v2\/product"}],"about":[{"href":"https:\/\/roveyayinevi.com.tr\/index.php\/wp-json\/wp\/v2\/types\/product"}],"wp:attachment":[{"href":"https:\/\/roveyayinevi.com.tr\/index.php\/wp-json\/wp\/v2\/media?parent=766343"}],"wp:term":[{"taxonomy":"product_brand","embeddable":true,"href":"https:\/\/roveyayinevi.com.tr\/index.php\/wp-json\/wp\/v2\/product_brand?post=766343"},{"taxonomy":"product_cat","embeddable":true,"href":"https:\/\/roveyayinevi.com.tr\/index.php\/wp-json\/wp\/v2\/product_cat?post=766343"},{"taxonomy":"product_tag","embeddable":true,"href":"https:\/\/roveyayinevi.com.tr\/index.php\/wp-json\/wp\/v2\/product_tag?post=766343"}],"curies":[{"name":"wp","href":"https:\/\/api.w.org\/{rel}","templated":true}]}}