{"id":766341,"date":"2025-08-28T12:10:30","date_gmt":"2025-08-28T09:10:30","guid":{"rendered":"https:\/\/roveyayinevi.com.tr\/index.php\/urun\/adim-adim-cumhuriyet-29-ekim\/"},"modified":"2026-04-15T03:32:11","modified_gmt":"2026-04-15T00:32:11","slug":"adim-adim-cumhuriyet-29-ekim","status":"publish","type":"product","link":"https:\/\/roveyayinevi.com.tr\/index.php\/urun\/adim-adim-cumhuriyet-29-ekim\/","title":{"rendered":"Ad\u0131m Ad\u0131m Cumhuriyet: 29 Ekim"},"content":{"rendered":"<p>Y\u0131l 1919! Osmanl\u0131 Devleti sava\u015f\u0131 kaybetmi\u015fti. Halk sava\u015f yorgunuydu, yoksuldu. Sava\u015f gemileri ve d\u00fc\u015fman askerleri \u0130stanbul&#8217;dayd\u0131. Bir \u015feyler yap\u0131lmas\u0131 gerekiyordu. Mustafa Kemal Pa\u015fa, ancak g\u00fcc\u00fcn\u00fc halktan alan bir direni\u015fin ba\u015far\u0131l\u0131 olabilece\u011fini biliyordu. \u00d6yleyse Anadolu&#8217;ya \u00e7\u0131kmal\u0131yd\u0131. \u0130\u015fte direni\u015f b\u00f6yle ba\u015flad\u0131! 19 May\u0131s bir ba\u015flang\u0131\u00e7t\u0131r. 30 A\u011fustos&#8217;a \u00e7\u0131kan yolun ba\u015flang\u0131c\u0131. Mustafa Kemal Pa\u015fa yolun ba\u015f\u0131nda karar\u0131n\u0131 vermi\u015fti: Ulusal egemenli\u011fe dayal\u0131 tam ba\u011f\u0131ms\u0131z bir T\u00fcrk devleti! Ya ba\u011f\u0131ms\u0131zl\u0131k ya \u00f6l\u00fcm demesi bundand\u0131r. 23 Nisan&#8217;da Meclis&#8217;in a\u00e7\u0131lmas\u0131 ba\u015fl\u0131 ba\u015f\u0131na bir devrimdir. Ve 29 Ekim; Cumhuriyet! Bu kitap, Atat\u00fcrk, arkada\u015flar\u0131 ve ba\u011f\u0131ms\u0131zl\u0131\u011f\u0131 ilke edinmi\u015f t\u00fcm insanlar\u0131n m\u00fccadelesini, dolay\u0131s\u0131yla Cumhuriyet&#8217;e giden yolu anlat\u0131yor; sab\u0131rla, ad\u0131m ad\u0131m!<\/p>\n","protected":false},"excerpt":{"rendered":"<p>Y\u0131l 1919! Osmanl\u0131 Devleti sava\u015f\u0131 kaybetmi\u015fti. Halk sava\u015f yorgunuydu, yoksuldu. Sava\u015f gemileri ve d\u00fc\u015fman askerleri \u0130stanbul&#8217;dayd\u0131. Bir \u015feyler yap\u0131lmas\u0131 gerekiyordu. Mustafa Kemal Pa\u015fa, ancak g\u00fcc\u00fcn\u00fc halktan<span class=\"excerpt-hellip\"> [\u2026]<\/span><\/p>\n","protected":false},"featured_media":0,"template":"","meta":{"_monsterinsights_skip_tracking":false,"_monsterinsights_sitenote_active":false,"_monsterinsights_sitenote_note":"","_monsterinsights_sitenote_category":0},"product_brand":[],"product_cat":[12274,12284],"product_tag":[],"class_list":{"0":"post-766341","1":"product","2":"type-product","3":"status-publish","5":"product_cat-cocuk-ve-genclik-kitaplari","6":"product_cat-hikayeler","7":"pa_cilt-ciltsiz","8":"pa_tur-kitap","9":"pa_yayinevi-altin-kitaplar","10":"pa_yazar-habib-bektas","12":"first","13":"instock","14":"sale","15":"shipping-taxable","16":"purchasable","17":"product-type-simple"},"_links":{"self":[{"href":"https:\/\/roveyayinevi.com.tr\/index.php\/wp-json\/wp\/v2\/product\/766341","targetHints":{"allow":["GET"]}}],"collection":[{"href":"https:\/\/roveyayinevi.com.tr\/index.php\/wp-json\/wp\/v2\/product"}],"about":[{"href":"https:\/\/roveyayinevi.com.tr\/index.php\/wp-json\/wp\/v2\/types\/product"}],"wp:attachment":[{"href":"https:\/\/roveyayinevi.com.tr\/index.php\/wp-json\/wp\/v2\/media?parent=766341"}],"wp:term":[{"taxonomy":"product_brand","embeddable":true,"href":"https:\/\/roveyayinevi.com.tr\/index.php\/wp-json\/wp\/v2\/product_brand?post=766341"},{"taxonomy":"product_cat","embeddable":true,"href":"https:\/\/roveyayinevi.com.tr\/index.php\/wp-json\/wp\/v2\/product_cat?post=766341"},{"taxonomy":"product_tag","embeddable":true,"href":"https:\/\/roveyayinevi.com.tr\/index.php\/wp-json\/wp\/v2\/product_tag?post=766341"}],"curies":[{"name":"wp","href":"https:\/\/api.w.org\/{rel}","templated":true}]}}

Adım Adım Cumhuriyet: 29 Ekim

<p>Yıl 1919! Osmanlı Devleti savaşı kaybetmişti. Halk savaş yorgunuydu, yoksuldu. Savaş gemileri ve düşman askerleri İstanbul&#8217;daydı. Bir şeyler yapılması gerekiyordu. Mustafa Kemal Paşa, ancak gücünü halktan alan bir direnişin başarılı olabileceğini biliyordu. Öyleyse Anadolu&#8217;ya çıkmalıydı. İşte direniş böyle başladı! 19 Mayıs bir başlangıçtır. 30 Ağustos&#8217;a çıkan yolun başlangıcı. Mustafa Kemal Paşa yolun başında kararını vermişti: Ulusal egemenliğe dayalı tam bağımsız bir Türk devleti! Ya bağımsızlık ya ölüm demesi bundandır. 23 Nisan&#8217;da Meclis&#8217;in açılması başlı başına bir devrimdir. Ve 29 Ekim; Cumhuriyet! Bu kitap, Atatürk, arkadaşları ve bağımsızlığı ilke edinmiş tüm insanların mücadelesini, dolayısıyla Cumhuriyet&#8217;e giden yolu anlatıyor; sabırla, adım adım!</p>

<p>Yıl 1919! Osmanlı Devleti savaşı kaybetmişti. Halk savaş yorgunuydu, yoksuldu. Savaş gemileri ve düşman askerleri İstanbul&#8217;daydı. Bir şeyler yapılması gerekiyordu. Mustafa Kemal Paşa, ancak gücünü halktan<span class="excerpt-hellip"> […]</span></p>
