{"id":766339,"date":"2025-08-28T12:10:25","date_gmt":"2025-08-28T09:10:25","guid":{"rendered":"https:\/\/roveyayinevi.com.tr\/index.php\/urun\/baskomiser-muzaffer-sir-perdesi\/"},"modified":"2026-04-15T03:32:11","modified_gmt":"2026-04-15T00:32:11","slug":"baskomiser-muzaffer-sir-perdesi","status":"publish","type":"product","link":"https:\/\/roveyayinevi.com.tr\/index.php\/urun\/baskomiser-muzaffer-sir-perdesi\/","title":{"rendered":"Ba\u015fkomiser Muzaffer S\u0131r Perdesi"},"content":{"rendered":"<p>Baz\u0131 tesad\u00fcfler, karanl\u0131\u011f\u0131 ayd\u0131nl\u0131\u011fa \u00e7\u0131kar\u0131r. Ba\u015fkomiser Muzaffer. \u015eehri kas\u0131p kavuran bir seri katili yakalad\u0131ktan sonra nihayet huzurlu g\u00fcnler ge\u00e7irmeye ba\u015flam\u0131\u015ft\u0131. Ta ki sad\u0131k k\u00f6pe\u011fi, orman\u0131n derinliklerinde g\u00f6m\u00fcl\u00fc bir s\u0131rr\u0131 ortaya \u00e7\u0131karana dek. Bir orman&#8230; S\u0131rlarla dolu bir ge\u00e7mi\u015f. Ve bir kez a\u00e7\u0131\u011fa \u00e7\u0131kt\u0131\u011f\u0131nda, geri d\u00f6n\u00fc\u015f\u00fc olmayan bir yolculuk. Ger\u00e7e\u011fin pe\u015finde, nefes kesen bir yar\u0131\u015f ba\u015fl\u0131yor&#8230; <\/p>\n","protected":false},"excerpt":{"rendered":"<p>Baz\u0131 tesad\u00fcfler, karanl\u0131\u011f\u0131 ayd\u0131nl\u0131\u011fa \u00e7\u0131kar\u0131r. Ba\u015fkomiser Muzaffer. \u015eehri kas\u0131p kavuran bir seri katili yakalad\u0131ktan sonra nihayet huzurlu g\u00fcnler ge\u00e7irmeye ba\u015flam\u0131\u015ft\u0131. Ta ki sad\u0131k k\u00f6pe\u011fi, orman\u0131n derinliklerinde<span class=\"excerpt-hellip\"> [\u2026]<\/span><\/p>\n","protected":false},"featured_media":0,"template":"","meta":{"_monsterinsights_skip_tracking":false,"_monsterinsights_sitenote_active":false,"_monsterinsights_sitenote_note":"","_monsterinsights_sitenote_category":0},"product_brand":[],"product_cat":[12291,12711],"product_tag":[],"class_list":{"0":"post-766339","1":"product","2":"type-product","3":"status-publish","5":"product_cat-edebiyat","6":"product_cat-roman-oyku","7":"pa_cilt-ciltsiz","8":"pa_tur-kitap","9":"pa_yayinevi-platanus-publishing","10":"pa_yazar-ozkan-ural","12":"first","13":"instock","14":"sale","15":"shipping-taxable","16":"purchasable","17":"product-type-simple"},"_links":{"self":[{"href":"https:\/\/roveyayinevi.com.tr\/index.php\/wp-json\/wp\/v2\/product\/766339","targetHints":{"allow":["GET"]}}],"collection":[{"href":"https:\/\/roveyayinevi.com.tr\/index.php\/wp-json\/wp\/v2\/product"}],"about":[{"href":"https:\/\/roveyayinevi.com.tr\/index.php\/wp-json\/wp\/v2\/types\/product"}],"wp:attachment":[{"href":"https:\/\/roveyayinevi.com.tr\/index.php\/wp-json\/wp\/v2\/media?parent=766339"}],"wp:term":[{"taxonomy":"product_brand","embeddable":true,"href":"https:\/\/roveyayinevi.com.tr\/index.php\/wp-json\/wp\/v2\/product_brand?post=766339"},{"taxonomy":"product_cat","embeddable":true,"href":"https:\/\/roveyayinevi.com.tr\/index.php\/wp-json\/wp\/v2\/product_cat?post=766339"},{"taxonomy":"product_tag","embeddable":true,"href":"https:\/\/roveyayinevi.com.tr\/index.php\/wp-json\/wp\/v2\/product_tag?post=766339"}],"curies":[{"name":"wp","href":"https:\/\/api.w.org\/{rel}","templated":true}]}}