{"id":766325,"date":"2025-08-28T12:09:57","date_gmt":"2025-08-28T09:09:57","guid":{"rendered":"https:\/\/roveyayinevi.com.tr\/index.php\/urun\/maame\/"},"modified":"2026-04-15T03:32:10","modified_gmt":"2026-04-15T00:32:10","slug":"maame","status":"publish","type":"product","link":"https:\/\/roveyayinevi.com.tr\/index.php\/urun\/maame\/","title":{"rendered":"Maame"},"content":{"rendered":"<p>Maddie\u2019nin Londra\u2019daki hayat\u0131 pek de i\u00e7 a\u00e7\u0131c\u0131 de\u011fil. Y\u0131l\u0131n yar\u0131s\u0131ndan \u00e7o\u011funu Gana\u2019da ge\u00e7iren annesinin ve d\u00fcnya yansa umurunda olmayan erkek karde\u015finin yan\u0131nda Maddie, ileri seviye Parkinson hastas\u0131 olan babas\u0131na bakma g\u00f6revini \u00fcstleniyor. \u0130\u015fyerinde korkun\u00e7 bir patronu var ve kat\u0131ld\u0131\u011f\u0131 her toplant\u0131daki tek siyahi olmaktan b\u0131kt\u0131. Ama annesi Gana\u2019dan d\u00f6nd\u00fc\u011f\u00fcnde, Maddie aile evinden ayr\u0131l\u0131p hayat\u0131n\u0131 ya\u015famak i\u00e7in bir f\u0131rsat yakal\u0131yor ve \u015fimdi baz\u0131 \u00f6nemli \u201cilk\u201dleri ger\u00e7ekle\u015ftirmeye haz\u0131r. Payla\u015f\u0131ml\u0131 bir daireye \u00e7\u0131k\u0131yor, ak\u015famlar\u0131 d\u0131\u015far\u0131 \u00e7\u0131k\u0131p bir \u015feyler i\u00e7meyi kabul ediyor, i\u015fyerinde daha \u00e7ok inisiyatif al\u0131yor ve kendini internet fl\u00f6rtlerinin \u00e7\u0131lg\u0131n d\u00fcnyas\u0131na b\u0131rak\u0131yor. Ta ki trajedi patlak verene, ka\u00e7\u0131n\u0131lmaz olan ger\u00e7ekle\u015fene kadar&#8230; \u015eimdi Maddie, iki k\u00fclt\u00fcr aras\u0131nda kalm\u0131\u015f ailesinin kendine getirdikleri ve kendinden g\u00f6t\u00fcrd\u00fckleri aras\u0131nda bir denge kurmak, nereye ait oldu\u011funu bulmak zorunda. Jessica George\u2019un ilk roman\u0131 Maame, \u0131rk\u00e7\u0131l\u0131k, a\u015fk\u0131n karma\u015f\u0131k d\u00fcnyas\u0131, hayat kurtaran dostluklar ve kad\u0131n olman\u0131n ke\u015ffi gibi \u00e7a\u011f\u0131m\u0131z\u0131n konular\u0131na \u0131\u015f\u0131k tutuyor.  <\/p>\n","protected":false},"excerpt":{"rendered":"<p>Maddie\u2019nin Londra\u2019daki hayat\u0131 pek de i\u00e7 a\u00e7\u0131c\u0131 de\u011fil. Y\u0131l\u0131n yar\u0131s\u0131ndan \u00e7o\u011funu Gana\u2019da ge\u00e7iren annesinin ve d\u00fcnya yansa umurunda olmayan erkek karde\u015finin yan\u0131nda Maddie, ileri seviye Parkinson<span class=\"excerpt-hellip\"> [\u2026]<\/span><\/p>\n","protected":false},"featured_media":0,"template":"","meta":{"_monsterinsights_skip_tracking":false,"_monsterinsights_sitenote_active":false,"_monsterinsights_sitenote_note":"","_monsterinsights_sitenote_category":0},"product_brand":[],"product_cat":[12291,12711],"product_tag":[],"class_list":{"0":"post-766325","1":"product","2":"type-product","3":"status-publish","5":"product_cat-edebiyat","6":"product_cat-roman-oyku","7":"pa_cilt-ciltsiz","8":"pa_tur-kitap","9":"pa_yayinevi-nemesis-kitap","10":"pa_yazar-jessica-george","12":"first","13":"instock","14":"sale","15":"shipping-taxable","16":"purchasable","17":"product-type-simple"},"_links":{"self":[{"href":"https:\/\/roveyayinevi.com.tr\/index.php\/wp-json\/wp\/v2\/product\/766325","targetHints":{"allow":["GET"]}}],"collection":[{"href":"https:\/\/roveyayinevi.com.tr\/index.php\/wp-json\/wp\/v2\/product"}],"about":[{"href":"https:\/\/roveyayinevi.com.tr\/index.php\/wp-json\/wp\/v2\/types\/product"}],"wp:attachment":[{"href":"https:\/\/roveyayinevi.com.tr\/index.php\/wp-json\/wp\/v2\/media?parent=766325"}],"wp:term":[{"taxonomy":"product_brand","embeddable":true,"href":"https:\/\/roveyayinevi.com.tr\/index.php\/wp-json\/wp\/v2\/product_brand?post=766325"},{"taxonomy":"product_cat","embeddable":true,"href":"https:\/\/roveyayinevi.com.tr\/index.php\/wp-json\/wp\/v2\/product_cat?post=766325"},{"taxonomy":"product_tag","embeddable":true,"href":"https:\/\/roveyayinevi.com.tr\/index.php\/wp-json\/wp\/v2\/product_tag?post=766325"}],"curies":[{"name":"wp","href":"https:\/\/api.w.org\/{rel}","templated":true}]}}