{"id":766313,"date":"2025-08-28T12:09:34","date_gmt":"2025-08-28T09:09:34","guid":{"rendered":"https:\/\/roveyayinevi.com.tr\/index.php\/urun\/babil-tarihi\/"},"modified":"2026-04-15T03:32:10","modified_gmt":"2026-04-15T00:32:10","slug":"babil-tarihi","status":"publish","type":"product","link":"https:\/\/roveyayinevi.com.tr\/index.php\/urun\/babil-tarihi\/","title":{"rendered":"Babil Tarihi"},"content":{"rendered":"<p>Kitap bizi Babil tarihi ile tarihi bir yolculu\u011fa \u00e7\u0131kar\u0131yor. Bu yolculuk ge\u00e7mi\u015fin dar koridoruna \u00e7ak\u0131l\u0131p kalm\u0131yor. George Smith bizi Babil Tarihi kitab\u0131 ile tarih denilen hikayelerin nas\u0131l olu\u015ftu\u011funu ve g\u00fcn\u00fcm\u00fcze dek s\u00fcregelen egemenlerin nas\u0131l bir tarih \u00f6rd\u00fc\u011f\u00fcn\u00fc de g\u00f6zler \u00f6n\u00fcne seriyor.   Babil Tarihi, k\u0131sa hayat\u0131n\u0131 Ortado\u011fu\u2019nun antik uygarl\u0131klar\u0131n\u0131 ara\u015ft\u0131rmaya adam\u0131\u015f bir 19. y\u00fczy\u0131l bilim insan\u0131 olan George Smith taraf\u0131ndan yaz\u0131lm\u0131\u015f bir kitap. Eser, \u00f6ncelikle Babil uygarl\u0131\u011f\u0131n\u0131n \u00f6ncesini, kurulu\u015fundan Medler ile ittifaka, sonras\u0131 Persler taraf\u0131ndan fethedilmesine kadar ge\u00e7en uzun y\u00fczy\u0131llar\u0131n ak\u0131c\u0131 bir anlat\u0131m\u0131n\u0131 i\u00e7eriyor. Kitab\u0131n \u00f6zg\u00fcn yanlar\u0131ndan biri uzun \u00e7abalar sonucunda bulunup terc\u00fcme edilmi\u015f ilk an\u0131tlar\u0131n \u00e7\u00f6z\u00fcl\u00fc\u015f\u00fcn\u00fcn temel al\u0131nmas\u0131d\u0131r. Babilliler ilk astronomi, matematik, mimari ve bir\u00e7ok alanda b\u00fcy\u00fck ke\u015fifler yap\u0131p geli\u015ftiren bir toplumdu. Ola\u011fan\u00fcst\u00fc bir yaz\u0131 sistemi geli\u015ftirmi\u015f, kil tabletlere ve papir\u00fcslere yaz\u0131lm\u0131\u015f eserlerden olu\u015fan etkileyici k\u00fct\u00fcphaneler kurmu\u015flard\u0131. Yazar\u0131n \u015fu s\u00f6z\u00fc tarihsel bir ger\u00e7e\u011fi ifade eder: \u201cBabil, uygarl\u0131\u011f\u0131n Asur\u2019a, oradan K\u00fc\u00e7\u00fck Asya\u2019ya ve Fenike\u2019ye, buralardan Yunanistan ve Roma\u2019ya ve Roma\u2019dan modern Avrupa\u2019ya yay\u0131ld\u0131\u011f\u0131 merkezdi.\u201d Ayn\u0131 hakikati bir ba\u015fka yerde de \u201cBabil&#8217;in tarihi, insan soyunun genel tarihiyle olan daha yak\u0131n ba\u011flant\u0131s\u0131ndan ve dininin, biliminin ve uygarl\u0131\u011f\u0131n\u0131n sonraki t\u00fcm insani ilerlemeler \u00fczerindeki etkisi\u201dni vurgular.   Okur bu kitapta, Babil\u2019in asma bah\u00e7elerinin muhte\u015femli\u011finin \u00f6tesinde de bilgiler bulacakt\u0131r; bilim ve sanattaki muazzam geli\u015fimin arka plan\u0131nda yer alan bitmek bilmeyen sava\u015flar, isyanlar, fetih ve ya\u011fmalar, imparatorlu\u011fu \u00e7\u00f6k\u00fc\u015fe g\u00f6t\u00fcren s\u00fcre\u00e7teki \u201cgenel ahlaki ve zihinsel \u00e7\u00fcr\u00fcme.    Babil Tarihi, yaln\u0131zca profesyonel tarih\u00e7iler ya da konuya \u00f6zel bir ilgi duyanlar i\u00e7in de\u011fil, bug\u00fcnk\u00fc medeniyetin tarihteki derin k\u00f6klerini anlamak isteyen herkes i\u00e7in bir ba\u015fvuru kayna\u011f\u0131d\u0131r. <\/p>\n","protected":false},"excerpt":{"rendered":"<p>Kitap bizi Babil tarihi ile tarihi bir yolculu\u011fa \u00e7\u0131kar\u0131yor. Bu yolculuk ge\u00e7mi\u015fin dar koridoruna \u00e7ak\u0131l\u0131p kalm\u0131yor. George Smith bizi Babil Tarihi kitab\u0131 ile tarih denilen hikayelerin<span class=\"excerpt-hellip\"> [\u2026]<\/span><\/p>\n","protected":false},"featured_media":0,"template":"","meta":{"_monsterinsights_skip_tracking":false,"_monsterinsights_sitenote_active":false,"_monsterinsights_sitenote_note":"","_monsterinsights_sitenote_category":0},"product_brand":[],"product_cat":[12305,12304],"product_tag":[],"class_list":{"0":"post-766313","1":"product","2":"type-product","3":"status-publish","5":"product_cat-dunya-tarihi","6":"product_cat-tarih","7":"pa_cilt-ciltsiz","8":"pa_tur-kitap","9":"pa_yayinevi-sumer-yayin","10":"pa_yazar-george-smith-tyack","12":"first","13":"instock","14":"sale","15":"shipping-taxable","16":"purchasable","17":"product-type-simple"},"_links":{"self":[{"href":"https:\/\/roveyayinevi.com.tr\/index.php\/wp-json\/wp\/v2\/product\/766313","targetHints":{"allow":["GET"]}}],"collection":[{"href":"https:\/\/roveyayinevi.com.tr\/index.php\/wp-json\/wp\/v2\/product"}],"about":[{"href":"https:\/\/roveyayinevi.com.tr\/index.php\/wp-json\/wp\/v2\/types\/product"}],"wp:attachment":[{"href":"https:\/\/roveyayinevi.com.tr\/index.php\/wp-json\/wp\/v2\/media?parent=766313"}],"wp:term":[{"taxonomy":"product_brand","embeddable":true,"href":"https:\/\/roveyayinevi.com.tr\/index.php\/wp-json\/wp\/v2\/product_brand?post=766313"},{"taxonomy":"product_cat","embeddable":true,"href":"https:\/\/roveyayinevi.com.tr\/index.php\/wp-json\/wp\/v2\/product_cat?post=766313"},{"taxonomy":"product_tag","embeddable":true,"href":"https:\/\/roveyayinevi.com.tr\/index.php\/wp-json\/wp\/v2\/product_tag?post=766313"}],"curies":[{"name":"wp","href":"https:\/\/api.w.org\/{rel}","templated":true}]}}