{"id":766309,"date":"2025-08-28T12:09:29","date_gmt":"2025-08-28T09:09:29","guid":{"rendered":"https:\/\/roveyayinevi.com.tr\/index.php\/urun\/amerikan-kopekleri\/"},"modified":"2026-04-08T03:28:30","modified_gmt":"2026-04-08T00:28:30","slug":"amerikan-kopekleri","status":"publish","type":"product","link":"https:\/\/roveyayinevi.com.tr\/index.php\/urun\/amerikan-kopekleri\/","title":{"rendered":"Amerikan K\u00f6pekleri"},"content":{"rendered":"<p>Neoliberalizm budur; paras\u0131 olanlar olmayanlara tezg\u00e2h kurar, paras\u0131 olanlar maa\u015flan\u0131r, fonlan\u0131r, \u00f6d\u00fcllendirilir, \u00f6ne \u00e7\u0131kart\u0131l\u0131r ve paras\u0131 az olanlar\u0131 soymak i\u00e7in tedav\u00fcle sokulur, paras\u0131 olanlar\u0131n \u00e7\u0131karlar\u0131n\u0131 korurlar, paras\u0131 olanlar\u0131n mafyavari adamlar\u0131 oluverirler! Ve halka kar\u015f\u0131 bu ikiy\u00fczl\u00fcl\u00fc\u011f\u00fc ve soygunu, devlete ve halka ve yasalara ra\u011fmen g\u00f6z g\u00f6re g\u00f6re yaparlar! Bunlar modern vah\u015filer, modern fa\u015fistler, modern gericiler, modern soyk\u0131r\u0131mc\u0131lard\u0131r ama her platformda \u201c\u00d6zg\u00fcrl\u00fck\u201d, \u201cDemokrasi\u201d demekten de geri durmazlar. Art\u0131k b\u00fct\u00fcn d\u00fcnya ezberledik; \u015fayet Bat\u0131l\u0131 liderler \u201c\u00d6zg\u00fcrl\u00fck ve demokrasi\u201d demeye ba\u015flam\u0131\u015fsa yeni bir istila ve soyk\u0131r\u0131m ba\u015fl\u0131yor demek! \u0130nsanl\u0131k; paras\u0131 olanlara, krallara, delilere, g\u00fcce tapanlara, kendinde ilahi g\u00fc\u00e7 ve hak g\u00f6renlere, imtiyaz isteyenlere, istedi\u011fimi yapar\u0131m diyenlere, g\u00f6z g\u00f6re g\u00f6re \u00f6ld\u00fcren ve hak yiyenlere kar\u015f\u0131 hi\u00e7 \u015f\u00fcpheniz olmas\u0131n, mutlaka cevab\u0131n\u0131 verecektir, ama bug\u00fcn, ama yar\u0131n! <\/p>\n","protected":false},"excerpt":{"rendered":"<p>Neoliberalizm budur; paras\u0131 olanlar olmayanlara tezg\u00e2h kurar, paras\u0131 olanlar maa\u015flan\u0131r, fonlan\u0131r, \u00f6d\u00fcllendirilir, \u00f6ne \u00e7\u0131kart\u0131l\u0131r ve paras\u0131 az olanlar\u0131 soymak i\u00e7in tedav\u00fcle sokulur, paras\u0131 olanlar\u0131n \u00e7\u0131karlar\u0131n\u0131 korurlar,<span class=\"excerpt-hellip\"> [\u2026]<\/span><\/p>\n","protected":false},"featured_media":0,"template":"","meta":{"_monsterinsights_skip_tracking":false,"_monsterinsights_sitenote_active":false,"_monsterinsights_sitenote_note":"","_monsterinsights_sitenote_category":0},"product_brand":[],"product_cat":[12337],"product_tag":[],"class_list":{"0":"post-766309","1":"product","2":"type-product","3":"status-publish","5":"product_cat-politika-siyaset","6":"pa_cilt-ciltsiz","7":"pa_tur-kitap","8":"pa_yayinevi-pankus-yayinlari","9":"pa_yazar-nihat-genc","11":"first","12":"instock","13":"sale","14":"shipping-taxable","15":"purchasable","16":"product-type-simple"},"_links":{"self":[{"href":"https:\/\/roveyayinevi.com.tr\/index.php\/wp-json\/wp\/v2\/product\/766309","targetHints":{"allow":["GET"]}}],"collection":[{"href":"https:\/\/roveyayinevi.com.tr\/index.php\/wp-json\/wp\/v2\/product"}],"about":[{"href":"https:\/\/roveyayinevi.com.tr\/index.php\/wp-json\/wp\/v2\/types\/product"}],"wp:attachment":[{"href":"https:\/\/roveyayinevi.com.tr\/index.php\/wp-json\/wp\/v2\/media?parent=766309"}],"wp:term":[{"taxonomy":"product_brand","embeddable":true,"href":"https:\/\/roveyayinevi.com.tr\/index.php\/wp-json\/wp\/v2\/product_brand?post=766309"},{"taxonomy":"product_cat","embeddable":true,"href":"https:\/\/roveyayinevi.com.tr\/index.php\/wp-json\/wp\/v2\/product_cat?post=766309"},{"taxonomy":"product_tag","embeddable":true,"href":"https:\/\/roveyayinevi.com.tr\/index.php\/wp-json\/wp\/v2\/product_tag?post=766309"}],"curies":[{"name":"wp","href":"https:\/\/api.w.org\/{rel}","templated":true}]}}