{"id":766295,"date":"2025-08-28T12:09:03","date_gmt":"2025-08-28T09:09:03","guid":{"rendered":"https:\/\/roveyayinevi.com.tr\/index.php\/urun\/iktisat-ve-toplum-dergisi-169-sayi\/"},"modified":"2026-04-15T03:32:10","modified_gmt":"2026-04-15T00:32:10","slug":"iktisat-ve-toplum-dergisi-169-sayi","status":"publish","type":"product","link":"https:\/\/roveyayinevi.com.tr\/index.php\/urun\/iktisat-ve-toplum-dergisi-169-sayi\/","title":{"rendered":"\u0130ktisat ve Toplum Dergisi 169. Say\u0131"},"content":{"rendered":"<p>Bu say\u0131da: K\u0131sac\u0131k Bir Vergi Dersi &#8211; Mahfi Eg\u0306ilmez             Daron Acemo\u011flu\u2019nun \u201cPolitik \u0130ktisad\u0131\u201d &#8211; H\u00fcseyin \u00d6zel           S\u0131radanla\u015fan \u015eiddet ve Siyaset Hakk\u0131nda &#8211; Ersin Kalayc\u0131og\u0306lu          Dijitalle\u015fme ve Kad\u0131n Eme\u011fi: T\u00fcrkiye\u2019de Turizm ve \u0130malat Sekt\u00f6rleri Nas\u0131l Bir D\u00f6n\u00fc\u015f\u00fcme \u0130\u015faret Ediyor? &#8211; Saniye Dedeo\u011flu, Asl\u0131 \u00c7oban              Maliye Politikas\u0131 ve Sermaye Birikimi &#8211; Alper Duman           B\u00fcy\u00fcme-Kalk\u0131nma Kuram\u0131n\u0131n Merak Uyand\u0131r\u0131c\u0131 Evrimi &#8211; M. Aykut Attar          Avrupa Zemin Kaybederken T\u00fcrkiye &#8211; Ay\u00e7a Tekin-Koru                 Gelir Da\u011f\u0131l\u0131m\u0131 ve Enflasyon Dinamikleri \u00c7er\u00e7evesinde Asgari \u00dccret Art\u0131\u015f\u0131 Tart\u0131\u015fmalar\u0131 &#8211; Arda Tunca, G\u00fcl\u00e7in Elif Y\u00fccel T\u00fcrkiye\u2019de D\u0131\u015f Kaynak Giri\u015f ve \u00c7\u0131k\u0131\u015flar\u0131 \u00dczerine Bir De\u011ferlendirme &#8211; Yas\u0327ar Uysal               T\u00fcrkiye\u2019de \u0130ktisat E\u011fitimi Tarihine \u201cTicaret Mektepleri\u201d1 ve \u201cTicari (B)\u0130limler\u201d A\u00e7\u0131s\u0131ndan Bakmak &#8211; Ercan Eren Bask\u0131n Tasar\u0131m ve Elektrikli Otomobillerin Gelece\u011fi &#8211; I\u0307brahim Semih Ak\u00e7omak                  \u00c7anlar Senin \u0130\u00e7in \u00c7al\u0131yor &#8211; Yas\u0327ar Tas\u0327k\u0131n Ko\u00e7               Belediyeler, Sanat ve Tiyatro (II) &#8211; Sacit Hadi Akdede           R\u00f6portaj: Asuman Kafao\u011flu-B\u00fcke &#8211; G\u00fcl\u00e7in Elif Y\u00fccel<\/p>\n","protected":false},"excerpt":{"rendered":"<p>Bu say\u0131da: K\u0131sac\u0131k Bir Vergi Dersi &#8211; Mahfi Eg\u0306ilmez Daron Acemo\u011flu\u2019nun \u201cPolitik \u0130ktisad\u0131\u201d &#8211; H\u00fcseyin \u00d6zel S\u0131radanla\u015fan \u015eiddet ve Siyaset Hakk\u0131nda &#8211; Ersin Kalayc\u0131og\u0306lu Dijitalle\u015fme ve<span class=\"excerpt-hellip\"> [\u2026]<\/span><\/p>\n","protected":false},"featured_media":0,"template":"","meta":{"_monsterinsights_skip_tracking":false,"_monsterinsights_sitenote_active":false,"_monsterinsights_sitenote_note":"","_monsterinsights_sitenote_category":0},"product_brand":[],"product_cat":[13527],"product_tag":[],"class_list":{"0":"post-766295","1":"product","2":"type-product","3":"status-publish","5":"product_cat-sureli-yayinlar","6":"pa_cilt-ciltsiz","7":"pa_tur-dergi","8":"pa_yayinevi-efil-yayinevi-dergi","9":"pa_yazar-kolektif","11":"first","12":"instock","13":"sale","14":"shipping-taxable","15":"purchasable","16":"product-type-simple"},"_links":{"self":[{"href":"https:\/\/roveyayinevi.com.tr\/index.php\/wp-json\/wp\/v2\/product\/766295","targetHints":{"allow":["GET"]}}],"collection":[{"href":"https:\/\/roveyayinevi.com.tr\/index.php\/wp-json\/wp\/v2\/product"}],"about":[{"href":"https:\/\/roveyayinevi.com.tr\/index.php\/wp-json\/wp\/v2\/types\/product"}],"wp:attachment":[{"href":"https:\/\/roveyayinevi.com.tr\/index.php\/wp-json\/wp\/v2\/media?parent=766295"}],"wp:term":[{"taxonomy":"product_brand","embeddable":true,"href":"https:\/\/roveyayinevi.com.tr\/index.php\/wp-json\/wp\/v2\/product_brand?post=766295"},{"taxonomy":"product_cat","embeddable":true,"href":"https:\/\/roveyayinevi.com.tr\/index.php\/wp-json\/wp\/v2\/product_cat?post=766295"},{"taxonomy":"product_tag","embeddable":true,"href":"https:\/\/roveyayinevi.com.tr\/index.php\/wp-json\/wp\/v2\/product_tag?post=766295"}],"curies":[{"name":"wp","href":"https:\/\/api.w.org\/{rel}","templated":true}]}}

İktisat ve Toplum Dergisi 169. Sayı

<p>Bu sayıda: Kısacık Bir Vergi Dersi &#8211; Mahfi Eğilmez             Daron Acemoğlu’nun “Politik İktisadı” &#8211; Hüseyin Özel           Sıradanlaşan Şiddet ve Siyaset Hakkında &#8211; Ersin Kalaycıoğlu          Dijitalleşme ve Kadın Emeği: Türkiye’de Turizm ve İmalat Sektörleri Nasıl Bir Dönüşüme İşaret Ediyor? &#8211; Saniye Dedeoğlu, Aslı Çoban              Maliye Politikası ve Sermaye Birikimi &#8211; Alper Duman           Büyüme-Kalkınma Kuramının Merak Uyandırıcı Evrimi &#8211; M. Aykut Attar          Avrupa Zemin Kaybederken Türkiye &#8211; Ayça Tekin-Koru                 Gelir Dağılımı ve Enflasyon Dinamikleri Çerçevesinde Asgari Ücret Artışı Tartışmaları &#8211; Arda Tunca, Gülçin Elif Yücel Türkiye’de Dış Kaynak Giriş ve Çıkışları Üzerine Bir Değerlendirme &#8211; Yaşar Uysal               Türkiye’de İktisat Eğitimi Tarihine “Ticaret Mektepleri”1 ve “Ticari (B)İlimler” Açısından Bakmak &#8211; Ercan Eren Baskın Tasarım ve Elektrikli Otomobillerin Geleceği &#8211; İbrahim Semih Akçomak                  Çanlar Senin İçin Çalıyor &#8211; Yaşar Taşkın Koç               Belediyeler, Sanat ve Tiyatro (II) &#8211; Sacit Hadi Akdede           Röportaj: Asuman Kafaoğlu-Büke &#8211; Gülçin Elif Yücel</p>

<p>Bu sayıda: Kısacık Bir Vergi Dersi &#8211; Mahfi Eğilmez Daron Acemoğlu’nun “Politik İktisadı” &#8211; Hüseyin Özel Sıradanlaşan Şiddet ve Siyaset Hakkında &#8211; Ersin Kalaycıoğlu Dijitalleşme ve<span class="excerpt-hellip"> […]</span></p>
