{"id":766294,"date":"2025-08-28T12:09:02","date_gmt":"2025-08-28T09:09:02","guid":{"rendered":"https:\/\/roveyayinevi.com.tr\/index.php\/urun\/kalbin-hastaliklari\/"},"modified":"2026-04-15T03:32:09","modified_gmt":"2026-04-15T00:32:09","slug":"kalbin-hastaliklari","status":"publish","type":"product","link":"https:\/\/roveyayinevi.com.tr\/index.php\/urun\/kalbin-hastaliklari\/","title":{"rendered":"Kalbin Hastal\u0131klar\u0131"},"content":{"rendered":"<p>\u0130yili\u011fi Allah\u2019tan, k\u00f6t\u00fcl\u00fc\u011f\u00fc nefsinden bil,\u201d buyurulur, Nis\u00e2 suresi 79. ayetinde. \u0130nsan, yarad\u0131l\u0131\u015f\u0131 itibar\u0131yla nefsini \u00e7ok sever. O y\u00fczden, nefsinin hastal\u0131klar\u0131na kar\u015f\u0131 g\u00f6z\u00fc her zaman a\u00e7\u0131k de\u011fildir. Nefsin yedi hastal\u0131\u011f\u0131 vard\u0131r ki insan onlar\u0131n tuzaklar\u0131na kolayl\u0131kla d\u00fc\u015fer: Riya, gazap, haset, kibir, ucb, gurur, kin ve adavet. Bunlar kalp aynas\u0131n\u0131 kirleten, insan\u0131n Rabbiyle olan ba\u011flar\u0131n\u0131 zay\u0131flatan, m\u00fcminin yak\u0131ndan tan\u0131mas\u0131 gereken hastal\u0131klard\u0131r. Kalbin bu hastal\u0131klar\u0131n\u0131n \u00e7e\u015fitlerini, sebeplerini ve bunlar\u0131 nelerin tahrik etti\u011fini bilmek, m\u00fcmini bunlar\u0131n tedavisine y\u00f6nelik ilk ad\u0131m\u0131 att\u0131rm\u0131\u015f olacakt\u0131r.<\/p>\n","protected":false},"excerpt":{"rendered":"<p>\u0130yili\u011fi Allah\u2019tan, k\u00f6t\u00fcl\u00fc\u011f\u00fc nefsinden bil,\u201d buyurulur, Nis\u00e2 suresi 79. ayetinde. \u0130nsan, yarad\u0131l\u0131\u015f\u0131 itibar\u0131yla nefsini \u00e7ok sever. O y\u00fczden, nefsinin hastal\u0131klar\u0131na kar\u015f\u0131 g\u00f6z\u00fc her zaman a\u00e7\u0131k de\u011fildir.<span class=\"excerpt-hellip\"> [\u2026]<\/span><\/p>\n","protected":false},"featured_media":0,"template":"","meta":{"_monsterinsights_skip_tracking":false,"_monsterinsights_sitenote_active":false,"_monsterinsights_sitenote_note":"","_monsterinsights_sitenote_category":0},"product_brand":[],"product_cat":[12718,12719,15238],"product_tag":[],"class_list":{"0":"post-766294","1":"product","2":"type-product","3":"status-publish","5":"product_cat-din","6":"product_cat-islam","7":"product_cat-tasavvuf","8":"pa_cilt-ciltsiz","9":"pa_tur-kitap","10":"pa_yayinevi-hayykitap","11":"pa_yazar-imam-gazali","13":"first","14":"instock","15":"sale","16":"shipping-taxable","17":"purchasable","18":"product-type-simple"},"_links":{"self":[{"href":"https:\/\/roveyayinevi.com.tr\/index.php\/wp-json\/wp\/v2\/product\/766294","targetHints":{"allow":["GET"]}}],"collection":[{"href":"https:\/\/roveyayinevi.com.tr\/index.php\/wp-json\/wp\/v2\/product"}],"about":[{"href":"https:\/\/roveyayinevi.com.tr\/index.php\/wp-json\/wp\/v2\/types\/product"}],"wp:attachment":[{"href":"https:\/\/roveyayinevi.com.tr\/index.php\/wp-json\/wp\/v2\/media?parent=766294"}],"wp:term":[{"taxonomy":"product_brand","embeddable":true,"href":"https:\/\/roveyayinevi.com.tr\/index.php\/wp-json\/wp\/v2\/product_brand?post=766294"},{"taxonomy":"product_cat","embeddable":true,"href":"https:\/\/roveyayinevi.com.tr\/index.php\/wp-json\/wp\/v2\/product_cat?post=766294"},{"taxonomy":"product_tag","embeddable":true,"href":"https:\/\/roveyayinevi.com.tr\/index.php\/wp-json\/wp\/v2\/product_tag?post=766294"}],"curies":[{"name":"wp","href":"https:\/\/api.w.org\/{rel}","templated":true}]}}