{"id":766290,"date":"2025-08-28T12:08:54","date_gmt":"2025-08-28T09:08:54","guid":{"rendered":"https:\/\/roveyayinevi.com.tr\/index.php\/urun\/kendime-iyi-bak\/"},"modified":"2026-04-15T03:32:09","modified_gmt":"2026-04-15T00:32:09","slug":"kendime-iyi-bak","status":"publish","type":"product","link":"https:\/\/roveyayinevi.com.tr\/index.php\/urun\/kendime-iyi-bak\/","title":{"rendered":"Kendime \u0130yi Bak"},"content":{"rendered":"<p>Y\u00fcre\u011fimden vurmal\u0131yd\u0131n, s\u0131rt\u0131mdan de\u011fil&#8230; Hani \u015fu \u00e7ok bahsettikleri mutluluk duygusu var ya, ondan \u00f6t\u00fcr\u00fc a\u011flamal\u0131yd\u0131m, bana mutluluk diye g\u00f6sterdi\u011fin ac\u0131larla de\u011fil&#8230; Yine mevsimlerden sonbahar tabi bir de sensiz ge\u00e7en ak\u015fam\u0131n dinginli\u011fi var \u00fczerimde, son gecem belki, bu \u00fczeri her zaman sis bulutlar\u0131yla kapal\u0131 karanl\u0131k \u015fehirde, belki de son c\u00fcmlelerim. \u015eimdi ise sol yan\u0131m zifiri yanl\u0131zl\u0131k, bu son hesapla\u015fmam kendimle&#8230;Ya hi\u00e7 tan\u0131mad\u0131\u011f\u0131n\u0131z biri hayat\u0131n\u0131zdaki her \u015feyi biliyorsa? Garip tesad\u00fcfler ve hi\u00e7 bilinmeyen insanlar\u2026 Herkesin birbirinden saklad\u0131\u011f\u0131 bir s\u0131r kimde ne kadar gizli kalabilirdi? Mum yanard\u0131 yanmas\u0131na da kimde s\u00f6necekti oras\u0131 me\u00e7huld\u00fc. S\u0131rr\u0131 b\u00fcy\u00fck olan \u00f6lmeye bir o kadar yak\u0131nd\u0131\u2026 Emirhan Sar\u0131ca; bu yeni eserinde s\u0131rlarla dolu bir arkada\u015fl\u0131\u011f\u0131n sonunda s\u0131rr\u0131 elinde en uzun s\u00fcre tutan ki\u015finin ya\u015fad\u0131\u011f\u0131 anlar\u0131 anlat\u0131yor.<\/p>\n","protected":false},"excerpt":{"rendered":"<p>Y\u00fcre\u011fimden vurmal\u0131yd\u0131n, s\u0131rt\u0131mdan de\u011fil&#8230; Hani \u015fu \u00e7ok bahsettikleri mutluluk duygusu var ya, ondan \u00f6t\u00fcr\u00fc a\u011flamal\u0131yd\u0131m, bana mutluluk diye g\u00f6sterdi\u011fin ac\u0131larla de\u011fil&#8230; Yine mevsimlerden sonbahar tabi bir<span class=\"excerpt-hellip\"> [\u2026]<\/span><\/p>\n","protected":false},"featured_media":0,"template":"","meta":{"_monsterinsights_skip_tracking":false,"_monsterinsights_sitenote_active":false,"_monsterinsights_sitenote_note":"","_monsterinsights_sitenote_category":0},"product_brand":[],"product_cat":[12777,12291],"product_tag":[],"class_list":{"0":"post-766290","1":"product","2":"type-product","3":"status-publish","5":"product_cat-deneme","6":"product_cat-edebiyat","7":"pa_cilt-ciltsiz","8":"pa_tur-kitap","9":"pa_yayinevi-ulysses-yayinlari","10":"pa_yazar-emirhan-sarica","12":"first","13":"instock","14":"sale","15":"shipping-taxable","16":"purchasable","17":"product-type-simple"},"_links":{"self":[{"href":"https:\/\/roveyayinevi.com.tr\/index.php\/wp-json\/wp\/v2\/product\/766290","targetHints":{"allow":["GET"]}}],"collection":[{"href":"https:\/\/roveyayinevi.com.tr\/index.php\/wp-json\/wp\/v2\/product"}],"about":[{"href":"https:\/\/roveyayinevi.com.tr\/index.php\/wp-json\/wp\/v2\/types\/product"}],"wp:attachment":[{"href":"https:\/\/roveyayinevi.com.tr\/index.php\/wp-json\/wp\/v2\/media?parent=766290"}],"wp:term":[{"taxonomy":"product_brand","embeddable":true,"href":"https:\/\/roveyayinevi.com.tr\/index.php\/wp-json\/wp\/v2\/product_brand?post=766290"},{"taxonomy":"product_cat","embeddable":true,"href":"https:\/\/roveyayinevi.com.tr\/index.php\/wp-json\/wp\/v2\/product_cat?post=766290"},{"taxonomy":"product_tag","embeddable":true,"href":"https:\/\/roveyayinevi.com.tr\/index.php\/wp-json\/wp\/v2\/product_tag?post=766290"}],"curies":[{"name":"wp","href":"https:\/\/api.w.org\/{rel}","templated":true}]}}